{"id":1315,"date":"2022-10-30T11:38:05","date_gmt":"2022-10-30T11:38:05","guid":{"rendered":"http:\/\/musicactiva.net\/escolademusica\/?page_id=1315"},"modified":"2023-11-06T18:06:50","modified_gmt":"2023-11-06T18:06:50","slug":"harmonia","status":"publish","type":"page","link":"http:\/\/musicactiva.net\/escolademusica\/harmonia\/","title":{"rendered":"HARMONIA"},"content":{"rendered":"\t\t<div data-elementor-type=\"wp-page\" data-elementor-id=\"1315\" class=\"elementor elementor-1315\">\n\t\t\t\t\t\t\t\t\t<section class=\"elementor-section elementor-top-section elementor-element elementor-element-92883fe elementor-section-boxed elementor-section-height-default elementor-section-height-default\" data-id=\"92883fe\" data-element_type=\"section\">\n\t\t\t\t\t\t<div class=\"elementor-container elementor-column-gap-default\">\n\t\t\t\t\t<div class=\"elementor-column elementor-col-100 elementor-top-column elementor-element elementor-element-02ffae3\" data-id=\"02ffae3\" data-element_type=\"column\">\n\t\t\t<div class=\"elementor-widget-wrap elementor-element-populated\">\n\t\t\t\t\t\t\t\t<div class=\"elementor-element elementor-element-84cdae2 elementor-widget elementor-widget-text-editor\" data-id=\"84cdae2\" data-element_type=\"widget\" data-widget_type=\"text-editor.default\">\n\t\t\t\t<div class=\"elementor-widget-container\">\n\t\t\t<style>\/*! elementor - v3.7.8 - 02-10-2022 *\/\n.elementor-widget-text-editor.elementor-drop-cap-view-stacked .elementor-drop-cap{background-color:#818a91;color:#fff}.elementor-widget-text-editor.elementor-drop-cap-view-framed .elementor-drop-cap{color:#818a91;border:3px solid;background-color:transparent}.elementor-widget-text-editor:not(.elementor-drop-cap-view-default) .elementor-drop-cap{margin-top:8px}.elementor-widget-text-editor:not(.elementor-drop-cap-view-default) .elementor-drop-cap-letter{width:1em;height:1em}.elementor-widget-text-editor .elementor-drop-cap{float:left;text-align:center;line-height:1;font-size:50px}.elementor-widget-text-editor .elementor-drop-cap-letter{display:inline-block}<\/style>\t\t\t\t<p style=\"text-align: center;\"><strong>HARMONIA<\/strong><\/p>\t\t\t\t\t\t<\/div>\n\t\t\t\t<\/div>\n\t\t\t\t<div class=\"elementor-element elementor-element-22890d4 elementor-widget elementor-widget-text-editor\" data-id=\"22890d4\" data-element_type=\"widget\" data-widget_type=\"text-editor.default\">\n\t\t\t\t<div class=\"elementor-widget-container\">\n\t\t\t\t\t\t\t<p style=\"text-align: center;\"><em><strong>apr\u00e8n harmonia i descobreix com funcionen les operacions harm\u00f2niques del Sistema Tonal d&#8217;una manera totalment pr\u00e0ctica i mitjan\u00e7ant exercicis d&#8217;improvisaci\u00f3 i de composici\u00f3<\/strong><\/em><\/p>\t\t\t\t\t\t<\/div>\n\t\t\t\t<\/div>\n\t\t\t\t\t<\/div>\n\t\t<\/div>\n\t\t\t\t\t\t\t<\/div>\n\t\t<\/section>\n\t\t\t\t<section class=\"elementor-section elementor-top-section elementor-element elementor-element-3f4e000 elementor-section-boxed elementor-section-height-default elementor-section-height-default\" data-id=\"3f4e000\" data-element_type=\"section\">\n\t\t\t\t\t\t<div class=\"elementor-container elementor-column-gap-default\">\n\t\t\t\t\t<div class=\"elementor-column elementor-col-100 elementor-top-column elementor-element elementor-element-9169819\" data-id=\"9169819\" data-element_type=\"column\">\n\t\t\t<div class=\"elementor-widget-wrap elementor-element-populated\">\n\t\t\t\t\t\t\t\t<section class=\"elementor-section elementor-inner-section elementor-element elementor-element-1a6d476 elementor-section-boxed elementor-section-height-default elementor-section-height-default\" data-id=\"1a6d476\" data-element_type=\"section\">\n\t\t\t\t\t\t<div class=\"elementor-container elementor-column-gap-default\">\n\t\t\t\t\t<div class=\"elementor-column elementor-col-25 elementor-inner-column elementor-element elementor-element-1910af2\" data-id=\"1910af2\" data-element_type=\"column\" data-settings=\"{&quot;background_background&quot;:&quot;classic&quot;}\">\n\t\t\t<div class=\"elementor-widget-wrap elementor-element-populated\">\n\t\t\t\t\t\t\t\t<div class=\"elementor-element elementor-element-43497c8 elementor-widget elementor-widget-text-editor\" data-id=\"43497c8\" data-element_type=\"widget\" data-widget_type=\"text-editor.default\">\n\t\t\t\t<div class=\"elementor-widget-container\">\n\t\t\t\t\t\t\t<p style=\"text-align: center;\"><a href=\"#QUE\"><strong>QU\u00c8 APRENEM ?<\/strong><\/a><\/p><p style=\"text-align: center;\"><strong>COM HO APRENEM?<\/strong><\/p>\t\t\t\t\t\t<\/div>\n\t\t\t\t<\/div>\n\t\t\t\t\t<\/div>\n\t\t<\/div>\n\t\t\t\t<div class=\"elementor-column elementor-col-25 elementor-inner-column elementor-element elementor-element-409b8e3\" data-id=\"409b8e3\" data-element_type=\"column\" data-settings=\"{&quot;background_background&quot;:&quot;classic&quot;}\">\n\t\t\t<div class=\"elementor-widget-wrap elementor-element-populated\">\n\t\t\t\t\t\t\t\t<div class=\"elementor-element elementor-element-3c44347 elementor-widget elementor-widget-text-editor\" data-id=\"3c44347\" data-element_type=\"widget\" data-widget_type=\"text-editor.default\">\n\t\t\t\t<div class=\"elementor-widget-container\">\n\t\t\t\t\t\t\t<p style=\"text-align: center;\"><a href=\"#connexio\"><strong>CONNEXI\u00d3 AMB LA RESTA DE MAT\u00c8RIES<\/strong><\/a><\/p>\t\t\t\t\t\t<\/div>\n\t\t\t\t<\/div>\n\t\t\t\t\t<\/div>\n\t\t<\/div>\n\t\t\t\t<div class=\"elementor-column elementor-col-25 elementor-inner-column elementor-element elementor-element-ae657fa\" data-id=\"ae657fa\" data-element_type=\"column\" data-settings=\"{&quot;background_background&quot;:&quot;classic&quot;}\">\n\t\t\t<div class=\"elementor-widget-wrap elementor-element-populated\">\n\t\t\t\t\t\t\t\t<div class=\"elementor-element elementor-element-667ac58 elementor-widget elementor-widget-text-editor\" data-id=\"667ac58\" data-element_type=\"widget\" data-widget_type=\"text-editor.default\">\n\t\t\t\t<div class=\"elementor-widget-container\">\n\t\t\t\t\t\t\t<p style=\"text-align: center;\"><a href=\"#comparacio\"><strong>COMPARACI\u00d3 amb els PROCEDIMENTS TRADICIONALS<\/strong><\/a><\/p>\t\t\t\t\t\t<\/div>\n\t\t\t\t<\/div>\n\t\t\t\t\t<\/div>\n\t\t<\/div>\n\t\t\t\t<div class=\"elementor-column elementor-col-25 elementor-inner-column elementor-element elementor-element-e355f44\" data-id=\"e355f44\" data-element_type=\"column\" data-settings=\"{&quot;background_background&quot;:&quot;classic&quot;}\">\n\t\t\t<div class=\"elementor-widget-wrap elementor-element-populated\">\n\t\t\t\t\t\t\t\t<div class=\"elementor-element elementor-element-01ea151 elementor-widget elementor-widget-text-editor\" data-id=\"01ea151\" data-element_type=\"widget\" data-widget_type=\"text-editor.default\">\n\t\t\t\t<div class=\"elementor-widget-container\">\n\t\t\t\t\t\t\t<p style=\"text-align: center;\"><a href=\"#procediments\"><b>PROCEDIMENTS DE LA METODOLOGIA<\/b><\/a><\/p>\t\t\t\t\t\t<\/div>\n\t\t\t\t<\/div>\n\t\t\t\t\t<\/div>\n\t\t<\/div>\n\t\t\t\t\t\t\t<\/div>\n\t\t<\/section>\n\t\t\t\t\t<\/div>\n\t\t<\/div>\n\t\t\t\t\t\t\t<\/div>\n\t\t<\/section>\n\t\t\t\t<section class=\"elementor-section elementor-top-section elementor-element elementor-element-2aeb3da elementor-section-boxed elementor-section-height-default elementor-section-height-default\" data-id=\"2aeb3da\" data-element_type=\"section\">\n\t\t\t\t\t\t<div class=\"elementor-container elementor-column-gap-default\">\n\t\t\t\t\t<div class=\"elementor-column elementor-col-100 elementor-top-column elementor-element elementor-element-0c9b81f\" data-id=\"0c9b81f\" data-element_type=\"column\">\n\t\t\t<div class=\"elementor-widget-wrap elementor-element-populated\">\n\t\t\t\t\t\t\t\t<div class=\"elementor-element elementor-element-a53adbf elementor-widget elementor-widget-menu-anchor\" data-id=\"a53adbf\" data-element_type=\"widget\" data-widget_type=\"menu-anchor.default\">\n\t\t\t\t<div class=\"elementor-widget-container\">\n\t\t\t<style>\/*! elementor - v3.7.8 - 02-10-2022 *\/\nbody.elementor-page .elementor-widget-menu-anchor{margin-bottom:0}<\/style>\t\t<div id=\"QUE\" class=\"elementor-menu-anchor\"><\/div>\n\t\t\t\t<\/div>\n\t\t\t\t<\/div>\n\t\t\t\t<div class=\"elementor-element elementor-element-e770dfa elementor-widget elementor-widget-text-editor\" data-id=\"e770dfa\" data-element_type=\"widget\" data-widget_type=\"text-editor.default\">\n\t\t\t\t<div class=\"elementor-widget-container\">\n\t\t\t\t\t\t\t<p><strong>Continguts formatius i procediments de la mat\u00e8ria \u201charmonia\u201d:<\/strong><\/p>\t\t\t\t\t\t<\/div>\n\t\t\t\t<\/div>\n\t\t\t\t\t<\/div>\n\t\t<\/div>\n\t\t\t\t\t\t\t<\/div>\n\t\t<\/section>\n\t\t\t\t<section class=\"elementor-section elementor-top-section elementor-element elementor-element-1073b0d elementor-section-boxed elementor-section-height-default elementor-section-height-default\" data-id=\"1073b0d\" data-element_type=\"section\">\n\t\t\t\t\t\t<div class=\"elementor-container elementor-column-gap-default\">\n\t\t\t\t\t<div class=\"elementor-column elementor-col-100 elementor-top-column elementor-element elementor-element-c4f1309\" data-id=\"c4f1309\" data-element_type=\"column\">\n\t\t\t<div class=\"elementor-widget-wrap elementor-element-populated\">\n\t\t\t\t\t\t\t\t<div class=\"elementor-element elementor-element-65e7635 elementor-widget elementor-widget-text-editor\" data-id=\"65e7635\" data-element_type=\"widget\" data-widget_type=\"text-editor.default\">\n\t\t\t\t<div class=\"elementor-widget-container\">\n\t\t\t\t\t\t\t<ul class=\"has-black-color has-text-color\" style=\"font-size: 14px;\"><li>Qu\u00e8<strong> \u00e9s l\u2019harmonia: <\/strong>l\u2019harmonia \u00e9s l\u2019ordre musical que completa, juntament amb el RITME i la MELODIA, les ordres en qu\u00e8 el Sistema Musical Tradicional o occidental ordena el material sonor per poder construir m\u00fasica.<\/li><li><strong>Qu\u00e8 aprenem?<\/strong>\u00a0a la mat\u00e8ria \u00abd&#8217;HARMONIA\u201d aprenem a construir estructures musicals mitjan\u00e7ant la superposici\u00f3 de notes que sonen simult\u00e0niament. Les estructures sonores que prenem com a refer\u00e8ncia s\u00f3n els acords.\u00a0<\/li><li><strong>Progressi\u00f3 del material harm\u00f2nic:<\/strong>\u00a0el proc\u00e9s constructiu pel qual aprenem harmonia parteix de la construcci\u00f3 dels acords tr\u00edades diat\u00f2nics en la tonalitat de refer\u00e8ncia -DoM.-,\u00a0 i evoluciona fins la utilitzaci\u00f3 de tots els acords i estructures harm\u00f2niques que s\u00f3n essencials per entendre el funcionament i les possibilitats musicals i art\u00edstiques de l\u2019ordre harm\u00f2nic dins del Sistema Tonal.<\/li><li><strong>Educaci\u00f3 de l\u2019o\u00efda -\u201cEar training\u201d-<\/strong>: la formaci\u00f3 harm\u00f2nica inclou les pr\u00e0ctiques de dictat oral i d\u2019educaci\u00f3 de l&#8217;o\u00efda que es correspon amb els materials harm\u00f2nics que aprenem a utilitzar. El tractament que li donem inclou tots els continguts i procediments de la mat\u00e8ria que en les formacions de m\u00fasica moderna s\u2019anomena habitualment \u201cear training\u201d. Es tracta d\u2019una formaci\u00f3 molt espec\u00edfica en la qual, gr\u00e0cies als procediments de la nostra metodologia, arribem a tenir un control i un coneixement molt evolucionat de les sonoritats dels int\u00e8rvals, les escales, els acords, les cadenes d\u2019acords i totes les estructures sonores i musicals que ens permeten construir el sistema tonal.<\/li><\/ul>\t\t\t\t\t\t<\/div>\n\t\t\t\t<\/div>\n\t\t\t\t<div class=\"elementor-element elementor-element-e9f2b61 elementor-widget elementor-widget-spacer\" data-id=\"e9f2b61\" data-element_type=\"widget\" data-widget_type=\"spacer.default\">\n\t\t\t\t<div class=\"elementor-widget-container\">\n\t\t\t<style>\/*! elementor - v3.7.8 - 02-10-2022 *\/\n.elementor-column .elementor-spacer-inner{height:var(--spacer-size)}.e-container{--container-widget-width:100%}.e-container>.elementor-widget-spacer{width:var(--container-widget-width,var(--spacer-size));-ms-flex-item-align:stretch;align-self:stretch;-ms-flex-negative:0;flex-shrink:0}.e-container>.elementor-widget-spacer>.elementor-widget-container,.e-container>.elementor-widget-spacer>.elementor-widget-container>.elementor-spacer{height:100%}.e-container>.elementor-widget-spacer>.elementor-widget-container>.elementor-spacer>.elementor-spacer-inner{height:var(--container-widget-height,var(--spacer-size))}<\/style>\t\t<div class=\"elementor-spacer\">\n\t\t\t<div class=\"elementor-spacer-inner\"><\/div>\n\t\t<\/div>\n\t\t\t\t<\/div>\n\t\t\t\t<\/div>\n\t\t\t\t\t<\/div>\n\t\t<\/div>\n\t\t\t\t\t\t\t<\/div>\n\t\t<\/section>\n\t\t\t\t<section class=\"elementor-section elementor-top-section elementor-element elementor-element-e648170 elementor-section-boxed elementor-section-height-default elementor-section-height-default\" data-id=\"e648170\" data-element_type=\"section\">\n\t\t\t\t\t\t<div class=\"elementor-container elementor-column-gap-default\">\n\t\t\t\t\t<div class=\"elementor-column elementor-col-100 elementor-top-column elementor-element elementor-element-2986479\" data-id=\"2986479\" data-element_type=\"column\">\n\t\t\t<div class=\"elementor-widget-wrap elementor-element-populated\">\n\t\t\t\t\t\t\t\t<div class=\"elementor-element elementor-element-ae4e105 elementor-widget elementor-widget-menu-anchor\" data-id=\"ae4e105\" data-element_type=\"widget\" data-widget_type=\"menu-anchor.default\">\n\t\t\t\t<div class=\"elementor-widget-container\">\n\t\t\t\t\t<div id=\"connexio\" class=\"elementor-menu-anchor\"><\/div>\n\t\t\t\t<\/div>\n\t\t\t\t<\/div>\n\t\t\t\t<div class=\"elementor-element elementor-element-2f0b07c elementor-widget elementor-widget-text-editor\" data-id=\"2f0b07c\" data-element_type=\"widget\" data-widget_type=\"text-editor.default\">\n\t\t\t\t<div class=\"elementor-widget-container\">\n\t\t\t\t\t\t\t<p><strong>Connexi\u00f3 amb la resta de mat\u00e8ries del programa:<\/strong><\/p>\t\t\t\t\t\t<\/div>\n\t\t\t\t<\/div>\n\t\t\t\t\t<\/div>\n\t\t<\/div>\n\t\t\t\t\t\t\t<\/div>\n\t\t<\/section>\n\t\t\t\t<section class=\"elementor-section elementor-top-section elementor-element elementor-element-72228c6 elementor-section-boxed elementor-section-height-default elementor-section-height-default\" data-id=\"72228c6\" data-element_type=\"section\">\n\t\t\t\t\t\t<div class=\"elementor-container elementor-column-gap-default\">\n\t\t\t\t\t<div class=\"elementor-column elementor-col-100 elementor-top-column elementor-element elementor-element-b0d3995\" data-id=\"b0d3995\" data-element_type=\"column\">\n\t\t\t<div class=\"elementor-widget-wrap elementor-element-populated\">\n\t\t\t\t\t\t\t\t<div class=\"elementor-element elementor-element-0458ad8 elementor-widget elementor-widget-text-editor\" data-id=\"0458ad8\" data-element_type=\"widget\" data-widget_type=\"text-editor.default\">\n\t\t\t\t<div class=\"elementor-widget-container\">\n\t\t\t\t\t\t\t<ul class=\"has-black-color has-text-color\" style=\"font-size: 14px;\"><li><strong>Connexi\u00f3 amb la mat\u00e8ria \u201ccomposici\u00f3\u201d:<\/strong> els continguts de les mat\u00e8ries d\u2019harmonia i de composici\u00f3 es treballen de manera totalment coordinada. Totes les operacions musicals que aprenem a fer a la mat\u00e8ria harmonia comencen implantant noves estructures harm\u00f2niques i evolucionen fins que els alumnes i les alumnes les poden utilitzar per a composar peces creades \u00edntegrament per ells mateixos. Cada nivell del programa d\u2019harmonia es correspon amb un nivell del programa de composici\u00f3.<\/li><li><strong>Connexi\u00f3 amb la mat\u00e8ria \u201cimprovisaci\u00f3 a l\u2019instrument\u201d: <\/strong>tots els materials harm\u00f2nics que es treballen a la materia \u201charmonia\u201d i que s&#8217;apliquen a la composici\u00f3 es treballen tamb\u00e9 paral\u00b7lelament per aprendre a improvisar amb l&#8217;instrument. Aix\u00f2 passa amb els instruments polif\u00f2nics com \u00e9s el cas del piano i de la guitarra, pero tamb\u00e9 en el cas dels instruments mel\u00f2dics: flautes, clarinet. saxo, etc..<\/li><\/ul>\t\t\t\t\t\t<\/div>\n\t\t\t\t<\/div>\n\t\t\t\t\t<\/div>\n\t\t<\/div>\n\t\t\t\t\t\t\t<\/div>\n\t\t<\/section>\n\t\t\t\t<section class=\"elementor-section elementor-top-section elementor-element elementor-element-a832191 elementor-section-boxed elementor-section-height-default elementor-section-height-default\" data-id=\"a832191\" data-element_type=\"section\">\n\t\t\t\t\t\t<div class=\"elementor-container elementor-column-gap-default\">\n\t\t\t\t\t<div class=\"elementor-column elementor-col-100 elementor-top-column elementor-element elementor-element-84a84e1\" data-id=\"84a84e1\" data-element_type=\"column\">\n\t\t\t<div class=\"elementor-widget-wrap elementor-element-populated\">\n\t\t\t\t\t\t\t\t<div class=\"elementor-element elementor-element-3497358 elementor-widget elementor-widget-menu-anchor\" data-id=\"3497358\" data-element_type=\"widget\" data-widget_type=\"menu-anchor.default\">\n\t\t\t\t<div class=\"elementor-widget-container\">\n\t\t\t\t\t<div id=\"comparacio\" class=\"elementor-menu-anchor\"><\/div>\n\t\t\t\t<\/div>\n\t\t\t\t<\/div>\n\t\t\t\t<div class=\"elementor-element elementor-element-03c5665 elementor-widget elementor-widget-text-editor\" data-id=\"03c5665\" data-element_type=\"widget\" data-widget_type=\"text-editor.default\">\n\t\t\t\t<div class=\"elementor-widget-container\">\n\t\t\t\t\t\t\t<p><strong>Comparaci\u00f3 amb els continguts d&#8217;harmonia que es treballa a les formacions interpretatives tradicionals:<\/strong><\/p>\t\t\t\t\t\t<\/div>\n\t\t\t\t<\/div>\n\t\t\t\t\t<\/div>\n\t\t<\/div>\n\t\t\t\t\t\t\t<\/div>\n\t\t<\/section>\n\t\t\t\t<section class=\"elementor-section elementor-top-section elementor-element elementor-element-9b31ba5 elementor-section-boxed elementor-section-height-default elementor-section-height-default\" data-id=\"9b31ba5\" data-element_type=\"section\">\n\t\t\t\t\t\t<div class=\"elementor-container elementor-column-gap-default\">\n\t\t\t\t\t<div class=\"elementor-column elementor-col-100 elementor-top-column elementor-element elementor-element-f3a427b\" data-id=\"f3a427b\" data-element_type=\"column\">\n\t\t\t<div class=\"elementor-widget-wrap elementor-element-populated\">\n\t\t\t\t\t\t\t\t<div class=\"elementor-element elementor-element-cf73054 elementor-widget elementor-widget-text-editor\" data-id=\"cf73054\" data-element_type=\"widget\" data-widget_type=\"text-editor.default\">\n\t\t\t\t<div class=\"elementor-widget-container\">\n\t\t\t\t\t\t\t<ul class=\"has-black-color has-text-color\" style=\"font-size: 14px;\"><li><strong>Inclou els continguts de les formacions \u201cinterpretatives\u201d \u201ccl\u00e0ssiques\u201d i \u201cmodernes\u201d:<\/strong>\u00a0el proc\u00e9s inclou tots els continguts de la formaci\u00f3 harm\u00f2nica que s\u2019imparteix a les escoles de m\u00fasica moderna. Planteja l\u2019estudi de l\u2019harmonia a partir del concepte \u201cd\u2019harmonia funcional\u201d que \u00e9s com es fa a les escoles de m\u00fasica moderna i que considerem indispensable per poder aprendre a utilitzar l\u2019harmonia de manera pr\u00e0ctica i per entendre la funci\u00f3 que fa en la m\u00fasica. Aplica els procediments de la metodologia per completar els continguts harm\u00f2nics, reordenar-los, relacionar-los correctament amb la formaci\u00f3 que l\u2019alumnat assoleix a les altres mat\u00e8ries del programa i per poder-los utilitzar d\u2019una manera que permeti fer m\u00fasica amb \u201csentit art\u00edstic\u201d de manera immediata. El mateix passa en relaci\u00f3 als continguts harm\u00f2nics que s&#8217;imparteixen a les formacions \u201ccl\u00e0ssiques\u201d. Tot el que s\u2019apr\u00e8n a l\u2019harmonia tradicional est\u00e0 incl\u00f3s en el nostre programa, per\u00f2 reordenat i impartit d\u2019una manera totalment diferent.\u00a0<\/li><li><strong>Formaci\u00f3 harm\u00f2nica multiestil\u00edstica:<\/strong>\u00a0la formaci\u00f3 harm\u00f2nica que assolim ens permet entendre el funcionament de l\u2019ordre \u201charm\u00f2nic\u201d del Sistema Musical m\u00e9s enll\u00e0 de la seva utilitzaci\u00f3 estil\u00edstica,\u00a0 i ens permet entendre i aprendre a utilitzar el funcionament de l\u2019harmonia en tots els estils de la m\u00fasica \u201ccl\u00e0ssica\u201d i de la m\u00fasica \u201cmoderna\u201d.<\/li><\/ul>\t\t\t\t\t\t<\/div>\n\t\t\t\t<\/div>\n\t\t\t\t\t<\/div>\n\t\t<\/div>\n\t\t\t\t\t\t\t<\/div>\n\t\t<\/section>\n\t\t\t\t<section class=\"elementor-section elementor-top-section elementor-element elementor-element-ee5eea1 elementor-section-boxed elementor-section-height-default elementor-section-height-default\" data-id=\"ee5eea1\" data-element_type=\"section\">\n\t\t\t\t\t\t<div class=\"elementor-container elementor-column-gap-default\">\n\t\t\t\t\t<div class=\"elementor-column elementor-col-100 elementor-top-column elementor-element elementor-element-fb80f6d\" data-id=\"fb80f6d\" data-element_type=\"column\">\n\t\t\t<div class=\"elementor-widget-wrap elementor-element-populated\">\n\t\t\t\t\t\t\t\t<div class=\"elementor-element elementor-element-7a71647 elementor-widget elementor-widget-menu-anchor\" data-id=\"7a71647\" data-element_type=\"widget\" data-widget_type=\"menu-anchor.default\">\n\t\t\t\t<div class=\"elementor-widget-container\">\n\t\t\t\t\t<div id=\"procediments\" class=\"elementor-menu-anchor\"><\/div>\n\t\t\t\t<\/div>\n\t\t\t\t<\/div>\n\t\t\t\t<div class=\"elementor-element elementor-element-e20e5fe elementor-widget elementor-widget-text-editor\" data-id=\"e20e5fe\" data-element_type=\"widget\" data-widget_type=\"text-editor.default\">\n\t\t\t\t<div class=\"elementor-widget-container\">\n\t\t\t\t\t\t\t<p><strong>Procediments de la metodologia:<\/strong><\/p>\t\t\t\t\t\t<\/div>\n\t\t\t\t<\/div>\n\t\t\t\t\t<\/div>\n\t\t<\/div>\n\t\t\t\t\t\t\t<\/div>\n\t\t<\/section>\n\t\t\t\t<section class=\"elementor-section elementor-top-section elementor-element elementor-element-0f13b35 elementor-section-boxed elementor-section-height-default elementor-section-height-default\" data-id=\"0f13b35\" data-element_type=\"section\">\n\t\t\t\t\t\t<div class=\"elementor-container elementor-column-gap-default\">\n\t\t\t\t\t<div class=\"elementor-column elementor-col-100 elementor-top-column elementor-element elementor-element-1f6fc74\" data-id=\"1f6fc74\" data-element_type=\"column\">\n\t\t\t<div class=\"elementor-widget-wrap elementor-element-populated\">\n\t\t\t\t\t\t\t\t<div class=\"elementor-element elementor-element-b923281 elementor-widget elementor-widget-text-editor\" data-id=\"b923281\" data-element_type=\"widget\" data-widget_type=\"text-editor.default\">\n\t\t\t\t<div class=\"elementor-widget-container\">\n\t\t\t\t\t\t\t<ul class=\"has-black-color has-text-color\" style=\"font-size: 14px;\">\n<li>Tots els continguts harm\u00f2nics es treballen mitjan\u00e7ant l\u2019aplicaci\u00f3 dels procediments del M\u00e8tode Creatiu que mitjan\u00e7ant els procediments ACTIUS CONSTRUCTIUS i CREATIUS de la metodologia ens permeten aprendre les operacions harm\u00f2niques d\u2019una manera pr\u00e0ctica i vivencial i molt entenedora que ens permet fer m\u00fasica de manera immediata i elimina els desenvolupaments exclussivament te\u00f2rics i t\u00e8cnics que s\u00f3n tant propis de l\u2019estudi de l\u2019harmonia amb els procediments interpretatius tradicionals.<\/li>\n<\/ul>\t\t\t\t\t\t<\/div>\n\t\t\t\t<\/div>\n\t\t\t\t\t<\/div>\n\t\t<\/div>\n\t\t\t\t\t\t\t<\/div>\n\t\t<\/section>\n\t\t\t\t\t\t\t<\/div>\n\t\t","protected":false},"excerpt":{"rendered":"<p>HARMONIA apr\u00e8n harmonia i descobreix com funcionen les operacions harm\u00f2niques del Sistema Tonal d&#8217;una manera totalment pr\u00e0ctica i mitjan\u00e7ant exercicis d&#8217;improvisaci\u00f3 i de composici\u00f3 QU\u00c8 APRENEM ? COM HO APRENEM? CONNEXI\u00d3 AMB LA RESTA DE MAT\u00c8RIES COMPARACI\u00d3 amb els PROCEDIMENTS TRADICIONALS PROCEDIMENTS DE LA METODOLOGIA Continguts formatius i procediments de la mat\u00e8ria \u201charmonia\u201d: Qu\u00e8 \u00e9s&hellip;<\/p>\n","protected":false},"author":1,"featured_media":0,"parent":0,"menu_order":0,"comment_status":"closed","ping_status":"closed","template":"","meta":{"footnotes":""},"class_list":["post-1315","page","type-page","status-publish","hentry"],"_links":{"self":[{"href":"http:\/\/musicactiva.net\/escolademusica\/wp-json\/wp\/v2\/pages\/1315","targetHints":{"allow":["GET"]}}],"collection":[{"href":"http:\/\/musicactiva.net\/escolademusica\/wp-json\/wp\/v2\/pages"}],"about":[{"href":"http:\/\/musicactiva.net\/escolademusica\/wp-json\/wp\/v2\/types\/page"}],"author":[{"embeddable":true,"href":"http:\/\/musicactiva.net\/escolademusica\/wp-json\/wp\/v2\/users\/1"}],"replies":[{"embeddable":true,"href":"http:\/\/musicactiva.net\/escolademusica\/wp-json\/wp\/v2\/comments?post=1315"}],"version-history":[{"count":56,"href":"http:\/\/musicactiva.net\/escolademusica\/wp-json\/wp\/v2\/pages\/1315\/revisions"}],"predecessor-version":[{"id":5012,"href":"http:\/\/musicactiva.net\/escolademusica\/wp-json\/wp\/v2\/pages\/1315\/revisions\/5012"}],"wp:attachment":[{"href":"http:\/\/musicactiva.net\/escolademusica\/wp-json\/wp\/v2\/media?parent=1315"}],"curies":[{"name":"wp","href":"https:\/\/api.w.org\/{rel}","templated":true}]}}