{"id":1317,"date":"2022-10-30T11:38:19","date_gmt":"2022-10-30T11:38:19","guid":{"rendered":"http:\/\/musicactiva.net\/escolademusica\/?page_id=1317"},"modified":"2023-11-06T18:14:01","modified_gmt":"2023-11-06T18:14:01","slug":"composicio","status":"publish","type":"page","link":"http:\/\/musicactiva.net\/escolademusica\/composicio\/","title":{"rendered":"COMPOSICI\u00d3"},"content":{"rendered":"\t\t<div data-elementor-type=\"wp-page\" data-elementor-id=\"1317\" class=\"elementor elementor-1317\">\n\t\t\t\t\t\t\t\t\t<section class=\"elementor-section elementor-top-section elementor-element elementor-element-d530232 elementor-section-boxed elementor-section-height-default elementor-section-height-default\" data-id=\"d530232\" data-element_type=\"section\">\n\t\t\t\t\t\t<div class=\"elementor-container elementor-column-gap-default\">\n\t\t\t\t\t<div class=\"elementor-column elementor-col-100 elementor-top-column elementor-element elementor-element-f3ea359\" data-id=\"f3ea359\" data-element_type=\"column\">\n\t\t\t<div class=\"elementor-widget-wrap elementor-element-populated\">\n\t\t\t\t\t\t\t\t<div class=\"elementor-element elementor-element-458a48c elementor-widget elementor-widget-text-editor\" data-id=\"458a48c\" data-element_type=\"widget\" data-widget_type=\"text-editor.default\">\n\t\t\t\t<div class=\"elementor-widget-container\">\n\t\t\t<style>\/*! elementor - v3.7.8 - 02-10-2022 *\/\n.elementor-widget-text-editor.elementor-drop-cap-view-stacked .elementor-drop-cap{background-color:#818a91;color:#fff}.elementor-widget-text-editor.elementor-drop-cap-view-framed .elementor-drop-cap{color:#818a91;border:3px solid;background-color:transparent}.elementor-widget-text-editor:not(.elementor-drop-cap-view-default) .elementor-drop-cap{margin-top:8px}.elementor-widget-text-editor:not(.elementor-drop-cap-view-default) .elementor-drop-cap-letter{width:1em;height:1em}.elementor-widget-text-editor .elementor-drop-cap{float:left;text-align:center;line-height:1;font-size:50px}.elementor-widget-text-editor .elementor-drop-cap-letter{display:inline-block}<\/style>\t\t\t\t<p style=\"text-align: center;\"><strong>COMPOSICI\u00d3<\/strong><\/p>\t\t\t\t\t\t<\/div>\n\t\t\t\t<\/div>\n\t\t\t\t<div class=\"elementor-element elementor-element-2358332 elementor-widget elementor-widget-text-editor\" data-id=\"2358332\" data-element_type=\"widget\" data-widget_type=\"text-editor.default\">\n\t\t\t\t<div class=\"elementor-widget-container\">\n\t\t\t\t\t\t\t<p style=\"text-align: center;\"><em><strong>Apr\u00e8n a composar la teva pr\u00f2pia m\u00fasica amb el material harm\u00f2nic, r\u00edtmic i mel\u00f2dic apr\u00e8s a llenguatge musical i a harmonia i aprenent a utilitzar mitjans digitals -\u00abdigital music\u00bb-<\/strong><\/em><\/p>\t\t\t\t\t\t<\/div>\n\t\t\t\t<\/div>\n\t\t\t\t\t<\/div>\n\t\t<\/div>\n\t\t\t\t\t\t\t<\/div>\n\t\t<\/section>\n\t\t\t\t<section class=\"elementor-section elementor-top-section elementor-element elementor-element-92f7b51 elementor-section-boxed elementor-section-height-default elementor-section-height-default\" data-id=\"92f7b51\" data-element_type=\"section\">\n\t\t\t\t\t\t<div class=\"elementor-container elementor-column-gap-default\">\n\t\t\t\t\t<div class=\"elementor-column elementor-col-100 elementor-top-column elementor-element elementor-element-bf5e073\" data-id=\"bf5e073\" data-element_type=\"column\">\n\t\t\t<div class=\"elementor-widget-wrap elementor-element-populated\">\n\t\t\t\t\t\t\t\t<section class=\"elementor-section elementor-inner-section elementor-element elementor-element-272353a elementor-section-boxed elementor-section-height-default elementor-section-height-default\" data-id=\"272353a\" data-element_type=\"section\">\n\t\t\t\t\t\t<div class=\"elementor-container elementor-column-gap-default\">\n\t\t\t\t\t<div class=\"elementor-column elementor-col-100 elementor-inner-column elementor-element elementor-element-8c82876\" data-id=\"8c82876\" data-element_type=\"column\">\n\t\t\t<div class=\"elementor-widget-wrap elementor-element-populated\">\n\t\t\t\t\t\t\t\t<div class=\"elementor-element elementor-element-495b18f elementor-widget elementor-widget-text-editor\" data-id=\"495b18f\" data-element_type=\"widget\" data-widget_type=\"text-editor.default\">\n\t\t\t\t<div class=\"elementor-widget-container\">\n\t\t\t\t\t\t\t<p><em><strong>Si t&#8217;interessa el tema, llegeix m\u00e9s&#8230;:<\/strong><\/em><\/p>\t\t\t\t\t\t<\/div>\n\t\t\t\t<\/div>\n\t\t\t\t\t<\/div>\n\t\t<\/div>\n\t\t\t\t\t\t\t<\/div>\n\t\t<\/section>\n\t\t\t\t<section class=\"elementor-section elementor-inner-section elementor-element elementor-element-1597088 elementor-section-boxed elementor-section-height-default elementor-section-height-default\" data-id=\"1597088\" data-element_type=\"section\">\n\t\t\t\t\t\t<div class=\"elementor-container elementor-column-gap-default\">\n\t\t\t\t\t<div class=\"elementor-column elementor-col-25 elementor-inner-column elementor-element elementor-element-7c82e2c\" data-id=\"7c82e2c\" data-element_type=\"column\" data-settings=\"{&quot;background_background&quot;:&quot;classic&quot;}\">\n\t\t\t<div class=\"elementor-widget-wrap elementor-element-populated\">\n\t\t\t\t\t\t\t\t<div class=\"elementor-element elementor-element-c7e8ed5 elementor-widget elementor-widget-text-editor\" data-id=\"c7e8ed5\" data-element_type=\"widget\" data-widget_type=\"text-editor.default\">\n\t\t\t\t<div class=\"elementor-widget-container\">\n\t\t\t\t\t\t\t<p style=\"text-align: center;\"><strong>QU\u00c8 APRENEM ?<\/strong><\/p>\n<p style=\"text-align: center;\"><strong>COM HO APRENEM?<\/strong><\/p>\t\t\t\t\t\t<\/div>\n\t\t\t\t<\/div>\n\t\t\t\t\t<\/div>\n\t\t<\/div>\n\t\t\t\t<div class=\"elementor-column elementor-col-25 elementor-inner-column elementor-element elementor-element-6bb84fa\" data-id=\"6bb84fa\" data-element_type=\"column\" data-settings=\"{&quot;background_background&quot;:&quot;classic&quot;}\">\n\t\t\t<div class=\"elementor-widget-wrap elementor-element-populated\">\n\t\t\t\t\t\t\t\t<div class=\"elementor-element elementor-element-f67de0b elementor-widget elementor-widget-text-editor\" data-id=\"f67de0b\" data-element_type=\"widget\" data-widget_type=\"text-editor.default\">\n\t\t\t\t<div class=\"elementor-widget-container\">\n\t\t\t\t\t\t\t<p style=\"text-align: center;\"><strong>COMPARACI\u00d3 amb els PROCEDIMENTS TRADICIONALS<\/strong><\/p>\t\t\t\t\t\t<\/div>\n\t\t\t\t<\/div>\n\t\t\t\t\t<\/div>\n\t\t<\/div>\n\t\t\t\t<div class=\"elementor-column elementor-col-25 elementor-inner-column elementor-element elementor-element-d689335\" data-id=\"d689335\" data-element_type=\"column\" data-settings=\"{&quot;background_background&quot;:&quot;classic&quot;}\">\n\t\t\t<div class=\"elementor-widget-wrap elementor-element-populated\">\n\t\t\t\t\t\t\t\t<div class=\"elementor-element elementor-element-cf234a8 elementor-widget elementor-widget-text-editor\" data-id=\"cf234a8\" data-element_type=\"widget\" data-widget_type=\"text-editor.default\">\n\t\t\t\t<div class=\"elementor-widget-container\">\n\t\t\t\t\t\t\t<p style=\"text-align: center;\"><strong>CAPACITACI\u00d3 CREATIVA<\/strong><\/p>\t\t\t\t\t\t<\/div>\n\t\t\t\t<\/div>\n\t\t\t\t\t<\/div>\n\t\t<\/div>\n\t\t\t\t<div class=\"elementor-column elementor-col-25 elementor-inner-column elementor-element elementor-element-c6d6e6b\" data-id=\"c6d6e6b\" data-element_type=\"column\" data-settings=\"{&quot;background_background&quot;:&quot;classic&quot;}\">\n\t\t\t<div class=\"elementor-widget-wrap elementor-element-populated\">\n\t\t\t\t\t\t\t\t<div class=\"elementor-element elementor-element-232c482 elementor-widget elementor-widget-text-editor\" data-id=\"232c482\" data-element_type=\"widget\" data-widget_type=\"text-editor.default\">\n\t\t\t\t<div class=\"elementor-widget-container\">\n\t\t\t\t\t\t\t<p style=\"text-align: center;\"><b>APLICACI\u00d3 DE LA METODOLOGIA<\/b><\/p>\t\t\t\t\t\t<\/div>\n\t\t\t\t<\/div>\n\t\t\t\t\t<\/div>\n\t\t<\/div>\n\t\t\t\t\t\t\t<\/div>\n\t\t<\/section>\n\t\t\t\t\t<\/div>\n\t\t<\/div>\n\t\t\t\t\t\t\t<\/div>\n\t\t<\/section>\n\t\t\t\t<section class=\"elementor-section elementor-top-section elementor-element elementor-element-6dddcc5 elementor-section-boxed elementor-section-height-default elementor-section-height-default\" data-id=\"6dddcc5\" data-element_type=\"section\">\n\t\t\t\t\t\t<div class=\"elementor-container elementor-column-gap-default\">\n\t\t\t\t\t<div class=\"elementor-column elementor-col-100 elementor-top-column elementor-element elementor-element-e985f50\" data-id=\"e985f50\" data-element_type=\"column\">\n\t\t\t<div class=\"elementor-widget-wrap elementor-element-populated\">\n\t\t\t\t\t\t\t\t<div class=\"elementor-element elementor-element-27186d8 elementor-widget elementor-widget-text-editor\" data-id=\"27186d8\" data-element_type=\"widget\" data-widget_type=\"text-editor.default\">\n\t\t\t\t<div class=\"elementor-widget-container\">\n\t\t\t\t\t\t\t<p><strong>Continguts formatius i procediments did\u00e0ctics\u00a0 caracter\u00edstics:<\/strong><\/p>\t\t\t\t\t\t<\/div>\n\t\t\t\t<\/div>\n\t\t\t\t\t<\/div>\n\t\t<\/div>\n\t\t\t\t\t\t\t<\/div>\n\t\t<\/section>\n\t\t\t\t<section class=\"elementor-section elementor-top-section elementor-element elementor-element-aa2ee32 elementor-section-boxed elementor-section-height-default elementor-section-height-default\" data-id=\"aa2ee32\" data-element_type=\"section\">\n\t\t\t\t\t\t<div class=\"elementor-container elementor-column-gap-default\">\n\t\t\t\t\t<div class=\"elementor-column elementor-col-100 elementor-top-column elementor-element elementor-element-55d614d\" data-id=\"55d614d\" data-element_type=\"column\">\n\t\t\t<div class=\"elementor-widget-wrap elementor-element-populated\">\n\t\t\t\t\t\t\t\t<div class=\"elementor-element elementor-element-b10b4a9 elementor-widget elementor-widget-text-editor\" data-id=\"b10b4a9\" data-element_type=\"widget\" data-widget_type=\"text-editor.default\">\n\t\t\t\t<div class=\"elementor-widget-container\">\n\t\t\t\t\t\t\t<p><strong>Utilitzaci\u00f3 del material harm\u00f2nic per composar:<\/strong>\u00a0a la mat\u00e8ria \u201ccomposici\u00f3\u201d aprenem a composar amb el material harm\u00f2nic que hem apr\u00e8s a utilitzar a la mat\u00e8ria harmonia. Cada nivell d\u2019harmonia es correspon amb un nivell de composici\u00f3. D\u2019aquesta manera aconseguim que la formaci\u00f3 en les dues mat\u00e8ries es realitzi de manera totalment coordinada.<\/p><p><strong>Utilitzaci\u00f3 del material r\u00edtmic i mel\u00f2dic que hem apr\u00e8s per composar<\/strong>: quan composem ho fem utilitzant tamb\u00e9 tot el material r\u00edtmic, m\u00e8tric i mel\u00f2dic que hem apr\u00e8s i que seguim aprenent a les classes de Llenguatge Musical. D\u2019aquesta manera aprenem a composar utilitzant el so musical en tots els ordres en els quals l\u2019estructura el Sistema Musical Tradicional:-ordres r\u00edtmic, mel\u00f2dic i harm\u00f2nic-, i ens capacitem per construir estructures musicals completes que adopten la forma i generen l&#8217;efecte de la m\u00fasica que convencionalment estem acostumats a escoltar tant en l\u2019\u00e0mbit de la m\u00fasica cl\u00e0ssica com tamb\u00e9 de la m\u00fasica moderna.<\/p><p><strong>Operacions \u201ccompositives\u201d: <\/strong>per aprendre a composar realitzem unes operacions compositives molt determinades que ens permeten evolucionar des de la construcci\u00f3 de les estructures harm\u00f2niques fins la composici\u00f3 de fragments r\u00edtmic-mel\u00f2dic-harm\u00f2nics complets. Aquestes operacions s\u2019apliquen de manera sistem\u00e0tica a tots els nivells del material harm\u00f2nic. Aquestes operacions es realitzen coordinant la construcci\u00f3 musical a nivell oral i a nivell escrit i utilitzant a m\u00e9s a m\u00e9s la utilitzaci\u00f3 de MITJANS DIGITALS que faciliten i aclareixen molt el proc\u00e9s compositiu\u00a0 i s\u00f3n molt estimulants. <strong><em>\u2026..veure apartat seg\u00fcent: \u201cDIGITAL MUSIC\u201d<\/em><\/strong><\/p><p><strong>Composar can\u00e7ons: <\/strong>\u00a0a trav\u00e9s d\u2019aquestes operacions, evolucionem des de la construcci\u00f3 dels acords i les operacions harm\u00f2niques essencials, fins la composici\u00f3 de can\u00e7ons:\u00a0<\/p><ul style=\"font-size: 14px;\"><li>La can\u00e7\u00f3 reuneix els elements essencials de les \u201cformes musicals\u201d -una tornada i una estrofa a la que podem afegir introducci\u00f3, coda, passatges ,etc\u2026- i \u00e9s la forma musical que utilitzem com a refer\u00e8ncia i com a punt de partida per poder evolucionar fins la construcci\u00f3 d\u2019estructures musicals m\u00e9s complexes. La composici\u00f3 de can\u00e7ons comporta tamb\u00e9 el proc\u00e9s creatiu de les lletres de les can\u00e7ons. Utilitzem el proc\u00e9s creatiu de les lletres per facilitar la mobilitzaci\u00f3 de la imaginaci\u00f3 mitjan\u00e7ant un llenguatge que no \u00e9s tant abstracte com el de la m\u00fasica -llenguatge verbal-, i que per tant \u00e9s molt m\u00e9s familiar i assequible per a l\u2019alumne\/a.\u00a0<\/li><li><strong>Arranjaments, harmonitzaci\u00f3, instrumentaci\u00f3:<\/strong>\u00a0el proc\u00e9s pel qual composem les nostres can\u00e7ons inclou els continguts de la mat\u00e8ria que en les formacions de m\u00fasica moderna s\u2019anomena \u201carranjaments\u201d i els continguts de la mat\u00e8ria que en m\u00fasica cl\u00e0ssica s\u2019anomena \u201cformes musicals\u201d i tamb\u00e9 inclou elements d\u2019 \u201cinstrumentaci\u00f3\u201d. La formaci\u00f3 harm\u00f2nica inclou en tots els casos l&#8217;operaci\u00f3 d\u2019harmonitzaci\u00f3 i de reharmonitzaci\u00f3 de melodies.<\/li><li><strong>Digital music: composici\u00f3 amb ajuda de mitjans digitals, producci\u00f3 musical i construcci\u00f3 del \u201chome study\u201d de l\u2019alumne\/a:<\/strong> les composicions es realitzen amb l\u2019ajuda de mitjans digitals. Treballem amb els programes Garage Band i Logic. Els mitjans digitals faciliten i clarifiquen molt\u00edssim el proc\u00e9s compositiu i s\u00f3n molt estimulants. <strong><em>\u2026..veure DIGITAL MUSIC.<\/em><\/strong><\/li><\/ul>\t\t\t\t\t\t<\/div>\n\t\t\t\t<\/div>\n\t\t\t\t\t<\/div>\n\t\t<\/div>\n\t\t\t\t\t\t\t<\/div>\n\t\t<\/section>\n\t\t\t\t<section class=\"elementor-section elementor-top-section elementor-element elementor-element-7182a24 elementor-section-boxed elementor-section-height-default elementor-section-height-default\" data-id=\"7182a24\" data-element_type=\"section\">\n\t\t\t\t\t\t<div class=\"elementor-container elementor-column-gap-default\">\n\t\t\t\t\t<div class=\"elementor-column elementor-col-100 elementor-top-column elementor-element elementor-element-dcb4683\" data-id=\"dcb4683\" data-element_type=\"column\">\n\t\t\t<div class=\"elementor-widget-wrap elementor-element-populated\">\n\t\t\t\t\t\t\t\t<div class=\"elementor-element elementor-element-2dd5df0 elementor-widget elementor-widget-text-editor\" data-id=\"2dd5df0\" data-element_type=\"widget\" data-widget_type=\"text-editor.default\">\n\t\t\t\t<div class=\"elementor-widget-container\">\n\t\t\t\t\t\t\t<p><strong>Comparaci\u00f3 amb els procediments tradicionals:&nbsp;<\/strong><br><\/p>\t\t\t\t\t\t<\/div>\n\t\t\t\t<\/div>\n\t\t\t\t\t<\/div>\n\t\t<\/div>\n\t\t\t\t\t\t\t<\/div>\n\t\t<\/section>\n\t\t\t\t<section class=\"elementor-section elementor-top-section elementor-element elementor-element-db78766 elementor-section-boxed elementor-section-height-default elementor-section-height-default\" data-id=\"db78766\" data-element_type=\"section\">\n\t\t\t\t\t\t<div class=\"elementor-container elementor-column-gap-default\">\n\t\t\t\t\t<div class=\"elementor-column elementor-col-100 elementor-top-column elementor-element elementor-element-7a6c074\" data-id=\"7a6c074\" data-element_type=\"column\">\n\t\t\t<div class=\"elementor-widget-wrap elementor-element-populated\">\n\t\t\t\t\t\t\t\t<div class=\"elementor-element elementor-element-2da1c72 elementor-widget elementor-widget-text-editor\" data-id=\"2da1c72\" data-element_type=\"widget\" data-widget_type=\"text-editor.default\">\n\t\t\t\t<div class=\"elementor-widget-container\">\n\t\t\t\t\t\t\t<p>En els procediments \u201cinterpretatius\u201d tradicionals amb qu\u00e8 es segueix impartint l&#8217;ensenyament de la m\u00fasica \u201ccl\u00e0ssica\u201d als conservatoris, la composici\u00f3 \u00e9s una especialitat del grau superior de m\u00fasica. Per poder treballar la composici\u00f3, l\u2019alumne\/a ha d\u2019haver fet la formaci\u00f3 de grau elemental i grau professional d\u2019instrument i tamb\u00e9 la formaci\u00f3 de les assignatures d\u2019harmonia, contrapunt, fuga i formes musicals. A les formacions en m\u00fasica moderna, habitualment la composici\u00f3 tampoc est\u00e0 contemplada com a materia en s\u00ed mateixa ni es treballa de manera espec\u00edfica. A vegades i a criteri normalment del professor\/a, pot ser que l\u2019aprenentatge de les mat\u00e8ries \u201charmonia\u201d i de la mat\u00e8ria \u201carranjaments\u201d inclogui exercicis de composici\u00f3 o pr\u00e0ctiques compositives que normalment s\u00f3n complement\u00e0ries. En tots dos casos, la composici\u00f3 NO forma part de la formaci\u00f3 essencial de l\u2019alumne\/a sin\u00f3 que \u00e9s una especialitat que nom\u00e9s es pot abordar quan l\u2019alumne\/a ja ha assolit un nivell musical en instrument, teoria de la m\u00fasica, lectura musical, harmonia, etc\u2026 que ha de ser molt evolucionat. En el nostre cas, la composici\u00f3 es treballa des del primer moment de l\u2019aprenentatge a les classes de llenguatge musical i tamb\u00e9 a les classes d\u2019instrument -veure instrument mat\u00e8ria\u00a0 lectura a vista en forma de composici\u00f3-lectura-, i evoluciona fins que l\u2019alumne\/a pot treballar-la de manera espec\u00edfica a les classes de composici\u00f3.<\/p>\t\t\t\t\t\t<\/div>\n\t\t\t\t<\/div>\n\t\t\t\t\t<\/div>\n\t\t<\/div>\n\t\t\t\t\t\t\t<\/div>\n\t\t<\/section>\n\t\t\t\t<section class=\"elementor-section elementor-top-section elementor-element elementor-element-af2575c elementor-section-boxed elementor-section-height-default elementor-section-height-default\" data-id=\"af2575c\" data-element_type=\"section\">\n\t\t\t\t\t\t<div class=\"elementor-container elementor-column-gap-default\">\n\t\t\t\t\t<div class=\"elementor-column elementor-col-100 elementor-top-column elementor-element elementor-element-51db83b\" data-id=\"51db83b\" data-element_type=\"column\">\n\t\t\t<div class=\"elementor-widget-wrap elementor-element-populated\">\n\t\t\t\t\t\t\t\t<div class=\"elementor-element elementor-element-ec57142 elementor-widget elementor-widget-text-editor\" data-id=\"ec57142\" data-element_type=\"widget\" data-widget_type=\"text-editor.default\">\n\t\t\t\t<div class=\"elementor-widget-container\">\n\t\t\t\t\t\t\t<p><strong>Proc\u00e9s de capacitaci\u00f3 creativa:<\/strong><\/p>\t\t\t\t\t\t<\/div>\n\t\t\t\t<\/div>\n\t\t\t\t\t<\/div>\n\t\t<\/div>\n\t\t\t\t\t\t\t<\/div>\n\t\t<\/section>\n\t\t\t\t<section class=\"elementor-section elementor-top-section elementor-element elementor-element-df36737 elementor-section-boxed elementor-section-height-default elementor-section-height-default\" data-id=\"df36737\" data-element_type=\"section\">\n\t\t\t\t\t\t<div class=\"elementor-container elementor-column-gap-default\">\n\t\t\t\t\t<div class=\"elementor-column elementor-col-100 elementor-top-column elementor-element elementor-element-87ea082\" data-id=\"87ea082\" data-element_type=\"column\">\n\t\t\t<div class=\"elementor-widget-wrap elementor-element-populated\">\n\t\t\t\t\t\t\t\t<div class=\"elementor-element elementor-element-d2bef09 elementor-widget elementor-widget-text-editor\" data-id=\"d2bef09\" data-element_type=\"widget\" data-widget_type=\"text-editor.default\">\n\t\t\t\t<div class=\"elementor-widget-container\">\n\t\t\t\t\t\t\t<p>En la mat\u00e8ria de composici\u00f3 pren una especial import\u00e0ncia el proc\u00e9s de capacitaci\u00f3 creativa pel qual aconseguim que tots els alumnes i totes les alumnes mobilitzin la seva imaginaci\u00f3, s\u2019impliquin en el proc\u00e9s compositiu, s\u2019identifiquin amb all\u00f2 que fan i s\u2019atreveixin a mostrar m\u00ednimament la seva sensibilitat en les seves creacions. Gr\u00e0cies als procediments constructius de la nostra metodologia, gr\u00e0cies al proc\u00e9s de capacitaci\u00f3 creativa i gr\u00e0cies a l\u2019experi\u00e8ncia i al saber del nostre professorat aconseguim que TOTS els alumnes aconsegueixin composar peces amb un sentit art\u00edstic prou personalitzat i posin en marxa un proc\u00e9s creatiu que considerem que t\u00e9 molt valor a nivell art\u00edstic i tamb\u00e9 en relaci\u00f3 al desenvolupament personal de l\u2019alumnat.&nbsp;<\/p>\t\t\t\t\t\t<\/div>\n\t\t\t\t<\/div>\n\t\t\t\t\t<\/div>\n\t\t<\/div>\n\t\t\t\t\t\t\t<\/div>\n\t\t<\/section>\n\t\t\t\t<section class=\"elementor-section elementor-top-section elementor-element elementor-element-df2f5cf elementor-section-boxed elementor-section-height-default elementor-section-height-default\" data-id=\"df2f5cf\" data-element_type=\"section\">\n\t\t\t\t\t\t<div class=\"elementor-container elementor-column-gap-default\">\n\t\t\t\t\t<div class=\"elementor-column elementor-col-100 elementor-top-column elementor-element elementor-element-377b5b7\" data-id=\"377b5b7\" data-element_type=\"column\">\n\t\t\t<div class=\"elementor-widget-wrap elementor-element-populated\">\n\t\t\t\t\t\t\t\t<div class=\"elementor-element elementor-element-e6a4961 elementor-widget elementor-widget-text-editor\" data-id=\"e6a4961\" data-element_type=\"widget\" data-widget_type=\"text-editor.default\">\n\t\t\t\t<div class=\"elementor-widget-container\">\n\t\t\t\t\t\t\t<p><strong>Aplicaci\u00f3 de la metodologia:<\/strong><\/p>\t\t\t\t\t\t<\/div>\n\t\t\t\t<\/div>\n\t\t\t\t\t<\/div>\n\t\t<\/div>\n\t\t\t\t\t\t\t<\/div>\n\t\t<\/section>\n\t\t\t\t<section class=\"elementor-section elementor-top-section elementor-element elementor-element-d776df4 elementor-section-boxed elementor-section-height-default elementor-section-height-default\" data-id=\"d776df4\" data-element_type=\"section\">\n\t\t\t\t\t\t<div class=\"elementor-container elementor-column-gap-default\">\n\t\t\t\t\t<div class=\"elementor-column elementor-col-100 elementor-top-column elementor-element elementor-element-46ab1a0\" data-id=\"46ab1a0\" data-element_type=\"column\">\n\t\t\t<div class=\"elementor-widget-wrap elementor-element-populated\">\n\t\t\t\t\t\t\t\t<div class=\"elementor-element elementor-element-71c2d5c elementor-widget elementor-widget-text-editor\" data-id=\"71c2d5c\" data-element_type=\"widget\" data-widget_type=\"text-editor.default\">\n\t\t\t\t<div class=\"elementor-widget-container\">\n\t\t\t\t\t\t\t<p>Tota la formaci\u00f3 que assoleix l\u2019alumnat a Taller de Composici\u00f3 \u00e9s possible gr\u00e0cies a les formulacions pedag\u00f2giques del M\u00e8tode Creatiu -aprende a fer m\u00fasica construint m\u00fasica amb sentit art\u00edstic amb proc\u00e9s de capacitaci\u00f3 creativa incl\u00f3s en la realitzaci\u00f3 dels propis exercicis-, i gr\u00e0cies als procediments ACTIUS, CONSTRUCTIUS i CREATIUS dissenyats amb els models de la metodologia, i que fan possible que els alumnes puguin aprendre a fer m\u00fasica construint m\u00fasica amb \u201csentit musical\u201d i amb \u201ccontingut art\u00edstic\u201d des del primer moment de l\u2019aprenentatge.<\/p>\t\t\t\t\t\t<\/div>\n\t\t\t\t<\/div>\n\t\t\t\t\t<\/div>\n\t\t<\/div>\n\t\t\t\t\t\t\t<\/div>\n\t\t<\/section>\n\t\t\t\t\t\t\t<\/div>\n\t\t","protected":false},"excerpt":{"rendered":"<p>COMPOSICI\u00d3 Apr\u00e8n a composar la teva pr\u00f2pia m\u00fasica amb el material harm\u00f2nic, r\u00edtmic i mel\u00f2dic apr\u00e8s a llenguatge musical i a harmonia i aprenent a utilitzar mitjans digitals -\u00abdigital music\u00bb- Si t&#8217;interessa el tema, llegeix m\u00e9s&#8230;: QU\u00c8 APRENEM ? COM HO APRENEM? COMPARACI\u00d3 amb els PROCEDIMENTS TRADICIONALS CAPACITACI\u00d3 CREATIVA APLICACI\u00d3 DE LA METODOLOGIA Continguts formatius&hellip;<\/p>\n","protected":false},"author":1,"featured_media":0,"parent":0,"menu_order":0,"comment_status":"closed","ping_status":"closed","template":"","meta":{"footnotes":""},"class_list":["post-1317","page","type-page","status-publish","hentry"],"_links":{"self":[{"href":"http:\/\/musicactiva.net\/escolademusica\/wp-json\/wp\/v2\/pages\/1317","targetHints":{"allow":["GET"]}}],"collection":[{"href":"http:\/\/musicactiva.net\/escolademusica\/wp-json\/wp\/v2\/pages"}],"about":[{"href":"http:\/\/musicactiva.net\/escolademusica\/wp-json\/wp\/v2\/types\/page"}],"author":[{"embeddable":true,"href":"http:\/\/musicactiva.net\/escolademusica\/wp-json\/wp\/v2\/users\/1"}],"replies":[{"embeddable":true,"href":"http:\/\/musicactiva.net\/escolademusica\/wp-json\/wp\/v2\/comments?post=1317"}],"version-history":[{"count":41,"href":"http:\/\/musicactiva.net\/escolademusica\/wp-json\/wp\/v2\/pages\/1317\/revisions"}],"predecessor-version":[{"id":5015,"href":"http:\/\/musicactiva.net\/escolademusica\/wp-json\/wp\/v2\/pages\/1317\/revisions\/5015"}],"wp:attachment":[{"href":"http:\/\/musicactiva.net\/escolademusica\/wp-json\/wp\/v2\/media?parent=1317"}],"curies":[{"name":"wp","href":"https:\/\/api.w.org\/{rel}","templated":true}]}}