{"id":693,"date":"2022-09-02T18:48:27","date_gmt":"2022-09-02T18:48:27","guid":{"rendered":"http:\/\/musicactiva.net\/escolademusica\/?page_id=693"},"modified":"2023-09-17T10:56:49","modified_gmt":"2023-09-17T10:56:49","slug":"estructura-programa-destudis","status":"publish","type":"page","link":"http:\/\/musicactiva.net\/escolademusica\/estructura-programa-destudis\/","title":{"rendered":"ESTRUCTURA i FUNCIONAMENT del PROGRAMA d&#8217;ESTUDIS"},"content":{"rendered":"\t\t<div data-elementor-type=\"wp-page\" data-elementor-id=\"693\" class=\"elementor elementor-693\">\n\t\t\t\t\t\t\t\t\t<section class=\"elementor-section elementor-top-section elementor-element elementor-element-b0f04a1 elementor-section-boxed elementor-section-height-default elementor-section-height-default\" data-id=\"b0f04a1\" data-element_type=\"section\">\n\t\t\t\t\t\t<div class=\"elementor-container elementor-column-gap-default\">\n\t\t\t\t\t<div class=\"elementor-column elementor-col-100 elementor-top-column elementor-element elementor-element-2f77fbe\" data-id=\"2f77fbe\" data-element_type=\"column\">\n\t\t\t<div class=\"elementor-widget-wrap elementor-element-populated\">\n\t\t\t\t\t\t\t\t<section class=\"elementor-section elementor-inner-section elementor-element elementor-element-6ac2f5e elementor-section-boxed elementor-section-height-default elementor-section-height-default\" data-id=\"6ac2f5e\" data-element_type=\"section\">\n\t\t\t\t\t\t<div class=\"elementor-container elementor-column-gap-default\">\n\t\t\t\t\t<div class=\"elementor-column elementor-col-50 elementor-inner-column elementor-element elementor-element-c9f7dd1\" data-id=\"c9f7dd1\" data-element_type=\"column\" data-settings=\"{&quot;background_background&quot;:&quot;classic&quot;}\">\n\t\t\t<div class=\"elementor-widget-wrap elementor-element-populated\">\n\t\t\t\t\t\t\t\t<div class=\"elementor-element elementor-element-86b8ee4 elementor-widget elementor-widget-text-editor\" data-id=\"86b8ee4\" data-element_type=\"widget\" data-widget_type=\"text-editor.default\">\n\t\t\t\t<div class=\"elementor-widget-container\">\n\t\t\t<style>\/*! elementor - v3.7.8 - 02-10-2022 *\/\n.elementor-widget-text-editor.elementor-drop-cap-view-stacked .elementor-drop-cap{background-color:#818a91;color:#fff}.elementor-widget-text-editor.elementor-drop-cap-view-framed .elementor-drop-cap{color:#818a91;border:3px solid;background-color:transparent}.elementor-widget-text-editor:not(.elementor-drop-cap-view-default) .elementor-drop-cap{margin-top:8px}.elementor-widget-text-editor:not(.elementor-drop-cap-view-default) .elementor-drop-cap-letter{width:1em;height:1em}.elementor-widget-text-editor .elementor-drop-cap{float:left;text-align:center;line-height:1;font-size:50px}.elementor-widget-text-editor .elementor-drop-cap-letter{display:inline-block}<\/style>\t\t\t\t<p style=\"text-align: center;\"><a href=\"https:\/\/musicactiva.net\/escolademusica\/esquema-general\/\"><b>ESQUEMA del PROGRAMA d&#8217;ESTUDIS<\/b><\/a><\/p>\t\t\t\t\t\t<\/div>\n\t\t\t\t<\/div>\n\t\t\t\t<div class=\"elementor-element elementor-element-14e79ab elementor-widget elementor-widget-text-editor\" data-id=\"14e79ab\" data-element_type=\"widget\" data-widget_type=\"text-editor.default\">\n\t\t\t\t<div class=\"elementor-widget-container\">\n\t\t\t\t\t\t\t<p style=\"text-align: center;\"><em>Assignatures, mat\u00e8ries, nivells de programa, nivells de mat\u00e8ria.<\/em><\/p>\n<p style=\"text-align: center;\"><em>Dedicaci\u00f3 en hores de classe i estudi personal.<\/em><\/p>\n<p style=\"text-align: center;\"><i>Activitats de seguiment de l&#8217;evoluci\u00f3 formativa.<\/i><\/p>\n<p style=\"text-align: center;\"><i>Aplicacions per cursar programa a cada edat.<\/i><\/p>\n<p style=\"text-align: center;\"><i>Durada del proc\u00e9s formatiu en cada aplicaci\u00f3.<\/i><\/p>\n<p><\/p>\t\t\t\t\t\t<\/div>\n\t\t\t\t<\/div>\n\t\t\t\t\t<\/div>\n\t\t<\/div>\n\t\t\t\t<div class=\"elementor-column elementor-col-50 elementor-inner-column elementor-element elementor-element-b664624\" data-id=\"b664624\" data-element_type=\"column\" data-settings=\"{&quot;background_background&quot;:&quot;classic&quot;}\">\n\t\t\t<div class=\"elementor-widget-wrap elementor-element-populated\">\n\t\t\t\t\t\t\t\t<div class=\"elementor-element elementor-element-dcc790f elementor-widget elementor-widget-text-editor\" data-id=\"dcc790f\" data-element_type=\"widget\" data-widget_type=\"text-editor.default\">\n\t\t\t\t<div class=\"elementor-widget-container\">\n\t\t\t\t\t\t\t<p style=\"text-align: center;\"><a href=\"https:\/\/musicactiva.net\/escolademusica\/funcionament-del-programa\/\"><b>FUNCIONAMENT del PROGRAMA d&#8217;ESTUDIS<\/b><\/a><\/p>\t\t\t\t\t\t<\/div>\n\t\t\t\t<\/div>\n\t\t\t\t<div class=\"elementor-element elementor-element-2949d39 elementor-widget elementor-widget-text-editor\" data-id=\"2949d39\" data-element_type=\"widget\" data-widget_type=\"text-editor.default\">\n\t\t\t\t<div class=\"elementor-widget-container\">\n\t\t\t\t\t\t\t<p style=\"text-align: center;\"><strong><em>-explicaci\u00f3-<\/em><\/strong><\/p>\t\t\t\t\t\t<\/div>\n\t\t\t\t<\/div>\n\t\t\t\t\t<\/div>\n\t\t<\/div>\n\t\t\t\t\t\t\t<\/div>\n\t\t<\/section>\n\t\t\t\t\t<\/div>\n\t\t<\/div>\n\t\t\t\t\t\t\t<\/div>\n\t\t<\/section>\n\t\t\t\t\t\t\t<\/div>\n\t\t","protected":false},"excerpt":{"rendered":"<p>ESQUEMA del PROGRAMA d&#8217;ESTUDIS Assignatures, mat\u00e8ries, nivells de programa, nivells de mat\u00e8ria. Dedicaci\u00f3 en hores de classe i estudi personal. Activitats de seguiment de l&#8217;evoluci\u00f3 formativa. Aplicacions per cursar programa a cada edat. Durada del proc\u00e9s formatiu en cada aplicaci\u00f3. FUNCIONAMENT del PROGRAMA d&#8217;ESTUDIS -explicaci\u00f3-<\/p>\n","protected":false},"author":1,"featured_media":0,"parent":0,"menu_order":0,"comment_status":"closed","ping_status":"closed","template":"","meta":{"footnotes":""},"class_list":["post-693","page","type-page","status-publish","hentry"],"_links":{"self":[{"href":"http:\/\/musicactiva.net\/escolademusica\/wp-json\/wp\/v2\/pages\/693","targetHints":{"allow":["GET"]}}],"collection":[{"href":"http:\/\/musicactiva.net\/escolademusica\/wp-json\/wp\/v2\/pages"}],"about":[{"href":"http:\/\/musicactiva.net\/escolademusica\/wp-json\/wp\/v2\/types\/page"}],"author":[{"embeddable":true,"href":"http:\/\/musicactiva.net\/escolademusica\/wp-json\/wp\/v2\/users\/1"}],"replies":[{"embeddable":true,"href":"http:\/\/musicactiva.net\/escolademusica\/wp-json\/wp\/v2\/comments?post=693"}],"version-history":[{"count":37,"href":"http:\/\/musicactiva.net\/escolademusica\/wp-json\/wp\/v2\/pages\/693\/revisions"}],"predecessor-version":[{"id":3908,"href":"http:\/\/musicactiva.net\/escolademusica\/wp-json\/wp\/v2\/pages\/693\/revisions\/3908"}],"wp:attachment":[{"href":"http:\/\/musicactiva.net\/escolademusica\/wp-json\/wp\/v2\/media?parent=693"}],"curies":[{"name":"wp","href":"https:\/\/api.w.org\/{rel}","templated":true}]}}

<div data-elementor-type="wp-page" data-elementor-id="693" class="elementor elementor-693">
									<section class="elementor-section elementor-top-section elementor-element elementor-element-b0f04a1 elementor-section-boxed elementor-section-height-default elementor-section-height-default" data-id="b0f04a1" data-element_type="section">
						<div class="elementor-container elementor-column-gap-default">
					<div class="elementor-column elementor-col-100 elementor-top-column elementor-element elementor-element-2f77fbe" data-id="2f77fbe" data-element_type="column">
			<div class="elementor-widget-wrap elementor-element-populated">
								<section class="elementor-section elementor-inner-section elementor-element elementor-element-6ac2f5e elementor-section-boxed elementor-section-height-default elementor-section-height-default" data-id="6ac2f5e" data-element_type="section">
						<div class="elementor-container elementor-column-gap-default">
					<div class="elementor-column elementor-col-50 elementor-inner-column elementor-element elementor-element-c9f7dd1" data-id="c9f7dd1" data-element_type="column" data-settings="{&quot;background_background&quot;:&quot;classic&quot;}">
			<div class="elementor-widget-wrap elementor-element-populated">
								<div class="elementor-element elementor-element-86b8ee4 elementor-widget elementor-widget-text-editor" data-id="86b8ee4" data-element_type="widget" data-widget_type="text-editor.default">
				<div class="elementor-widget-container">
			<style>/*! elementor - v3.7.8 - 02-10-2022 */
.elementor-widget-text-editor.elementor-drop-cap-view-stacked .elementor-drop-cap{background-color:#818a91;color:#fff}.elementor-widget-text-editor.elementor-drop-cap-view-framed .elementor-drop-cap{color:#818a91;border:3px solid;background-color:transparent}.elementor-widget-text-editor:not(.elementor-drop-cap-view-default) .elementor-drop-cap{margin-top:8px}.elementor-widget-text-editor:not(.elementor-drop-cap-view-default) .elementor-drop-cap-letter{width:1em;height:1em}.elementor-widget-text-editor .elementor-drop-cap{float:left;text-align:center;line-height:1;font-size:50px}.elementor-widget-text-editor .elementor-drop-cap-letter{display:inline-block}</style>				<p style="text-align: center;"><a href="https://musicactiva.net/escolademusica/esquema-general/"><b>ESQUEMA del PROGRAMA d&#8217;ESTUDIS</b></a></p>						</div>
				</div>
				<div class="elementor-element elementor-element-14e79ab elementor-widget elementor-widget-text-editor" data-id="14e79ab" data-element_type="widget" data-widget_type="text-editor.default">
				<div class="elementor-widget-container">
							<p style="text-align: center;"><em>Assignatures, matèries, nivells de programa, nivells de matèria.</em></p>
<p style="text-align: center;"><em>Dedicació en hores de classe i estudi personal.</em></p>
<p style="text-align: center;"><i>Activitats de seguiment de l&#8217;evolució formativa.</i></p>
<p style="text-align: center;"><i>Aplicacions per cursar programa a cada edat.</i></p>
<p style="text-align: center;"><i>Durada del procés formatiu en cada aplicació.</i></p>
<p></p>						</div>
				</div>
					</div>
		</div>
				<div class="elementor-column elementor-col-50 elementor-inner-column elementor-element elementor-element-b664624" data-id="b664624" data-element_type="column" data-settings="{&quot;background_background&quot;:&quot;classic&quot;}">
			<div class="elementor-widget-wrap elementor-element-populated">
								<div class="elementor-element elementor-element-dcc790f elementor-widget elementor-widget-text-editor" data-id="dcc790f" data-element_type="widget" data-widget_type="text-editor.default">
				<div class="elementor-widget-container">
							<p style="text-align: center;"><a href="https://musicactiva.net/escolademusica/funcionament-del-programa/"><b>FUNCIONAMENT del PROGRAMA d&#8217;ESTUDIS</b></a></p>						</div>
				</div>
				<div class="elementor-element elementor-element-2949d39 elementor-widget elementor-widget-text-editor" data-id="2949d39" data-element_type="widget" data-widget_type="text-editor.default">
				<div class="elementor-widget-container">
							<p style="text-align: center;"><strong><em>-explicació-</em></strong></p>						</div>
				</div>
					</div>
		</div>
							</div>
		</section>
					</div>
		</div>
							</div>
		</section>
							</div>

<p>ESQUEMA del PROGRAMA d&#8217;ESTUDIS Assignatures, matèries, nivells de programa, nivells de matèria. Dedicació en hores de classe i estudi personal. Activitats de seguiment de l&#8217;evolució formativa. Aplicacions per cursar programa a cada edat. Durada del procés formatiu en cada aplicació. FUNCIONAMENT del PROGRAMA d&#8217;ESTUDIS -explicació-</p>
