{"id":831,"date":"2022-09-03T17:20:28","date_gmt":"2022-09-03T17:20:28","guid":{"rendered":"http:\/\/musicactiva.net\/escolademusica\/?page_id=831"},"modified":"2023-11-07T15:41:48","modified_gmt":"2023-11-07T15:41:48","slug":"conjunt-instrumental","status":"publish","type":"page","link":"http:\/\/musicactiva.net\/escolademusica\/conjunt-instrumental\/","title":{"rendered":"CONJUNT INSTRUMENTAL"},"content":{"rendered":"\t\t<div data-elementor-type=\"wp-page\" data-elementor-id=\"831\" class=\"elementor elementor-831\">\n\t\t\t\t\t\t\t\t\t<section class=\"elementor-section elementor-top-section elementor-element elementor-element-bba0469 elementor-section-boxed elementor-section-height-default elementor-section-height-default\" data-id=\"bba0469\" data-element_type=\"section\">\n\t\t\t\t\t\t<div class=\"elementor-container elementor-column-gap-default\">\n\t\t\t\t\t<div class=\"elementor-column elementor-col-100 elementor-top-column elementor-element elementor-element-2bf7349\" data-id=\"2bf7349\" data-element_type=\"column\">\n\t\t\t<div class=\"elementor-widget-wrap elementor-element-populated\">\n\t\t\t\t\t\t\t\t<div class=\"elementor-element elementor-element-83c4862 elementor-widget elementor-widget-text-editor\" data-id=\"83c4862\" data-element_type=\"widget\" data-widget_type=\"text-editor.default\">\n\t\t\t\t<div class=\"elementor-widget-container\">\n\t\t\t<style>\/*! elementor - v3.7.8 - 02-10-2022 *\/\n.elementor-widget-text-editor.elementor-drop-cap-view-stacked .elementor-drop-cap{background-color:#818a91;color:#fff}.elementor-widget-text-editor.elementor-drop-cap-view-framed .elementor-drop-cap{color:#818a91;border:3px solid;background-color:transparent}.elementor-widget-text-editor:not(.elementor-drop-cap-view-default) .elementor-drop-cap{margin-top:8px}.elementor-widget-text-editor:not(.elementor-drop-cap-view-default) .elementor-drop-cap-letter{width:1em;height:1em}.elementor-widget-text-editor .elementor-drop-cap{float:left;text-align:center;line-height:1;font-size:50px}.elementor-widget-text-editor .elementor-drop-cap-letter{display:inline-block}<\/style>\t\t\t\t<p style=\"text-align: center;\"><strong>CONJUNT INSTRUMENTAL<\/strong><\/p>\t\t\t\t\t\t<\/div>\n\t\t\t\t<\/div>\n\t\t\t\t<div class=\"elementor-element elementor-element-466b41d elementor-widget elementor-widget-text-editor\" data-id=\"466b41d\" data-element_type=\"widget\" data-widget_type=\"text-editor.default\">\n\t\t\t\t<div class=\"elementor-widget-container\">\n\t\t\t\t\t\t\t<p style=\"text-align: center;\"><em style=\"color: var( --e-global-color-primary );\"><strong>Aprendre a interpretar repertori amb grup de m\u00fasica \u00abmoderna\u00bb i m\u00fasica cl\u00e0ssica<\/strong><\/em><\/p>\n<p style=\"text-align: center;\"><em><strong>-a partir del nivell 8 del Programa d&#8217;Estudis-<\/strong><\/em><em style=\"color: var( --e-global-color-primary );\"><strong><br \/><\/strong><\/em><\/p>\t\t\t\t\t\t<\/div>\n\t\t\t\t<\/div>\n\t\t\t\t<section class=\"elementor-section elementor-inner-section elementor-element elementor-element-54c9d92 elementor-section-boxed elementor-section-height-default elementor-section-height-default\" data-id=\"54c9d92\" data-element_type=\"section\">\n\t\t\t\t\t\t<div class=\"elementor-container elementor-column-gap-default\">\n\t\t\t\t\t<div class=\"elementor-column elementor-col-100 elementor-inner-column elementor-element elementor-element-bbd85f5\" data-id=\"bbd85f5\" data-element_type=\"column\">\n\t\t\t<div class=\"elementor-widget-wrap elementor-element-populated\">\n\t\t\t\t\t\t\t\t<section class=\"elementor-section elementor-inner-section elementor-element elementor-element-4c267d4 elementor-section-boxed elementor-section-height-default elementor-section-height-default\" data-id=\"4c267d4\" data-element_type=\"section\">\n\t\t\t\t\t\t<div class=\"elementor-container elementor-column-gap-default\">\n\t\t\t\t\t<div class=\"elementor-column elementor-col-33 elementor-inner-column elementor-element elementor-element-f46eaa0\" data-id=\"f46eaa0\" data-element_type=\"column\" data-settings=\"{&quot;background_background&quot;:&quot;classic&quot;}\">\n\t\t\t<div class=\"elementor-widget-wrap elementor-element-populated\">\n\t\t\t\t\t\t\t\t<div class=\"elementor-element elementor-element-01ceb77 elementor-widget elementor-widget-text-editor\" data-id=\"01ceb77\" data-element_type=\"widget\" data-widget_type=\"text-editor.default\">\n\t\t\t\t<div class=\"elementor-widget-container\">\n\t\t\t\t\t\t\t<p style=\"text-align: center;\"><strong>COMBO<\/strong><\/p>\t\t\t\t\t\t<\/div>\n\t\t\t\t<\/div>\n\t\t\t\t<div class=\"elementor-element elementor-element-375b178 elementor-widget elementor-widget-text-editor\" data-id=\"375b178\" data-element_type=\"widget\" data-widget_type=\"text-editor.default\">\n\t\t\t\t<div class=\"elementor-widget-container\">\n\t\t\t\t\t\t\t<p style=\"text-align: center;\">Grup instrumental de m\u00fasica \u00abmoderna\u00bb<\/p>\t\t\t\t\t\t<\/div>\n\t\t\t\t<\/div>\n\t\t\t\t\t<\/div>\n\t\t<\/div>\n\t\t\t\t<div class=\"elementor-column elementor-col-33 elementor-inner-column elementor-element elementor-element-ad41793\" data-id=\"ad41793\" data-element_type=\"column\" data-settings=\"{&quot;background_background&quot;:&quot;classic&quot;}\">\n\t\t\t<div class=\"elementor-widget-wrap elementor-element-populated\">\n\t\t\t\t\t\t\t\t<div class=\"elementor-element elementor-element-13505b1 elementor-widget elementor-widget-text-editor\" data-id=\"13505b1\" data-element_type=\"widget\" data-widget_type=\"text-editor.default\">\n\t\t\t\t<div class=\"elementor-widget-container\">\n\t\t\t\t\t\t\t<p style=\"text-align: center;\"><strong>CAMBRA<\/strong><\/p>\t\t\t\t\t\t<\/div>\n\t\t\t\t<\/div>\n\t\t\t\t<div class=\"elementor-element elementor-element-b104061 elementor-widget elementor-widget-text-editor\" data-id=\"b104061\" data-element_type=\"widget\" data-widget_type=\"text-editor.default\">\n\t\t\t\t<div class=\"elementor-widget-container\">\n\t\t\t\t\t\t\t<p style=\"text-align: center;\">Grup instrumental de m\u00fasica \u00abcl\u00e0ssica\u00bb<\/p>\t\t\t\t\t\t<\/div>\n\t\t\t\t<\/div>\n\t\t\t\t\t<\/div>\n\t\t<\/div>\n\t\t\t\t<div class=\"elementor-column elementor-col-33 elementor-inner-column elementor-element elementor-element-7e8caee\" data-id=\"7e8caee\" data-element_type=\"column\" data-settings=\"{&quot;background_background&quot;:&quot;classic&quot;}\">\n\t\t\t<div class=\"elementor-widget-wrap elementor-element-populated\">\n\t\t\t\t\t\t\t\t<div class=\"elementor-element elementor-element-85d555c elementor-widget elementor-widget-text-editor\" data-id=\"85d555c\" data-element_type=\"widget\" data-widget_type=\"text-editor.default\">\n\t\t\t\t<div class=\"elementor-widget-container\">\n\t\t\t\t\t\t\t<p style=\"text-align: center;\"><strong>ORQUESTRA<\/strong><\/p>\t\t\t\t\t\t<\/div>\n\t\t\t\t<\/div>\n\t\t\t\t<div class=\"elementor-element elementor-element-d5f8487 elementor-widget elementor-widget-text-editor\" data-id=\"d5f8487\" data-element_type=\"widget\" data-widget_type=\"text-editor.default\">\n\t\t\t\t<div class=\"elementor-widget-container\">\n\t\t\t\t\t\t\t<p style=\"text-align: center;\">Gran grup instrumental de m\u00fasica \u00abcl\u00e0ssica\u00bb<\/p>\t\t\t\t\t\t<\/div>\n\t\t\t\t<\/div>\n\t\t\t\t\t<\/div>\n\t\t<\/div>\n\t\t\t\t\t\t\t<\/div>\n\t\t<\/section>\n\t\t\t\t\t<\/div>\n\t\t<\/div>\n\t\t\t\t\t\t\t<\/div>\n\t\t<\/section>\n\t\t\t\t\t<\/div>\n\t\t<\/div>\n\t\t\t\t\t\t\t<\/div>\n\t\t<\/section>\n\t\t\t\t<section class=\"elementor-section elementor-top-section elementor-element elementor-element-311e1d93 elementor-section-boxed elementor-section-height-default elementor-section-height-default\" data-id=\"311e1d93\" data-element_type=\"section\">\n\t\t\t\t\t\t<div class=\"elementor-container elementor-column-gap-default\">\n\t\t\t\t\t<div class=\"elementor-column elementor-col-100 elementor-top-column elementor-element elementor-element-4754e9ac\" data-id=\"4754e9ac\" data-element_type=\"column\">\n\t\t\t<div class=\"elementor-widget-wrap elementor-element-populated\">\n\t\t\t\t\t\t\t\t<div class=\"elementor-element elementor-element-4502339e elementor-widget elementor-widget-text-editor\" data-id=\"4502339e\" data-element_type=\"widget\" data-widget_type=\"text-editor.default\">\n\t\t\t\t<div class=\"elementor-widget-container\">\n\t\t\t\t\t\t\t<p><!-- wp:list --><\/p>\n<ul>\n<li>assignatura:&nbsp;<strong>CONJUNT INSTRUMENTAL -combo i cambra-<\/strong><\/li>\n<li><strong><em>\u2026.a partir del nivell 8 del programa MusicActiva.<\/em><\/strong><\/li>\n<li>COMBO -grup instrumental de m\u00fasica moderna-&nbsp;<\/li>\n<li>CAMBRA: formaci\u00f3 de duos, trios i petits grups i instrumentals -musica \u00fanicament interpretada, sense improvisaci\u00f3-<\/li>\n<li>ORQUESTRA: interpretaci\u00f3 en gran grup instrumental&nbsp;<\/li>\n<li><strong><em>Conjunt instrumental als nivells anteriors: l\u2019efecte formatiu de conjunt instrumental des del nivell 1 fins nivell 7 de programa- es treballa de manera impl\u00edcita en totes les mat\u00e8ries-:&nbsp;<\/em><\/strong>\n<ul>\n<li>Instrument solista amb acompanyament del professor\/a: tots els instruments mel\u00f2dics -flautes, viol\u00ed, clarinet-, aprenen i interpreten les peces amb acompayament del professor.<\/li>\n<li>Els instruments polif\u00f2nics -piano i guitarra- en els nivells 1-2-3 del seus programes, fan m\u00fasica nom\u00e9s a nivell mel\u00f2diic i treballen sempre amb acompanyament.<\/li>\n<li>En els nivells que fan m\u00fasica polif\u00f2nica i ja toquen les peces sense acompanyament, els Guions d\u2019Estudi amb els quals aprenem totes les peces en tots els nivells fan que l\u2019alumne\/a faci tots els exercicis tocant sempre juntament amb el professor\/a.<\/li>\n<li>Exercicis de llenguatge musical: tots els exercicis de totes les mat\u00e8ries de llenguatge es fan construint la m\u00fasica de manera col\u00b7lectiva.<\/li>\n<\/ul>\n<\/li>\n<\/ul>\n<p><!-- \/wp:list --><\/p>\t\t\t\t\t\t<\/div>\n\t\t\t\t<\/div>\n\t\t\t\t\t<\/div>\n\t\t<\/div>\n\t\t\t\t\t\t\t<\/div>\n\t\t<\/section>\n\t\t\t\t\t\t\t<\/div>\n\t\t","protected":false},"excerpt":{"rendered":"<p>CONJUNT INSTRUMENTAL Aprendre a interpretar repertori amb grup de m\u00fasica \u00abmoderna\u00bb i m\u00fasica cl\u00e0ssica -a partir del nivell 8 del Programa d&#8217;Estudis- COMBO Grup instrumental de m\u00fasica \u00abmoderna\u00bb CAMBRA Grup instrumental de m\u00fasica \u00abcl\u00e0ssica\u00bb ORQUESTRA Gran grup instrumental de m\u00fasica \u00abcl\u00e0ssica\u00bb assignatura:&nbsp;CONJUNT INSTRUMENTAL -combo i cambra- \u2026.a partir del nivell 8 del programa MusicActiva. COMBO&hellip;<\/p>\n","protected":false},"author":1,"featured_media":0,"parent":0,"menu_order":0,"comment_status":"closed","ping_status":"closed","template":"","meta":{"footnotes":""},"class_list":["post-831","page","type-page","status-publish","hentry"],"_links":{"self":[{"href":"http:\/\/musicactiva.net\/escolademusica\/wp-json\/wp\/v2\/pages\/831","targetHints":{"allow":["GET"]}}],"collection":[{"href":"http:\/\/musicactiva.net\/escolademusica\/wp-json\/wp\/v2\/pages"}],"about":[{"href":"http:\/\/musicactiva.net\/escolademusica\/wp-json\/wp\/v2\/types\/page"}],"author":[{"embeddable":true,"href":"http:\/\/musicactiva.net\/escolademusica\/wp-json\/wp\/v2\/users\/1"}],"replies":[{"embeddable":true,"href":"http:\/\/musicactiva.net\/escolademusica\/wp-json\/wp\/v2\/comments?post=831"}],"version-history":[{"count":14,"href":"http:\/\/musicactiva.net\/escolademusica\/wp-json\/wp\/v2\/pages\/831\/revisions"}],"predecessor-version":[{"id":5041,"href":"http:\/\/musicactiva.net\/escolademusica\/wp-json\/wp\/v2\/pages\/831\/revisions\/5041"}],"wp:attachment":[{"href":"http:\/\/musicactiva.net\/escolademusica\/wp-json\/wp\/v2\/media?parent=831"}],"curies":[{"name":"wp","href":"https:\/\/api.w.org\/{rel}","templated":true}]}}

<div data-elementor-type="wp-page" data-elementor-id="831" class="elementor elementor-831">
									<section class="elementor-section elementor-top-section elementor-element elementor-element-bba0469 elementor-section-boxed elementor-section-height-default elementor-section-height-default" data-id="bba0469" data-element_type="section">
						<div class="elementor-container elementor-column-gap-default">
					<div class="elementor-column elementor-col-100 elementor-top-column elementor-element elementor-element-2bf7349" data-id="2bf7349" data-element_type="column">
			<div class="elementor-widget-wrap elementor-element-populated">
								<div class="elementor-element elementor-element-83c4862 elementor-widget elementor-widget-text-editor" data-id="83c4862" data-element_type="widget" data-widget_type="text-editor.default">
				<div class="elementor-widget-container">
			<style>/*! elementor - v3.7.8 - 02-10-2022 */
.elementor-widget-text-editor.elementor-drop-cap-view-stacked .elementor-drop-cap{background-color:#818a91;color:#fff}.elementor-widget-text-editor.elementor-drop-cap-view-framed .elementor-drop-cap{color:#818a91;border:3px solid;background-color:transparent}.elementor-widget-text-editor:not(.elementor-drop-cap-view-default) .elementor-drop-cap{margin-top:8px}.elementor-widget-text-editor:not(.elementor-drop-cap-view-default) .elementor-drop-cap-letter{width:1em;height:1em}.elementor-widget-text-editor .elementor-drop-cap{float:left;text-align:center;line-height:1;font-size:50px}.elementor-widget-text-editor .elementor-drop-cap-letter{display:inline-block}</style>				<p style="text-align: center;"><strong>CONJUNT INSTRUMENTAL</strong></p>						</div>
				</div>
				<div class="elementor-element elementor-element-466b41d elementor-widget elementor-widget-text-editor" data-id="466b41d" data-element_type="widget" data-widget_type="text-editor.default">
				<div class="elementor-widget-container">
							<p style="text-align: center;"><em style="color: var( --e-global-color-primary );"><strong>Aprendre a interpretar repertori amb grup de música «moderna» i música clàssica</strong></em></p>
<p style="text-align: center;"><em><strong>-a partir del nivell 8 del Programa d&#8217;Estudis-</strong></em><em style="color: var( --e-global-color-primary );"><strong><br /></strong></em></p>						</div>
				</div>
				<section class="elementor-section elementor-inner-section elementor-element elementor-element-54c9d92 elementor-section-boxed elementor-section-height-default elementor-section-height-default" data-id="54c9d92" data-element_type="section">
						<div class="elementor-container elementor-column-gap-default">
					<div class="elementor-column elementor-col-100 elementor-inner-column elementor-element elementor-element-bbd85f5" data-id="bbd85f5" data-element_type="column">
			<div class="elementor-widget-wrap elementor-element-populated">
								<section class="elementor-section elementor-inner-section elementor-element elementor-element-4c267d4 elementor-section-boxed elementor-section-height-default elementor-section-height-default" data-id="4c267d4" data-element_type="section">
						<div class="elementor-container elementor-column-gap-default">
					<div class="elementor-column elementor-col-33 elementor-inner-column elementor-element elementor-element-f46eaa0" data-id="f46eaa0" data-element_type="column" data-settings="{&quot;background_background&quot;:&quot;classic&quot;}">
			<div class="elementor-widget-wrap elementor-element-populated">
								<div class="elementor-element elementor-element-01ceb77 elementor-widget elementor-widget-text-editor" data-id="01ceb77" data-element_type="widget" data-widget_type="text-editor.default">
				<div class="elementor-widget-container">
							<p style="text-align: center;"><strong>COMBO</strong></p>						</div>
				</div>
				<div class="elementor-element elementor-element-375b178 elementor-widget elementor-widget-text-editor" data-id="375b178" data-element_type="widget" data-widget_type="text-editor.default">
				<div class="elementor-widget-container">
							<p style="text-align: center;">Grup instrumental de música «moderna»</p>						</div>
				</div>
					</div>
		</div>
				<div class="elementor-column elementor-col-33 elementor-inner-column elementor-element elementor-element-ad41793" data-id="ad41793" data-element_type="column" data-settings="{&quot;background_background&quot;:&quot;classic&quot;}">
			<div class="elementor-widget-wrap elementor-element-populated">
								<div class="elementor-element elementor-element-13505b1 elementor-widget elementor-widget-text-editor" data-id="13505b1" data-element_type="widget" data-widget_type="text-editor.default">
				<div class="elementor-widget-container">
							<p style="text-align: center;"><strong>CAMBRA</strong></p>						</div>
				</div>
				<div class="elementor-element elementor-element-b104061 elementor-widget elementor-widget-text-editor" data-id="b104061" data-element_type="widget" data-widget_type="text-editor.default">
				<div class="elementor-widget-container">
							<p style="text-align: center;">Grup instrumental de música «clàssica»</p>						</div>
				</div>
					</div>
		</div>
				<div class="elementor-column elementor-col-33 elementor-inner-column elementor-element elementor-element-7e8caee" data-id="7e8caee" data-element_type="column" data-settings="{&quot;background_background&quot;:&quot;classic&quot;}">
			<div class="elementor-widget-wrap elementor-element-populated">
								<div class="elementor-element elementor-element-85d555c elementor-widget elementor-widget-text-editor" data-id="85d555c" data-element_type="widget" data-widget_type="text-editor.default">
				<div class="elementor-widget-container">
							<p style="text-align: center;"><strong>ORQUESTRA</strong></p>						</div>
				</div>
				<div class="elementor-element elementor-element-d5f8487 elementor-widget elementor-widget-text-editor" data-id="d5f8487" data-element_type="widget" data-widget_type="text-editor.default">
				<div class="elementor-widget-container">
							<p style="text-align: center;">Gran grup instrumental de música «clàssica»</p>						</div>
				</div>
					</div>
		</div>
							</div>
		</section>
					</div>
		</div>
							</div>
		</section>
					</div>
		</div>
							</div>
		</section>
				<section class="elementor-section elementor-top-section elementor-element elementor-element-311e1d93 elementor-section-boxed elementor-section-height-default elementor-section-height-default" data-id="311e1d93" data-element_type="section">
						<div class="elementor-container elementor-column-gap-default">
					<div class="elementor-column elementor-col-100 elementor-top-column elementor-element elementor-element-4754e9ac" data-id="4754e9ac" data-element_type="column">
			<div class="elementor-widget-wrap elementor-element-populated">
								<div class="elementor-element elementor-element-4502339e elementor-widget elementor-widget-text-editor" data-id="4502339e" data-element_type="widget" data-widget_type="text-editor.default">
				<div class="elementor-widget-container">
							<p><!-- wp:list --></p>
<ul>
<li>assignatura:&nbsp;<strong>CONJUNT INSTRUMENTAL -combo i cambra-</strong></li>
<li><strong><em>….a partir del nivell 8 del programa MusicActiva.</em></strong></li>
<li>COMBO -grup instrumental de música moderna-&nbsp;</li>
<li>CAMBRA: formació de duos, trios i petits grups i instrumentals -musica únicament interpretada, sense improvisació-</li>
<li>ORQUESTRA: interpretació en gran grup instrumental&nbsp;</li>
<li><strong><em>Conjunt instrumental als nivells anteriors: l’efecte formatiu de conjunt instrumental des del nivell 1 fins nivell 7 de programa- es treballa de manera implícita en totes les matèries-:&nbsp;</em></strong>
<ul>
<li>Instrument solista amb acompanyament del professor/a: tots els instruments melòdics -flautes, violí, clarinet-, aprenen i interpreten les peces amb acompayament del professor.</li>
<li>Els instruments polifònics -piano i guitarra- en els nivells 1-2-3 del seus programes, fan música només a nivell melòdiic i treballen sempre amb acompanyament.</li>
<li>En els nivells que fan música polifònica i ja toquen les peces sense acompanyament, els Guions d’Estudi amb els quals aprenem totes les peces en tots els nivells fan que l’alumne/a faci tots els exercicis tocant sempre juntament amb el professor/a.</li>
<li>Exercicis de llenguatge musical: tots els exercicis de totes les matèries de llenguatge es fan construint la música de manera col·lectiva.</li>
</ul>
</li>
</ul>
<p><!-- /wp:list --></p>						</div>
				</div>
					</div>
		</div>
							</div>
		</section>
							</div>

<p>CONJUNT INSTRUMENTAL Aprendre a interpretar repertori amb grup de música «moderna» i música clàssica -a partir del nivell 8 del Programa d&#8217;Estudis- COMBO Grup instrumental de música «moderna» CAMBRA Grup instrumental de música «clàssica» ORQUESTRA Gran grup instrumental de música «clàssica» assignatura:&nbsp;CONJUNT INSTRUMENTAL -combo i cambra- ….a partir del nivell 8 del programa MusicActiva. COMBO&hellip;</p>
