{"id":2107,"date":"2026-03-31T08:00:52","date_gmt":"2026-03-31T08:00:52","guid":{"rendered":"https:\/\/musicactiva.net\/casal\/?page_id=2107"},"modified":"2026-04-04T15:53:31","modified_gmt":"2026-04-04T15:53:31","slug":"i3-i4-i5-un-dia-al-casal-abordatge26-marta-corregit","status":"publish","type":"page","link":"https:\/\/musicactiva.net\/casal\/i3-i4-i5-un-dia-al-casal-abordatge26-marta-corregit\/","title":{"rendered":"I3 I4 I5 UN DIA AL CASAL"},"content":{"rendered":"\n<p class=\"has-text-align-center has-text-color has-link-color wp-elements-7edde464cf51c405b84e81954a13aeca\" style=\"color:#106574;font-size:28px\"><strong>UN DIA AL CASAL DE I3 I4 I5<\/strong><\/p>\n\n\n<div class=\"wp-block-image\">\n<figure class=\"aligncenter size-large\"><img loading=\"lazy\" decoding=\"async\" width=\"1024\" height=\"731\" src=\"http:\/\/musicactiva.net\/casal\/wp-content\/uploads\/2026\/03\/UNA-SETMANA-CASAL-7-2-1024x731.png\" alt=\"\" class=\"wp-image-2246\" srcset=\"https:\/\/musicactiva.net\/casal\/wp-content\/uploads\/2026\/03\/UNA-SETMANA-CASAL-7-2-1024x731.png 1024w, https:\/\/musicactiva.net\/casal\/wp-content\/uploads\/2026\/03\/UNA-SETMANA-CASAL-7-2-300x214.png 300w, https:\/\/musicactiva.net\/casal\/wp-content\/uploads\/2026\/03\/UNA-SETMANA-CASAL-7-2-768x548.png 768w, https:\/\/musicactiva.net\/casal\/wp-content\/uploads\/2026\/03\/UNA-SETMANA-CASAL-7-2-1536x1097.png 1536w, https:\/\/musicactiva.net\/casal\/wp-content\/uploads\/2026\/03\/UNA-SETMANA-CASAL-7-2.png 2000w\" sizes=\"auto, (max-width: 1024px) 100vw, 1024px\" \/><\/figure>\n<\/div>\n\n\n<div style=\"height:47px\" aria-hidden=\"true\" class=\"wp-block-spacer\"><\/div>\n\n\n\n<p class=\"has-medium-font-size\" id=\"block-8e7ebbae-e8db-4aed-8fe8-148da2abdd08\"><strong>DILLUNS i DIMARTS<\/strong><\/p>\n\n\n\n<p class=\"has-medium-font-size\" id=\"block-2aeb41e6-d505-4c82-a5b5-33c699754492\"><strong>9:00&nbsp; ARRIBADA i ESMORZAR<\/strong><\/p>\n\n\n\n<p id=\"block-50afc8af-952a-497a-a7a1-bafc6d9d8b03\">Bon dia&#8230;! comencem el mat\u00ed tranquil\u00b7lament, saludant a companys i professors, esmorzant i planificant el que farem al llarg del dia.<\/p>\n\n\n\n<p class=\"has-medium-font-size\" id=\"block-d1c11bd4-4d41-47e3-b714-e78adbedcf6f\"><strong>9:30&nbsp; DANSA-GIMN\u00c0STICA R\u00edTMICA:<\/strong>&nbsp;<\/p>\n\n\n\n<figure class=\"wp-block-image\" id=\"block-9b039f8d-425c-49b8-8eec-7c765d2d2738\"><img decoding=\"async\" src=\"http:\/\/musicactiva.net\/casal\/wp-content\/uploads\/2022\/04\/Captura-de-pantalla-2022-04-17-a-les-10.19.37-1024x549.png\" alt=\"La imagen tiene un atributo ALT vac\u00edo; su nombre de archivo es Captura-de-pantalla-2022-04-17-a-les-10.19.37-1024x549.png\"\/><\/figure>\n\n\n\n<p id=\"block-483db4b9-f513-44c2-aeb8-3a8fac54424e\">Per tal d\u2019acabar-nos de despertar i comen\u00e7ar el dia amb dinamisme, fem una gran rotllana al pati-gimn\u00e0s de l\u2019escola, i ens posem en marxa amb la sessi\u00f3 matinal de dansa-gimn\u00e0stica, activitat en qu\u00e8 utilitzem la percussi\u00f3 corporal i els exercicis d\u2019improvisaci\u00f3 r\u00edtmica per a mobilitzar el cos i la veu. Tota la sessi\u00f3 es realitza amb l\u2019acompanyament d\u2019instruments de percussi\u00f3 tocats en directe que ens desperten i ens donen for\u00e7a i energia per a tot el dia.<\/p>\n\n\n\n<p class=\"has-medium-font-size\" id=\"block-9d84ab98-3d96-468c-b0e1-d3a43162c02f\"><strong>10:00 ASSAIG de les CAN\u00c7ONS de l\u2019ESPECTACLE<\/strong><\/p>\n\n\n\n<p id=\"block-452cc435-4aae-4d42-8aa3-0ae165934f97\">Quan ja estem en marxa, cada grup d\u2019alumnes ocupa un espai diferent i ben dirigit pels seus professors, assagem les can\u00e7ons que donen vida als personatges i a les escenes que representem a l\u2019ESPECTACLE i que omplen de sentit&nbsp; totes les ACTIVITATS ART\u00cdSTIQUES i ACTIVITATS L\u00daDIQUES del casal.<\/p>\n\n\n\n<p class=\"has-medium-font-size\" id=\"block-be25b601-7ed3-4250-a81d-dd57334d0fee\"><strong>11:30&nbsp; DILLUNS JOCS d\u2019AIGUA \/ DIMARTS PISCINA<\/strong><\/p>\n\n\n\n<p id=\"block-75318463-77cf-439b-b582-c38455066e2a\">Ja hem fet l\u2019assaig!!!. Per a esbargir-nos i gaudir de l\u2019estiu i les vacances, fem jocs d\u2019aigua amb can\u00f3 d\u2019escuma, castells inflables, m\u00e0negues i ruixadors o anem a la piscina per banyar-nos, prendre el sol, estar a l\u2019aire lliure i disposar de temps i d\u2019espai per a jugar.<\/p>\n\n\n\n<figure class=\"wp-block-image\" id=\"block-ee1b6df0-8100-4f6e-af28-5d34a3032d54\"><img decoding=\"async\" src=\"http:\/\/musicactiva.net\/casal\/wp-content\/uploads\/2022\/04\/cano%CC%81-escuma-2--1024x768.jpg\" alt=\"La imagen tiene un atributo ALT vac\u00edo; su nombre de archivo es cano%CC%81-escuma-2--1024x768.jpg\"\/><\/figure>\n\n\n\n<p class=\"has-medium-font-size\" id=\"block-ded6f071-1a4e-4914-ae10-b2f42313ed3d\"><strong>13:00&nbsp; &#8230;A DINAR!!!<\/strong><\/p>\n\n\n\n<p id=\"block-1498f16b-381d-453b-a4fc-bbf47a66eb46\">Despr\u00e9s del bany, \u00e9s hora de dinar. Ens esperen dinars \u201cbon\u00edssims\u201d per recuperar les forces i l\u2019energia. <\/p>\n\n\n\n<p class=\"has-medium-font-size\" id=\"block-311a6b00-8072-4df2-bf1d-c7752665a2fd\"><strong>15:00&nbsp; TALLERS ART\u00cdSTICS<\/strong><\/p>\n\n\n\n<p id=\"block-d54a9fe1-3583-458f-af77-c0336f932844\"><strong>TALLER de PL\u00c0STIQUES<\/strong><\/p>\n\n\n\n<p id=\"block-d54a9fe1-3583-458f-af77-c0336f932844\">Utilitzarem t\u00e8cniques pl\u00e0stiques molt variades per crear els vestuaris, les m\u00e0scares, les escenografies i els elements escult\u00f2rics amb qu\u00e8 realitzem les escenificacions del CONCERT-ESPECTACLE.<\/p>\n\n\n\n<figure class=\"wp-block-image\" id=\"block-d8e96856-6487-48e1-951b-5e4cd5e30430\"><img decoding=\"async\" src=\"http:\/\/musicactiva.net\/casal\/wp-content\/uploads\/2022\/04\/foto-3-1024x765.jpg\" alt=\"La imagen tiene un atributo ALT vac\u00edo; su nombre de archivo es foto-3-1024x765.jpg\"\/><\/figure>\n\n\n\n<figure class=\"wp-block-image\" id=\"block-1a145ec2-8468-4944-8a14-e55fea8ef241\"><img decoding=\"async\" src=\"http:\/\/musicactiva.net\/casal\/wp-content\/uploads\/2022\/04\/foto-1024x765.jpg\" alt=\"La imagen tiene un atributo ALT vac\u00edo; su nombre de archivo es foto-1024x765.jpg\"\/><\/figure>\n\n\n\n<p id=\"block-6fa24363-e585-4547-ac82-0f5154c7c45f\"><strong>TALLER d\u2019ESCENIFICACI\u00d3 i COREOGRAFIA<\/strong><\/p>\n\n\n\n<p id=\"block-6fa24363-e585-4547-ac82-0f5154c7c45f\">Quan haguem apr\u00e8s b\u00e9 les can\u00e7ons, les m\u00fasiques i els textos, i a mida que anem disposant dels vestuaris de les escenografies i de tot el material necessari per a construir l\u2019escena, podrem fer els assajos de les escenes de l\u2019espectacle, ben dirigits pels professors de MusicActiva i gaudint de les m\u00fasiques tocades en directe. Quant m\u00e9s material tinguem i m\u00e9s assajos puguem fer, millor. S\u2019acosta el dia de l\u2019espectacle i estem cada vegada m\u00e9s emocionats!!!!<\/p>\n\n\n\n<p class=\"has-medium-font-size\" id=\"block-df11be17-8a73-4489-a83a-c23ac40e88f4\"><strong>16:30 &#8230;FINS DEM\u00c0!!!!<\/strong><\/p>\n\n\n\n<p class=\"has-medium-font-size\" id=\"block-c2fbef01-9a77-4498-910f-5ac05728d7c5\"><strong>DIMECRES: ESPECTACLE&nbsp;<\/strong><\/p>\n\n\n\n<p class=\"has-medium-font-size\" id=\"block-c5eb05b1-1dea-4152-8e71-2f794a60a323\"><strong>&#8230;obert a mares pares i<\/strong> <strong>tots els amics que vulgueu convida<\/strong>r<\/p>\n\n\n\n<p id=\"block-f65ca94c-09fd-44ab-b47d-118eaa03cc81\">Ha arribat el gran dia&#8230;! Cada dimecres presentarem l\u2019espectacle obert als pares dels alumnes i a tots els amics i familiars que vulgueu convidar, a on escenificarem la nostra hist\u00f2ria utilitzant tota la feina que hem realitzat als tallers de creaci\u00f3 art\u00edstica: cantarem les can\u00e7ons que hem apr\u00e8s als assajos musicals; ballarem les danses i coreografies de moviment esc\u00e8nic que hem preparat als tallers d\u2019escenificaci\u00f3 ; ens vestirem amb els vestits i complements que hem fet als tallers de pl\u00e0stiques; instal.larem les magn\u00edfiques escenografies i les escultures esc\u00e8niques que hem constru\u00eft, i llegirem o representarem els textes literaris que hem creat arrel de l\u2019argument de l\u2019espectacle.&nbsp;<\/p>\n\n\n\n<figure class=\"wp-block-image\" id=\"block-a32f9893-bca2-40b5-9d9e-dbe37b1e2725\"><img decoding=\"async\" src=\"http:\/\/musicactiva.net\/casal\/wp-content\/uploads\/2022\/04\/2019-07-25-16.47.21-1024x768.jpg\" alt=\"La imagen tiene un atributo ALT vac\u00edo; su nombre de archivo es 2019-07-25-16.47.21-1024x768.jpg\"\/><\/figure>\n\n\n\n<figure class=\"wp-block-image\" id=\"block-400d0c75-397c-4882-9db2-5d6b45f5cf38\"><img decoding=\"async\" src=\"http:\/\/musicactiva.net\/casal\/wp-content\/uploads\/2022\/04\/2019-07-25-16.56.15-1024x768.jpg\" alt=\"La imagen tiene un atributo ALT vac\u00edo; su nombre de archivo es 2019-07-25-16.56.15-1024x768.jpg\"\/><\/figure>\n\n\n\n<p id=\"block-f898f60e-554d-4ad4-8b9f-f7b4856d7b46\">&nbsp; &nbsp; &nbsp; &nbsp; &nbsp; &nbsp; &nbsp; &nbsp;Quina emoci\u00f3!!!!!!<\/p>\n\n\n\n<p id=\"block-7673cd89-1e08-4ad8-9236-385a9e208531\">&nbsp; &nbsp; &nbsp; &nbsp; &nbsp; &nbsp; &nbsp; &nbsp; &nbsp; &nbsp; &nbsp; &nbsp; &#8230;.les mares, els pares i molts amics ens vindran a veure&#8230;!<\/p>\n\n\n\n<p id=\"block-e169f70e-3859-44e3-88fe-ba4b696c09ad\">&nbsp; &nbsp; &nbsp; &nbsp; &nbsp; &nbsp; &nbsp; &nbsp; &nbsp; &nbsp; &nbsp; &nbsp; &#8230;&#8230;quins nervis que tenim quan estem als camerinos!!!!&nbsp; &nbsp; &nbsp;<\/p>\n\n\n\n<p id=\"block-9c370b57-c4e5-41b0-9bc6-cae72212f52b\">&nbsp; &nbsp; &nbsp; &nbsp; &nbsp; &nbsp; &nbsp; &nbsp; &nbsp; &nbsp; &nbsp; &nbsp; &nbsp; &nbsp; &nbsp; &nbsp; &nbsp; &nbsp; &nbsp; &nbsp; &#8230;.quina for\u00e7a sentim quan sortim a l\u2019escenari&#8230;!!!&nbsp;<\/p>\n\n\n\n<p id=\"block-9c883cb5-1520-4b34-8ab3-b87301d26016\">Quan acabi l\u2019espectacle rebrem els aplaudiments i les felicitacions dels pares, les mares i de tot el p\u00fablic, tindrem una sensaci\u00f3 molt intensa que recordarem molt de temps i ens quedarem molt satisfets de la nostra experi\u00e8ncia.<\/p>\n\n\n\n<figure class=\"wp-block-image\" id=\"block-c41451e2-1ace-4c4a-a6a6-82adfce6429c\"><img decoding=\"async\" src=\"http:\/\/musicactiva.net\/casal\/wp-content\/uploads\/2022\/04\/PICT1152-1024x768.jpg\" alt=\"La imagen tiene un atributo ALT vac\u00edo; su nombre de archivo es PICT1152-1024x768.jpg\"\/><\/figure>\n\n\n\n<figure class=\"wp-block-image\" id=\"block-5fcd98ed-2954-465e-a900-c378aeead98e\"><img decoding=\"async\" src=\"http:\/\/musicactiva.net\/casal\/wp-content\/uploads\/2022\/04\/PICT1150-1024x768.jpg\" alt=\"La imagen tiene un atributo ALT vac\u00edo; su nombre de archivo es PICT1150-1024x768.jpg\"\/><\/figure>\n\n\n\n<p id=\"block-d8e809a4-d296-452b-bbc0-13edbd0f0792\">L\u2019 espectacle \u201c<strong>A L&#8217;ABORDATGE\u201d <\/strong>amb m\u00fasica i libreto original de Miriam Darriba, Isabel Darriba i Abel Castell\u00f3, \u00e9s un gran musical en el qual actuen tots les nenes i els nens que participen al casal i tamb\u00e9 tots els professors i totes les professores. L\u2019espectacle es presenta cada dimecres amb m\u00fasica en directe .<\/p>\n\n\n\n<p id=\"block-4f7d3b86-5bbe-443e-83fc-e7d0ee202806\">Hi esteu convidats totes les mares, pares familiars i amics als que vulgueu convidar.<\/p>\n\n\n\n<p><p id=\"block-eaa1947c-9629-4738-b436-41df85068293\">\ufeff<\/p><\/p>\n\n\n\n<p class=\"has-medium-font-size\" id=\"block-fec9879d-35ec-48ae-9efc-3acc51886ff0\"><strong>DIJOUS: EXCURSI\u00d3<\/strong><\/p>\n\n\n\n<p id=\"block-71b51987-063d-4ab8-af05-14915e6cc022\">Cada dijous farem una excursi\u00f3 de tot el dia per gaudir de l\u2019aire lliure i fer JOCS TEATRALITZATS, jocs tem\u00e0tics dissenyats a partir de la ficci\u00f3 de l\u2019espectacle, on ens convertirem en personatges del musical A L&#8217;ABORDATGE!!!.<\/p>\n\n\n\n<p><p id=\"block-c9be34cf-4f11-4356-82c7-087756d8e777\">\ufeff<\/p><\/p>\n\n\n\n<figure class=\"wp-block-image\" id=\"block-4520f9b0-f65c-4dd0-b6c7-897da3a98313\"><img decoding=\"async\" src=\"http:\/\/musicactiva.net\/casal\/wp-content\/uploads\/2022\/04\/MarxemExcursio%CC%812-1024x765.jpg\" alt=\"La imagen tiene un atributo ALT vac\u00edo; su nombre de archivo es MarxemExcursio%CC%812-1024x765.jpg\"\/><\/figure>\n\n\n\n<figure class=\"wp-block-image\" id=\"block-e34dd097-58f9-4572-a56d-00f0a6126b62\"><img decoding=\"async\" src=\"http:\/\/musicactiva.net\/casal\/wp-content\/uploads\/2022\/04\/FestaReiLleo%CC%813-1024x765.jpg\" alt=\"La imagen tiene un atributo ALT vac\u00edo; su nombre de archivo es FestaReiLleo%CC%813-1024x765.jpg\"\/><\/figure>\n\n\n\n<figure class=\"wp-block-image\" id=\"block-debb379c-9b19-47a5-a775-b8720520b5c3\"><img decoding=\"async\" src=\"http:\/\/musicactiva.net\/casal\/wp-content\/uploads\/2022\/04\/Captura-de-pantalla-2022-04-17-a-les-10.43.30-1024x522.png\" alt=\"La imagen tiene un atributo ALT vac\u00edo; su nombre de archivo es Captura-de-pantalla-2022-04-17-a-les-10.43.30-1024x522.png\"\/><\/figure>\n\n\n\n<p class=\"has-medium-font-size\" id=\"block-0a89043d-fa49-4dd3-a135-37c470bf3bee\"><strong>DIVENDRES:<\/strong><\/p>\n\n\n\n<p class=\"has-medium-font-size\" id=\"block-97f70b74-5008-4d20-94a7-d5d5f82de1b2\"><strong>MIL JOCS EN UN,<\/strong> <strong>CONFECCI\u00d3 i ENTREGA de MEDALLES i FESTA de COMIAT<\/strong><\/p>\n\n\n\n<figure class=\"wp-block-image\" id=\"block-f06f8680-a54c-48b1-a1dc-24b69c91afd4\"><img decoding=\"async\" src=\"http:\/\/musicactiva.net\/casal\/wp-content\/uploads\/2022\/04\/Captura-de-pantalla-2022-04-17-a-les-11.25.57-1024x630.png\" alt=\"La imagen tiene un atributo ALT vac\u00edo; su nombre de archivo es Captura-de-pantalla-2022-04-17-a-les-11.25.57-1024x630.png\"\/><\/figure>\n\n\n\n<p id=\"block-9e79b167-78e0-4979-9f81-5464ad2c63a6\">El divendres, a jugar&#8230;!!!! Ja hem fet l\u2019espectacle i podem dedicar tot el mat\u00ed a participar al \u201c<strong>MIL JOCS en UN<\/strong>\u201d circuit de jocs per demostrar diverses habilitats aix\u00ed com la velocitat, concentraci\u00f3, equilibri, mem\u00f2ria, etc&#8230; aprenent a gaudir i a divertir-nos no nom\u00e9s quan guanyem, sino tamb\u00e9 quan sabem compartir el joc, les bromes i el bon humor amb els companys. Ah! i abans de jugar ens explicaran com es juga a cada jocs amb un teatre participatiu on els monitors i monitores representen els jocs perqu\u00e8 ho entenguem molt b\u00e9 i ens divertim molt\u00edssim.<\/p>\n\n\n\n<p id=\"block-02790d88-05a9-4ade-9ef1-b82aba2eda38\"><strong>TALLER de CONFECCI\u00d3 de MEDALLES:<\/strong> A mig mat\u00ed,&nbsp; realitzarem el taller de medalles on confeccionarem les medalles, amb que premiarem la capacitat de col.laboraci\u00f3 amb els companys, la capacitat d\u2019implicaci\u00f3 en el joc, la generositat amb els companys i la capacitat per a divertir-nos tant si guanyem com si perdem&#8230;tots tindrem el nostre premi!!!<\/p>\n\n\n\n<p id=\"block-f958e39b-8b40-461c-a33b-f6ec9fea61cb\"><strong>FESTA d\u2019ACOMIADAMENT i ENTREGA de MEDALLES: <\/strong>Per la tarda farem la festa d\u2019acomiadament, on farem els actes d\u2019entrega de trofeus a cada un dels equips, on recordarem tot el que ens ha passat durant la setmana amb projecci\u00f3 de fotos i de v\u00eddeos de l\u2019espectacle, de l\u2019excursi\u00f3 i de la resta d\u2019activitats, i ens acomiadarem amb can\u00e7ons i dedicat\u00f2ries especials pels companys que aquella setmana deixen el casal.<\/p>\n\n\n\n<figure class=\"wp-block-image\" id=\"block-ffecfdd2-1071-494e-8d4d-2a05f5dfc400\"><img decoding=\"async\" src=\"http:\/\/musicactiva.net\/casal\/wp-content\/uploads\/2022\/04\/Captura-de-pantalla-2022-04-17-a-les-11.28.38-1024x398.png\" alt=\"La imagen tiene un atributo ALT vac\u00edo; su nombre de archivo es Captura-de-pantalla-2022-04-17-a-les-11.28.38-1024x398.png\"\/><\/figure>\n\n\n\n<p class=\"has-medium-font-size\" id=\"block-05178d84-be4e-45b5-854b-cb51dfdc9e90\">&nbsp;&nbsp; &nbsp; &nbsp; &nbsp; &nbsp; &nbsp; &nbsp; &nbsp; &nbsp; &nbsp; <strong>&nbsp; <\/strong><strong>Fins la setmana vinent&#8230;.!!!<\/strong><\/p>\n\n\n\n<p>\ufeff<\/p>\n","protected":false},"excerpt":{"rendered":"<p>UN DIA AL CASAL DE I3 I4 I5 DILLUNS i DIMARTS 9:00&nbsp; ARRIBADA i ESMORZAR Bon dia&#8230;! comencem el mat\u00ed tranquil\u00b7lament, saludant a companys i professors, esmorzant i planificant el que farem al llarg del dia. 9:30&nbsp; DANSA-GIMN\u00c0STICA R\u00edTMICA:&nbsp; Per tal d\u2019acabar-nos de despertar i comen\u00e7ar el dia amb dinamisme, fem una gran rotllana al&hellip;<\/p>\n","protected":false},"author":1,"featured_media":0,"parent":0,"menu_order":0,"comment_status":"closed","ping_status":"closed","template":"","meta":{"footnotes":""},"class_list":["post-2107","page","type-page","status-publish","hentry"],"aioseo_notices":[],"_links":{"self":[{"href":"https:\/\/musicactiva.net\/casal\/wp-json\/wp\/v2\/pages\/2107","targetHints":{"allow":["GET"]}}],"collection":[{"href":"https:\/\/musicactiva.net\/casal\/wp-json\/wp\/v2\/pages"}],"about":[{"href":"https:\/\/musicactiva.net\/casal\/wp-json\/wp\/v2\/types\/page"}],"author":[{"embeddable":true,"href":"https:\/\/musicactiva.net\/casal\/wp-json\/wp\/v2\/users\/1"}],"replies":[{"embeddable":true,"href":"https:\/\/musicactiva.net\/casal\/wp-json\/wp\/v2\/comments?post=2107"}],"version-history":[{"count":11,"href":"https:\/\/musicactiva.net\/casal\/wp-json\/wp\/v2\/pages\/2107\/revisions"}],"predecessor-version":[{"id":2456,"href":"https:\/\/musicactiva.net\/casal\/wp-json\/wp\/v2\/pages\/2107\/revisions\/2456"}],"wp:attachment":[{"href":"https:\/\/musicactiva.net\/casal\/wp-json\/wp\/v2\/media?parent=2107"}],"curies":[{"name":"wp","href":"https:\/\/api.w.org\/{rel}","templated":true}]}}