{"id":2306,"date":"2026-04-02T06:36:47","date_gmt":"2026-04-02T06:36:47","guid":{"rendered":"http:\/\/musicactiva.net\/casal\/?page_id=2306"},"modified":"2026-04-04T15:51:26","modified_gmt":"2026-04-04T15:51:26","slug":"casal-dels-10-als-17-anys-copy","status":"publish","type":"page","link":"https:\/\/musicactiva.net\/casal\/casal-dels-10-als-17-anys-copy\/","title":{"rendered":"CASAL dels 10 als 17 anys"},"content":{"rendered":"\n<figure class=\"wp-block-image size-large\"><img loading=\"lazy\" decoding=\"async\" width=\"1024\" height=\"731\" src=\"http:\/\/musicactiva.net\/casal\/wp-content\/uploads\/2026\/03\/UNA-SETMANA-CASAL-10-1-1024x731.png\" alt=\"\" class=\"wp-image-2250\" srcset=\"https:\/\/musicactiva.net\/casal\/wp-content\/uploads\/2026\/03\/UNA-SETMANA-CASAL-10-1-1024x731.png 1024w, https:\/\/musicactiva.net\/casal\/wp-content\/uploads\/2026\/03\/UNA-SETMANA-CASAL-10-1-300x214.png 300w, https:\/\/musicactiva.net\/casal\/wp-content\/uploads\/2026\/03\/UNA-SETMANA-CASAL-10-1-768x548.png 768w, https:\/\/musicactiva.net\/casal\/wp-content\/uploads\/2026\/03\/UNA-SETMANA-CASAL-10-1-1536x1097.png 1536w, https:\/\/musicactiva.net\/casal\/wp-content\/uploads\/2026\/03\/UNA-SETMANA-CASAL-10-1.png 2000w\" sizes=\"auto, (max-width: 1024px) 100vw, 1024px\" \/><\/figure>\n\n\n\n<h1 class=\"wp-block-heading has-text-align-center has-medium-font-size\" id=\"block-38587b19-9265-486f-9f75-2e8b92ba15f8\"><a href=\"https:\/\/musicactiva.net\/casal\/dels-10-als-17-anys-un-dia-al-casal-abordatge26-marta-corregit\/\">UN DIA AL CASAL DELS DESCOBRIDORS i LES DESCOBRIDORES<\/a><\/h1>\n\n\n\n<p class=\"has-text-align-center\" id=\"block-886609cb-d5e1-4c3a-aa29-3795e7dcd792\">Horari i contingut de les activitats al llarg del dia<\/p>\n\n\n\n<h1 class=\"wp-block-heading has-text-align-center has-medium-font-size\" id=\"block-e609b3c5-24a3-4c3c-8da0-a964ecf8b8fc\"><a href=\"https:\/\/musicactiva.net\/casal\/dels-10-als-17-anys-una-setmana-al-casal-abordatge26\/\">UNA SETMANA AL CASAL DELS DESCOBRIDORS i LES DESCOBRIDORES<\/a><\/h1>\n\n\n\n<p class=\"has-text-align-center\" id=\"block-b2d4552f-fb2c-4315-8129-56334f78e03a\">Activitats al llarg de la setmana<\/p>\n\n\n\n<h1 class=\"wp-block-heading has-text-align-center has-medium-font-size\" id=\"block-47b67b4a-b2b9-4920-a4fe-f94a912b77cf\"><a href=\"https:\/\/musicactiva.net\/casal\/dels-10-als-17-anys-dates-horaris-i-preus-abordatge26-miriam-revisat\/\">ORGANITZACI\u00d3<\/a><\/h1>\n\n\n\n<p class=\"has-text-align-center\" id=\"block-dab92234-6eb4-4c98-847f-59acac151546\">Dates, horaris i preus<\/p>\n\n\n\n<h1 class=\"wp-block-heading has-text-align-center has-medium-font-size\" id=\"block-5fb14d7f-4f83-45ea-b223-bc2df910710a\"><a href=\"https:\/\/musicactiva.net\/casal\/dels-10-als-17-anys-matriculacio-abordatge26\/\">MATRICULACI\u00d3<\/a><\/h1>\n\n\n\n<p class=\"has-text-align-center\" id=\"block-aba8a0be-a435-4c20-b938-4c5a214f6cc5\">Tota la informaci\u00f3 per formalitzar la inscripci\u00f3 al casal<\/p>\n\n\n\n<p>\ufeff<\/p>\n","protected":false},"excerpt":{"rendered":"<p>UN DIA AL CASAL DELS DESCOBRIDORS i LES DESCOBRIDORES Horari i contingut de les activitats al llarg del dia UNA SETMANA AL CASAL DELS DESCOBRIDORS i LES DESCOBRIDORES Activitats al llarg de la setmana ORGANITZACI\u00d3 Dates, horaris i preus MATRICULACI\u00d3 Tota la informaci\u00f3 per formalitzar la inscripci\u00f3 al casal \ufeff<\/p>\n","protected":false},"author":1,"featured_media":0,"parent":0,"menu_order":0,"comment_status":"closed","ping_status":"closed","template":"","meta":{"footnotes":""},"class_list":["post-2306","page","type-page","status-publish","hentry"],"aioseo_notices":[],"_links":{"self":[{"href":"https:\/\/musicactiva.net\/casal\/wp-json\/wp\/v2\/pages\/2306","targetHints":{"allow":["GET"]}}],"collection":[{"href":"https:\/\/musicactiva.net\/casal\/wp-json\/wp\/v2\/pages"}],"about":[{"href":"https:\/\/musicactiva.net\/casal\/wp-json\/wp\/v2\/types\/page"}],"author":[{"embeddable":true,"href":"https:\/\/musicactiva.net\/casal\/wp-json\/wp\/v2\/users\/1"}],"replies":[{"embeddable":true,"href":"https:\/\/musicactiva.net\/casal\/wp-json\/wp\/v2\/comments?post=2306"}],"version-history":[{"count":4,"href":"https:\/\/musicactiva.net\/casal\/wp-json\/wp\/v2\/pages\/2306\/revisions"}],"predecessor-version":[{"id":2447,"href":"https:\/\/musicactiva.net\/casal\/wp-json\/wp\/v2\/pages\/2306\/revisions\/2447"}],"wp:attachment":[{"href":"https:\/\/musicactiva.net\/casal\/wp-json\/wp\/v2\/media?parent=2306"}],"curies":[{"name":"wp","href":"https:\/\/api.w.org\/{rel}","templated":true}]}}

<figure class="wp-block-image size-large"><img loading="lazy" decoding="async" width="1024" height="731" src="http://musicactiva.net/casal/wp-content/uploads/2026/03/UNA-SETMANA-CASAL-10-1-1024x731.png" alt="" class="wp-image-2250" srcset="https://musicactiva.net/casal/wp-content/uploads/2026/03/UNA-SETMANA-CASAL-10-1-1024x731.png 1024w, https://musicactiva.net/casal/wp-content/uploads/2026/03/UNA-SETMANA-CASAL-10-1-300x214.png 300w, https://musicactiva.net/casal/wp-content/uploads/2026/03/UNA-SETMANA-CASAL-10-1-768x548.png 768w, https://musicactiva.net/casal/wp-content/uploads/2026/03/UNA-SETMANA-CASAL-10-1-1536x1097.png 1536w, https://musicactiva.net/casal/wp-content/uploads/2026/03/UNA-SETMANA-CASAL-10-1.png 2000w" sizes="auto, (max-width: 1024px) 100vw, 1024px" /></figure>



<h1 class="wp-block-heading has-text-align-center has-medium-font-size" id="block-38587b19-9265-486f-9f75-2e8b92ba15f8"><a href="https://musicactiva.net/casal/dels-10-als-17-anys-un-dia-al-casal-abordatge26-marta-corregit/">UN DIA AL CASAL DELS DESCOBRIDORS i LES DESCOBRIDORES</a></h1>



<p class="has-text-align-center" id="block-886609cb-d5e1-4c3a-aa29-3795e7dcd792">Horari i contingut de les activitats al llarg del dia</p>



<h1 class="wp-block-heading has-text-align-center has-medium-font-size" id="block-e609b3c5-24a3-4c3c-8da0-a964ecf8b8fc"><a href="https://musicactiva.net/casal/dels-10-als-17-anys-una-setmana-al-casal-abordatge26/">UNA SETMANA AL CASAL DELS DESCOBRIDORS i LES DESCOBRIDORES</a></h1>



<p class="has-text-align-center" id="block-b2d4552f-fb2c-4315-8129-56334f78e03a">Activitats al llarg de la setmana</p>



<h1 class="wp-block-heading has-text-align-center has-medium-font-size" id="block-47b67b4a-b2b9-4920-a4fe-f94a912b77cf"><a href="https://musicactiva.net/casal/dels-10-als-17-anys-dates-horaris-i-preus-abordatge26-miriam-revisat/">ORGANITZACIÓ</a></h1>



<p class="has-text-align-center" id="block-dab92234-6eb4-4c98-847f-59acac151546">Dates, horaris i preus</p>



<h1 class="wp-block-heading has-text-align-center has-medium-font-size" id="block-5fb14d7f-4f83-45ea-b223-bc2df910710a"><a href="https://musicactiva.net/casal/dels-10-als-17-anys-matriculacio-abordatge26/">MATRICULACIÓ</a></h1>



<p class="has-text-align-center" id="block-aba8a0be-a435-4c20-b938-4c5a214f6cc5">Tota la informació per formalitzar la inscripció al casal</p>



<p>﻿</p>

<p>UN DIA AL CASAL DELS DESCOBRIDORS i LES DESCOBRIDORES Horari i contingut de les activitats al llarg del dia UNA SETMANA AL CASAL DELS DESCOBRIDORS i LES DESCOBRIDORES Activitats al llarg de la setmana ORGANITZACIÓ Dates, horaris i preus MATRICULACIÓ Tota la informació per formalitzar la inscripció al casal ﻿</p>
