{"id":2308,"date":"2026-04-01T14:20:50","date_gmt":"2026-04-01T14:20:50","guid":{"rendered":"http:\/\/musicactiva.net\/casal\/?page_id=2308"},"modified":"2026-04-04T05:33:06","modified_gmt":"2026-04-04T05:33:06","slug":"el-casal-de-i3-i4-i5-copy","status":"publish","type":"page","link":"https:\/\/musicactiva.net\/casal\/el-casal-de-i3-i4-i5-copy\/","title":{"rendered":"EL CASAL de I3 I4 I5"},"content":{"rendered":"<div class=\"wp-block-image\">\n<figure class=\"aligncenter size-large\"><img loading=\"lazy\" decoding=\"async\" width=\"1024\" height=\"731\" src=\"http:\/\/musicactiva.net\/casal\/wp-content\/uploads\/2026\/03\/UNA-SETMANA-CASAL-7-2-1024x731.png\" alt=\"\" class=\"wp-image-2246\" srcset=\"https:\/\/musicactiva.net\/casal\/wp-content\/uploads\/2026\/03\/UNA-SETMANA-CASAL-7-2-1024x731.png 1024w, https:\/\/musicactiva.net\/casal\/wp-content\/uploads\/2026\/03\/UNA-SETMANA-CASAL-7-2-300x214.png 300w, https:\/\/musicactiva.net\/casal\/wp-content\/uploads\/2026\/03\/UNA-SETMANA-CASAL-7-2-768x548.png 768w, https:\/\/musicactiva.net\/casal\/wp-content\/uploads\/2026\/03\/UNA-SETMANA-CASAL-7-2-1536x1097.png 1536w, https:\/\/musicactiva.net\/casal\/wp-content\/uploads\/2026\/03\/UNA-SETMANA-CASAL-7-2.png 2000w\" sizes=\"auto, (max-width: 1024px) 100vw, 1024px\" \/><\/figure>\n<\/div>\n\n\n<h1 class=\"wp-block-heading has-text-align-center has-text-color has-link-color has-medium-font-size wp-elements-405675d2cf78db0802d0d11e78ca182a\" id=\"block-a1574122-5cf5-4c7b-9084-05cbd36a372a\" style=\"color:#106574\"><a href=\"https:\/\/musicactiva.net\/casal\/i3-i4-i5-un-dia-al-casal-abordatge26-marta-corregit\/\">Un dia al casal dels PEIXOS I PEIXETS<\/a><\/h1>\n\n\n\n<p class=\"has-text-align-center\" id=\"block-296493c9-cd24-41b1-9aab-9294ee898680\" style=\"font-size:16px\">-horari i contingut de les activitats al llarg del dia-<\/p>\n\n\n\n<h1 class=\"wp-block-heading has-text-align-center has-text-color has-link-color has-medium-font-size wp-elements-c7aa8b1ad89f58e8c2c9eb92860c2f2b\" id=\"block-fe8a2edb-25d1-4214-836f-f0fba7429719\" style=\"color:#106574\"><a href=\"https:\/\/musicactiva.net\/casal\/i3-i4-i5-una-setmana-al-casal-abordatge26-falta-quadre\/\">Una setmana al casal dels PEIXOS I PEIXETS<\/a><\/h1>\n\n\n\n<p class=\"has-text-align-center\" id=\"block-b4a3d75b-d6a8-4ac1-a0cc-0bd279d46589\" style=\"font-size:16px\">-activitats al llarg de la setmana-<\/p>\n\n\n\n<h1 class=\"wp-block-heading has-text-align-center has-text-color has-link-color has-medium-font-size wp-elements-291c773e070f6eabc682b75907d2757e\" id=\"block-ee2b9a6d-7d52-43ab-a321-aec5035e3bef\" style=\"color:#106574\"><a href=\"https:\/\/musicactiva.net\/casal\/i3-i4-i-i5-dates-horaris-i-preus-abordatge26-miriam-revisat\/\">Organitzaci\u00f3<\/a><\/h1>\n\n\n\n<p class=\"has-text-align-center\" id=\"block-02107a6c-ab77-4381-91f6-ab8d3307d81f\" style=\"font-size:16px\">-dates, horaris i preus-<\/p>\n\n\n\n<h1 class=\"wp-block-heading has-text-align-center has-text-color has-link-color has-medium-font-size wp-elements-508b2458eab7b2cda139b5d3a3020b4b\" id=\"block-ccf4146a-496e-4966-9970-e4286f2e20b0\" style=\"color:#106574\"><a href=\"https:\/\/musicactiva.net\/casal\/i3-i4-i5-matriculacio-abordatge26\/\">Matriculaci\u00f3<\/a><\/h1>\n\n\n\n<p class=\"has-text-align-center\" id=\"block-c40af2b0-53aa-4670-8398-93a7dbd2fb94\" style=\"font-size:16px\">-tota la informaci\u00f3 per formalitzar la inscripci\u00f3 al casal-<\/p>\n\n\n\n<p><\/p>\n","protected":false},"excerpt":{"rendered":"<p>Un dia al casal dels PEIXOS I PEIXETS -horari i contingut de les activitats al llarg del dia- Una setmana al casal dels PEIXOS I PEIXETS -activitats al llarg de la setmana- Organitzaci\u00f3 -dates, horaris i preus- Matriculaci\u00f3 -tota la informaci\u00f3 per formalitzar la inscripci\u00f3 al casal-<\/p>\n","protected":false},"author":1,"featured_media":0,"parent":0,"menu_order":0,"comment_status":"closed","ping_status":"closed","template":"","meta":{"footnotes":""},"class_list":["post-2308","page","type-page","status-publish","hentry"],"aioseo_notices":[],"_links":{"self":[{"href":"https:\/\/musicactiva.net\/casal\/wp-json\/wp\/v2\/pages\/2308","targetHints":{"allow":["GET"]}}],"collection":[{"href":"https:\/\/musicactiva.net\/casal\/wp-json\/wp\/v2\/pages"}],"about":[{"href":"https:\/\/musicactiva.net\/casal\/wp-json\/wp\/v2\/types\/page"}],"author":[{"embeddable":true,"href":"https:\/\/musicactiva.net\/casal\/wp-json\/wp\/v2\/users\/1"}],"replies":[{"embeddable":true,"href":"https:\/\/musicactiva.net\/casal\/wp-json\/wp\/v2\/comments?post=2308"}],"version-history":[{"count":12,"href":"https:\/\/musicactiva.net\/casal\/wp-json\/wp\/v2\/pages\/2308\/revisions"}],"predecessor-version":[{"id":2369,"href":"https:\/\/musicactiva.net\/casal\/wp-json\/wp\/v2\/pages\/2308\/revisions\/2369"}],"wp:attachment":[{"href":"https:\/\/musicactiva.net\/casal\/wp-json\/wp\/v2\/media?parent=2308"}],"curies":[{"name":"wp","href":"https:\/\/api.w.org\/{rel}","templated":true}]}}

<div class="wp-block-image">
<figure class="aligncenter size-large"><img loading="lazy" decoding="async" width="1024" height="731" src="http://musicactiva.net/casal/wp-content/uploads/2026/03/UNA-SETMANA-CASAL-7-2-1024x731.png" alt="" class="wp-image-2246" srcset="https://musicactiva.net/casal/wp-content/uploads/2026/03/UNA-SETMANA-CASAL-7-2-1024x731.png 1024w, https://musicactiva.net/casal/wp-content/uploads/2026/03/UNA-SETMANA-CASAL-7-2-300x214.png 300w, https://musicactiva.net/casal/wp-content/uploads/2026/03/UNA-SETMANA-CASAL-7-2-768x548.png 768w, https://musicactiva.net/casal/wp-content/uploads/2026/03/UNA-SETMANA-CASAL-7-2-1536x1097.png 1536w, https://musicactiva.net/casal/wp-content/uploads/2026/03/UNA-SETMANA-CASAL-7-2.png 2000w" sizes="auto, (max-width: 1024px) 100vw, 1024px" /></figure>
</div>


<h1 class="wp-block-heading has-text-align-center has-text-color has-link-color has-medium-font-size wp-elements-405675d2cf78db0802d0d11e78ca182a" id="block-a1574122-5cf5-4c7b-9084-05cbd36a372a" style="color:#106574"><a href="https://musicactiva.net/casal/i3-i4-i5-un-dia-al-casal-abordatge26-marta-corregit/">Un dia al casal dels PEIXOS I PEIXETS</a></h1>



<p class="has-text-align-center" id="block-296493c9-cd24-41b1-9aab-9294ee898680" style="font-size:16px">-horari i contingut de les activitats al llarg del dia-</p>



<h1 class="wp-block-heading has-text-align-center has-text-color has-link-color has-medium-font-size wp-elements-c7aa8b1ad89f58e8c2c9eb92860c2f2b" id="block-fe8a2edb-25d1-4214-836f-f0fba7429719" style="color:#106574"><a href="https://musicactiva.net/casal/i3-i4-i5-una-setmana-al-casal-abordatge26-falta-quadre/">Una setmana al casal dels PEIXOS I PEIXETS</a></h1>



<p class="has-text-align-center" id="block-b4a3d75b-d6a8-4ac1-a0cc-0bd279d46589" style="font-size:16px">-activitats al llarg de la setmana-</p>



<h1 class="wp-block-heading has-text-align-center has-text-color has-link-color has-medium-font-size wp-elements-291c773e070f6eabc682b75907d2757e" id="block-ee2b9a6d-7d52-43ab-a321-aec5035e3bef" style="color:#106574"><a href="https://musicactiva.net/casal/i3-i4-i-i5-dates-horaris-i-preus-abordatge26-miriam-revisat/">Organització</a></h1>



<p class="has-text-align-center" id="block-02107a6c-ab77-4381-91f6-ab8d3307d81f" style="font-size:16px">-dates, horaris i preus-</p>



<h1 class="wp-block-heading has-text-align-center has-text-color has-link-color has-medium-font-size wp-elements-508b2458eab7b2cda139b5d3a3020b4b" id="block-ccf4146a-496e-4966-9970-e4286f2e20b0" style="color:#106574"><a href="https://musicactiva.net/casal/i3-i4-i5-matriculacio-abordatge26/">Matriculació</a></h1>



<p class="has-text-align-center" id="block-c40af2b0-53aa-4670-8398-93a7dbd2fb94" style="font-size:16px">-tota la informació per formalitzar la inscripció al casal-</p>



<p></p>

<p>Un dia al casal dels PEIXOS I PEIXETS -horari i contingut de les activitats al llarg del dia- Una setmana al casal dels PEIXOS I PEIXETS -activitats al llarg de la setmana- Organització -dates, horaris i preus- Matriculació -tota la informació per formalitzar la inscripció al casal-</p>
