{"id":2516,"date":"2026-04-18T19:05:53","date_gmt":"2026-04-18T19:05:53","guid":{"rendered":"https:\/\/musicactiva.net\/casal\/?page_id=2516"},"modified":"2026-04-19T09:53:47","modified_gmt":"2026-04-19T09:53:47","slug":"informacio-casal-estiu-viladecavalls","status":"publish","type":"page","link":"https:\/\/musicactiva.net\/casal\/informacio-casal-estiu-viladecavalls\/","title":{"rendered":"INFORMACI\u00d3 CASAL ESTIU VILADECAVALLS"},"content":{"rendered":"\n<h2 class=\"wp-block-heading\" id=\"block-fa8161a7-a08d-44f4-97f1-3e39062ad711\">UNA PROGRAMACI\u00d3 PER A CADA EDAT<\/h2>\n\n\n\n<div class=\"wp-block-columns is-layout-flex wp-container-core-columns-is-layout-9d6595d7 wp-block-columns-is-layout-flex\">\n<div class=\"wp-block-column is-layout-flow wp-block-column-is-layout-flow\">\n<figure class=\"wp-block-image size-large\"><a href=\"https:\/\/musicactiva.net\/casal\/el-casal-de-i3-i4-i5-viladecavalls\/\"><img loading=\"lazy\" decoding=\"async\" width=\"1024\" height=\"731\" src=\"https:\/\/musicactiva.net\/casal\/wp-content\/uploads\/2026\/03\/UNA-SETMANA-CASAL-7-2-1024x731.png\" alt=\"\" class=\"wp-image-2246\" srcset=\"https:\/\/musicactiva.net\/casal\/wp-content\/uploads\/2026\/03\/UNA-SETMANA-CASAL-7-2-1024x731.png 1024w, https:\/\/musicactiva.net\/casal\/wp-content\/uploads\/2026\/03\/UNA-SETMANA-CASAL-7-2-300x214.png 300w, https:\/\/musicactiva.net\/casal\/wp-content\/uploads\/2026\/03\/UNA-SETMANA-CASAL-7-2-768x548.png 768w, https:\/\/musicactiva.net\/casal\/wp-content\/uploads\/2026\/03\/UNA-SETMANA-CASAL-7-2-1536x1097.png 1536w, https:\/\/musicactiva.net\/casal\/wp-content\/uploads\/2026\/03\/UNA-SETMANA-CASAL-7-2.png 2000w\" sizes=\"auto, (max-width: 1024px) 100vw, 1024px\" \/><\/a><\/figure>\n<\/div>\n\n\n\n<div class=\"wp-block-column is-layout-flow wp-block-column-is-layout-flow\">\n<figure class=\"wp-block-image size-large\"><a href=\"https:\/\/musicactiva.net\/casal\/casal-de-1r-i-2n-primaria-viladecavalls\/\"><img loading=\"lazy\" decoding=\"async\" width=\"1024\" height=\"731\" src=\"https:\/\/musicactiva.net\/casal\/wp-content\/uploads\/2026\/03\/UNA-SETMANA-CASAL-11-1024x731.png\" alt=\"\" class=\"wp-image-2252\" srcset=\"https:\/\/musicactiva.net\/casal\/wp-content\/uploads\/2026\/03\/UNA-SETMANA-CASAL-11-1024x731.png 1024w, https:\/\/musicactiva.net\/casal\/wp-content\/uploads\/2026\/03\/UNA-SETMANA-CASAL-11-300x214.png 300w, https:\/\/musicactiva.net\/casal\/wp-content\/uploads\/2026\/03\/UNA-SETMANA-CASAL-11-768x548.png 768w, https:\/\/musicactiva.net\/casal\/wp-content\/uploads\/2026\/03\/UNA-SETMANA-CASAL-11-1536x1097.png 1536w, https:\/\/musicactiva.net\/casal\/wp-content\/uploads\/2026\/03\/UNA-SETMANA-CASAL-11.png 2000w\" sizes=\"auto, (max-width: 1024px) 100vw, 1024px\" \/><\/a><\/figure>\n<\/div>\n\n\n\n<div class=\"wp-block-column is-layout-flow wp-block-column-is-layout-flow\">\n<figure class=\"wp-block-image size-large\"><a href=\"https:\/\/musicactiva.net\/casal\/el-casal-de-3r-i-4t-primaria-viladecavalls\/\"><img loading=\"lazy\" decoding=\"async\" width=\"1024\" height=\"731\" src=\"https:\/\/musicactiva.net\/casal\/wp-content\/uploads\/2026\/03\/UNA-SETMANA-CASAL-8-1-1024x731.png\" alt=\"\" class=\"wp-image-2247\" srcset=\"https:\/\/musicactiva.net\/casal\/wp-content\/uploads\/2026\/03\/UNA-SETMANA-CASAL-8-1-1024x731.png 1024w, https:\/\/musicactiva.net\/casal\/wp-content\/uploads\/2026\/03\/UNA-SETMANA-CASAL-8-1-300x214.png 300w, https:\/\/musicactiva.net\/casal\/wp-content\/uploads\/2026\/03\/UNA-SETMANA-CASAL-8-1-768x548.png 768w, https:\/\/musicactiva.net\/casal\/wp-content\/uploads\/2026\/03\/UNA-SETMANA-CASAL-8-1-1536x1097.png 1536w, https:\/\/musicactiva.net\/casal\/wp-content\/uploads\/2026\/03\/UNA-SETMANA-CASAL-8-1.png 2000w\" sizes=\"auto, (max-width: 1024px) 100vw, 1024px\" \/><\/a><\/figure>\n<\/div>\n\n\n\n<div class=\"wp-block-column is-layout-flow wp-block-column-is-layout-flow\">\n<figure class=\"wp-block-image size-large\"><a href=\"https:\/\/musicactiva.net\/casal\/casal-dels-10-als-17-anys-viladecavalls\/\"><img loading=\"lazy\" decoding=\"async\" width=\"1024\" height=\"731\" src=\"https:\/\/musicactiva.net\/casal\/wp-content\/uploads\/2026\/03\/UNA-SETMANA-CASAL-10-1-1024x731.png\" alt=\"\" class=\"wp-image-2250\" srcset=\"https:\/\/musicactiva.net\/casal\/wp-content\/uploads\/2026\/03\/UNA-SETMANA-CASAL-10-1-1024x731.png 1024w, https:\/\/musicactiva.net\/casal\/wp-content\/uploads\/2026\/03\/UNA-SETMANA-CASAL-10-1-300x214.png 300w, https:\/\/musicactiva.net\/casal\/wp-content\/uploads\/2026\/03\/UNA-SETMANA-CASAL-10-1-768x548.png 768w, https:\/\/musicactiva.net\/casal\/wp-content\/uploads\/2026\/03\/UNA-SETMANA-CASAL-10-1-1536x1097.png 1536w, https:\/\/musicactiva.net\/casal\/wp-content\/uploads\/2026\/03\/UNA-SETMANA-CASAL-10-1.png 2000w\" sizes=\"auto, (max-width: 1024px) 100vw, 1024px\" \/><\/a><\/figure>\n<\/div>\n<\/div>\n\n\n\n<h2 class=\"wp-block-heading has-medium-font-size\" id=\"block-4e14c4e4-9f07-446e-bfdb-549aa1f8b5d1\">QU\u00c8 \u00c9S UN CASAL de LLEURE ART\u00cdSTIC?<\/h2>\n\n\n\n<p class=\"has-small-font-size\" id=\"block-1b5ac0e9-322f-4750-8118-85d3235ac70b\">Totes les activitats pr\u00f2pies de l\u2019estiu i les vacances -piscina, jocs d\u2019aigua, una excursi\u00f3 de tot el dia per realitzar tota mena d\u2019activitats a l\u2019aire lliure, campionats de jocs d\u2019equip esportius i tradicionals, etc.- i enmig d\u2019aquest ambient tan estiuenc i divertit, els tallers de creaci\u00f3 art\u00edstica amb els que participem en la creaci\u00f3 d\u2019un gran espectacle musical: tallers de can\u00e7ons, tallers de dansa i coreografia, tallers de teatre, tallers de pl\u00e0stiques per fer el vestuari i l\u2019escenografia, etc&#8230; Tots els tallers estan pensats perqu\u00e8 siguin assequibles per a tots els alumnes i estan adequats a les caracter\u00edstiques de cada edat.&nbsp;<\/p>\n\n\n\n<p class=\"has-small-font-size\" id=\"block-46e897ce-6796-46f8-8f89-36c737831f09\">L\u2019espectacle musical el presentem cada setmana davant de mares, pares i tots els familiars i amics que volgueu convidar.<\/p>\n\n\n\n<h2 class=\"wp-block-heading has-medium-font-size\">ON FAREM EL CASAL AQUEST ESTIU?<\/h2>\n\n\n\n<p>El casal d&#8217;ESCOLA CREATIVA aquest estiu el realitzarem al CASAL FAMILIAR DE VILADECAVALLS C\/Sant Antoni Hospital 2<\/p>\n\n\n\n<div class=\"wp-block-buttons is-content-justification-center is-layout-flex wp-container-core-buttons-is-layout-16018d1d wp-block-buttons-is-layout-flex\">\n<div class=\"wp-block-button\"><a class=\"wp-block-button__link has-background wp-element-button\" href=\"https:\/\/docs.google.com\/forms\/d\/e\/1FAIpQLSf8wsJHtafJ3b9mF4fsZjKqBUf-LHWY12NYGtTBpNP4j7YUCA\/viewform?usp=header\" style=\"background-color:#f20e0e\"><strong>REUNIONS INFORMATIVES<\/strong><\/a><\/div>\n<\/div>\n\n\n\n<div class=\"wp-block-columns is-layout-flex wp-container-core-columns-is-layout-9d6595d7 wp-block-columns-is-layout-flex\"><\/div>\n","protected":false},"excerpt":{"rendered":"<p>UNA PROGRAMACI\u00d3 PER A CADA EDAT QU\u00c8 \u00c9S UN CASAL de LLEURE ART\u00cdSTIC? Totes les activitats pr\u00f2pies de l\u2019estiu i les vacances -piscina, jocs d\u2019aigua, una excursi\u00f3 de tot el dia per realitzar tota mena d\u2019activitats a l\u2019aire lliure, campionats de jocs d\u2019equip esportius i tradicionals, etc.- i enmig d\u2019aquest ambient tan estiuenc i divertit,&hellip;<\/p>\n","protected":false},"author":1,"featured_media":0,"parent":0,"menu_order":0,"comment_status":"closed","ping_status":"closed","template":"","meta":{"footnotes":""},"class_list":["post-2516","page","type-page","status-publish","hentry"],"aioseo_notices":[],"_links":{"self":[{"href":"https:\/\/musicactiva.net\/casal\/wp-json\/wp\/v2\/pages\/2516","targetHints":{"allow":["GET"]}}],"collection":[{"href":"https:\/\/musicactiva.net\/casal\/wp-json\/wp\/v2\/pages"}],"about":[{"href":"https:\/\/musicactiva.net\/casal\/wp-json\/wp\/v2\/types\/page"}],"author":[{"embeddable":true,"href":"https:\/\/musicactiva.net\/casal\/wp-json\/wp\/v2\/users\/1"}],"replies":[{"embeddable":true,"href":"https:\/\/musicactiva.net\/casal\/wp-json\/wp\/v2\/comments?post=2516"}],"version-history":[{"count":4,"href":"https:\/\/musicactiva.net\/casal\/wp-json\/wp\/v2\/pages\/2516\/revisions"}],"predecessor-version":[{"id":2595,"href":"https:\/\/musicactiva.net\/casal\/wp-json\/wp\/v2\/pages\/2516\/revisions\/2595"}],"wp:attachment":[{"href":"https:\/\/musicactiva.net\/casal\/wp-json\/wp\/v2\/media?parent=2516"}],"curies":[{"name":"wp","href":"https:\/\/api.w.org\/{rel}","templated":true}]}}

INFORMACIÓ CASAL ESTIU VILADECAVALLS

<h2 class="wp-block-heading" id="block-fa8161a7-a08d-44f4-97f1-3e39062ad711">UNA PROGRAMACIÓ PER A CADA EDAT</h2>



<div class="wp-block-columns is-layout-flex wp-container-core-columns-is-layout-9d6595d7 wp-block-columns-is-layout-flex">
<div class="wp-block-column is-layout-flow wp-block-column-is-layout-flow">
<figure class="wp-block-image size-large"><a href="https://musicactiva.net/casal/el-casal-de-i3-i4-i5-viladecavalls/"><img loading="lazy" decoding="async" width="1024" height="731" src="https://musicactiva.net/casal/wp-content/uploads/2026/03/UNA-SETMANA-CASAL-7-2-1024x731.png" alt="" class="wp-image-2246" srcset="https://musicactiva.net/casal/wp-content/uploads/2026/03/UNA-SETMANA-CASAL-7-2-1024x731.png 1024w, https://musicactiva.net/casal/wp-content/uploads/2026/03/UNA-SETMANA-CASAL-7-2-300x214.png 300w, https://musicactiva.net/casal/wp-content/uploads/2026/03/UNA-SETMANA-CASAL-7-2-768x548.png 768w, https://musicactiva.net/casal/wp-content/uploads/2026/03/UNA-SETMANA-CASAL-7-2-1536x1097.png 1536w, https://musicactiva.net/casal/wp-content/uploads/2026/03/UNA-SETMANA-CASAL-7-2.png 2000w" sizes="auto, (max-width: 1024px) 100vw, 1024px" /></a></figure>
</div>



<div class="wp-block-column is-layout-flow wp-block-column-is-layout-flow">
<figure class="wp-block-image size-large"><a href="https://musicactiva.net/casal/casal-de-1r-i-2n-primaria-viladecavalls/"><img loading="lazy" decoding="async" width="1024" height="731" src="https://musicactiva.net/casal/wp-content/uploads/2026/03/UNA-SETMANA-CASAL-11-1024x731.png" alt="" class="wp-image-2252" srcset="https://musicactiva.net/casal/wp-content/uploads/2026/03/UNA-SETMANA-CASAL-11-1024x731.png 1024w, https://musicactiva.net/casal/wp-content/uploads/2026/03/UNA-SETMANA-CASAL-11-300x214.png 300w, https://musicactiva.net/casal/wp-content/uploads/2026/03/UNA-SETMANA-CASAL-11-768x548.png 768w, https://musicactiva.net/casal/wp-content/uploads/2026/03/UNA-SETMANA-CASAL-11-1536x1097.png 1536w, https://musicactiva.net/casal/wp-content/uploads/2026/03/UNA-SETMANA-CASAL-11.png 2000w" sizes="auto, (max-width: 1024px) 100vw, 1024px" /></a></figure>
</div>



<div class="wp-block-column is-layout-flow wp-block-column-is-layout-flow">
<figure class="wp-block-image size-large"><a href="https://musicactiva.net/casal/el-casal-de-3r-i-4t-primaria-viladecavalls/"><img loading="lazy" decoding="async" width="1024" height="731" src="https://musicactiva.net/casal/wp-content/uploads/2026/03/UNA-SETMANA-CASAL-8-1-1024x731.png" alt="" class="wp-image-2247" srcset="https://musicactiva.net/casal/wp-content/uploads/2026/03/UNA-SETMANA-CASAL-8-1-1024x731.png 1024w, https://musicactiva.net/casal/wp-content/uploads/2026/03/UNA-SETMANA-CASAL-8-1-300x214.png 300w, https://musicactiva.net/casal/wp-content/uploads/2026/03/UNA-SETMANA-CASAL-8-1-768x548.png 768w, https://musicactiva.net/casal/wp-content/uploads/2026/03/UNA-SETMANA-CASAL-8-1-1536x1097.png 1536w, https://musicactiva.net/casal/wp-content/uploads/2026/03/UNA-SETMANA-CASAL-8-1.png 2000w" sizes="auto, (max-width: 1024px) 100vw, 1024px" /></a></figure>
</div>



<div class="wp-block-column is-layout-flow wp-block-column-is-layout-flow">
<figure class="wp-block-image size-large"><a href="https://musicactiva.net/casal/casal-dels-10-als-17-anys-viladecavalls/"><img loading="lazy" decoding="async" width="1024" height="731" src="https://musicactiva.net/casal/wp-content/uploads/2026/03/UNA-SETMANA-CASAL-10-1-1024x731.png" alt="" class="wp-image-2250" srcset="https://musicactiva.net/casal/wp-content/uploads/2026/03/UNA-SETMANA-CASAL-10-1-1024x731.png 1024w, https://musicactiva.net/casal/wp-content/uploads/2026/03/UNA-SETMANA-CASAL-10-1-300x214.png 300w, https://musicactiva.net/casal/wp-content/uploads/2026/03/UNA-SETMANA-CASAL-10-1-768x548.png 768w, https://musicactiva.net/casal/wp-content/uploads/2026/03/UNA-SETMANA-CASAL-10-1-1536x1097.png 1536w, https://musicactiva.net/casal/wp-content/uploads/2026/03/UNA-SETMANA-CASAL-10-1.png 2000w" sizes="auto, (max-width: 1024px) 100vw, 1024px" /></a></figure>
</div>
</div>



<h2 class="wp-block-heading has-medium-font-size" id="block-4e14c4e4-9f07-446e-bfdb-549aa1f8b5d1">QUÈ ÉS UN CASAL de LLEURE ARTÍSTIC?</h2>



<p class="has-small-font-size" id="block-1b5ac0e9-322f-4750-8118-85d3235ac70b">Totes les activitats pròpies de l’estiu i les vacances -piscina, jocs d’aigua, una excursió de tot el dia per realitzar tota mena d’activitats a l’aire lliure, campionats de jocs d’equip esportius i tradicionals, etc.- i enmig d’aquest ambient tan estiuenc i divertit, els tallers de creació artística amb els que participem en la creació d’un gran espectacle musical: tallers de cançons, tallers de dansa i coreografia, tallers de teatre, tallers de plàstiques per fer el vestuari i l’escenografia, etc&#8230; Tots els tallers estan pensats perquè siguin assequibles per a tots els alumnes i estan adequats a les característiques de cada edat.&nbsp;</p>



<p class="has-small-font-size" id="block-46e897ce-6796-46f8-8f89-36c737831f09">L’espectacle musical el presentem cada setmana davant de mares, pares i tots els familiars i amics que volgueu convidar.</p>



<h2 class="wp-block-heading has-medium-font-size">ON FAREM EL CASAL AQUEST ESTIU?</h2>



<p>El casal d&#8217;ESCOLA CREATIVA aquest estiu el realitzarem al CASAL FAMILIAR DE VILADECAVALLS C/Sant Antoni Hospital 2</p>



<div class="wp-block-buttons is-content-justification-center is-layout-flex wp-container-core-buttons-is-layout-16018d1d wp-block-buttons-is-layout-flex">
<div class="wp-block-button"><a class="wp-block-button__link has-background wp-element-button" href="https://docs.google.com/forms/d/e/1FAIpQLSf8wsJHtafJ3b9mF4fsZjKqBUf-LHWY12NYGtTBpNP4j7YUCA/viewform?usp=header" style="background-color:#f20e0e"><strong>REUNIONS INFORMATIVES</strong></a></div>
</div>



<div class="wp-block-columns is-layout-flex wp-container-core-columns-is-layout-9d6595d7 wp-block-columns-is-layout-flex"></div>

<p>UNA PROGRAMACIÓ PER A CADA EDAT QUÈ ÉS UN CASAL de LLEURE ARTÍSTIC? Totes les activitats pròpies de l’estiu i les vacances -piscina, jocs d’aigua, una excursió de tot el dia per realitzar tota mena d’activitats a l’aire lliure, campionats de jocs d’equip esportius i tradicionals, etc.- i enmig d’aquest ambient tan estiuenc i divertit,&hellip;</p>
