{"id":1120,"date":"2022-09-07T10:52:53","date_gmt":"2022-09-07T10:52:53","guid":{"rendered":"http:\/\/musicactiva.net\/escolademusica\/?page_id=1120"},"modified":"2023-09-08T08:18:00","modified_gmt":"2023-09-08T08:18:00","slug":"seguiment-de-levolucio-formativa-dels-alumnes","status":"publish","type":"page","link":"https:\/\/musicactiva.net\/escolademusica\/seguiment-de-levolucio-formativa-dels-alumnes\/","title":{"rendered":"PLA d&#8217;ESTUDIS PERSONALITZAT"},"content":{"rendered":"\t\t<div data-elementor-type=\"wp-page\" data-elementor-id=\"1120\" class=\"elementor elementor-1120\">\n\t\t\t\t\t\t\t\t\t<section class=\"elementor-section elementor-top-section elementor-element elementor-element-5b2a0d3 elementor-section-boxed elementor-section-height-default elementor-section-height-default\" data-id=\"5b2a0d3\" data-element_type=\"section\">\n\t\t\t\t\t\t<div class=\"elementor-container elementor-column-gap-default\">\n\t\t\t\t\t<div class=\"elementor-column elementor-col-100 elementor-top-column elementor-element elementor-element-456bd99\" data-id=\"456bd99\" data-element_type=\"column\">\n\t\t\t<div class=\"elementor-widget-wrap elementor-element-populated\">\n\t\t\t\t\t\t\t\t<div class=\"elementor-element elementor-element-63a4024 elementor-widget elementor-widget-text-editor\" data-id=\"63a4024\" data-element_type=\"widget\" data-widget_type=\"text-editor.default\">\n\t\t\t\t<div class=\"elementor-widget-container\">\n\t\t\t<style>\/*! elementor - v3.7.8 - 02-10-2022 *\/\n.elementor-widget-text-editor.elementor-drop-cap-view-stacked .elementor-drop-cap{background-color:#818a91;color:#fff}.elementor-widget-text-editor.elementor-drop-cap-view-framed .elementor-drop-cap{color:#818a91;border:3px solid;background-color:transparent}.elementor-widget-text-editor:not(.elementor-drop-cap-view-default) .elementor-drop-cap{margin-top:8px}.elementor-widget-text-editor:not(.elementor-drop-cap-view-default) .elementor-drop-cap-letter{width:1em;height:1em}.elementor-widget-text-editor .elementor-drop-cap{float:left;text-align:center;line-height:1;font-size:50px}.elementor-widget-text-editor .elementor-drop-cap-letter{display:inline-block}<\/style>\t\t\t\t<p style=\"text-align: center;\"><b>PLA d&#8217;ESTUDIS PERSONALITZAT<\/b><\/p>\t\t\t\t\t\t<\/div>\n\t\t\t\t<\/div>\n\t\t\t\t\t<\/div>\n\t\t<\/div>\n\t\t\t\t\t\t\t<\/div>\n\t\t<\/section>\n\t\t\t\t<section class=\"elementor-section elementor-top-section elementor-element elementor-element-4879567 elementor-section-boxed elementor-section-height-default elementor-section-height-default\" data-id=\"4879567\" data-element_type=\"section\">\n\t\t\t\t\t\t<div class=\"elementor-container elementor-column-gap-default\">\n\t\t\t\t\t<div class=\"elementor-column elementor-col-100 elementor-top-column elementor-element elementor-element-c595886\" data-id=\"c595886\" data-element_type=\"column\">\n\t\t\t<div class=\"elementor-widget-wrap elementor-element-populated\">\n\t\t\t\t\t\t\t\t<div class=\"elementor-element elementor-element-8dc32cd elementor-widget elementor-widget-text-editor\" data-id=\"8dc32cd\" data-element_type=\"widget\" data-widget_type=\"text-editor.default\">\n\t\t\t\t<div class=\"elementor-widget-container\">\n\t\t\t\t\t\t\t<p><strong>TUTORIA a C\u00c0RREC de DIRECCI\u00d3 PEDAG\u00d2GICA: \u00a0<\/strong><\/p>\n<p>A MusicActiva, les directores pedag\u00f2giques i dissenyadores del programa d&#8217;estudis i de la metodologia -Miriam Darriba, Isabel Darriba i Abel Castell\u00f3-, actuen com a TUTORS i es fan c\u00e0rrec personalment de la formaci\u00f3 de cada un i de cada una dels alumnes de Musicactiva, determinant el \u00abPLA de TREBALL PERSONAL\u00bb de cada alumne i realitzant totes les ACTIVITATS de SEGUIMENT de l&#8217;EVOLUCI\u00d3 FORMATIVA de l&#8217;ALUMNE, el que inclou el SUPORT INDIVIDUALITZAT per als alumnes que ho necessiten. El proc\u00e9s pel que les directores pedag\u00f2giques planifiquen i fan el seguiment de l&#8217;evoluci\u00f3 formativa de l&#8217;alumne s&#8217;inicia a partir que l&#8217;alumne comen\u00e7a la seva formaci\u00f3 a MusicActiva, i \u00e9s el seg\u00fcent:<\/p>\n<p><strong>ACCIONS de SEGUIMENT PR\u00c8VIES a INICIAR la FORMACI\u00d3:\u00a0<\/strong><\/p>\n<p><strong>Prova de nivell i per la tria d\u2019instrument:<\/strong>\u00a0a partir dels 6 anys TOTS els nous alumnes fan prova de nivell individual. Els objectius de la prova s\u00f3n:<\/p>\n<ul>\n<li>con\u00e8ixer les caracter\u00edstiques personals de l\u2019alumne<\/li>\n<li>determinar el nivell de formaci\u00f3 musical que t\u00e9, independentment de que sigui l&#8217;efecte d\u2019una formaci\u00f3 acad\u00e8mica, formaci\u00f3 autodid\u00e0ctica o de la seva capacitat intu\u00eftiva.\u00a0<\/li>\n<li>prova d\u2019instrument: observar i analitzar la relaci\u00f3 que estableix amb cada instrument, per poder triar l\u2019instrument que ha d\u2019aprendre a tocar.\u00a0<\/li>\n<\/ul>\n<p><strong>Pla de treball personalitzat per a cada alumne:<\/strong>\u00a0a partir dels resultats de la prova els directors pedag\u00f3gics construeixen el pLA de TREBALL PERSONAL de cada alumne, on determinen les assignatures, les mat\u00e8ries i els nivells del Programa d\u2019Estudis que ha de cursar l\u2019alumne i on especifiquen les consignes que ha de seguir el professorat per impartir la formaci\u00f3.<\/p>\n<p>\u00a0<\/p>\n<p><strong>REUNI\u00d3 INFORMATIVA per a MARES i PARES d\u2019alumnes i per alumnes ADULTS:<\/strong>\u00a0previament a la matriculaci\u00f3 i previament tamb\u00e9 a que l&#8217;alumne inic\u00efi les classes \u00e9s imprescindible que mares i pares d\u2019alumnes i tamb\u00e9 els alumnes adults, hagin realitzat el reuni\u00f3 informativa. A la reuni\u00f3 informativa expliquem mitjan\u00e7ant la realitzaci\u00f3 d\u2019exercicis i d\u2019una manera pr\u00e0ctica i molt entendora el funcionament de la metodologia i del programa d\u2019estudis. L&#8217;objectiu es que els alumnes adults i tamb\u00e9 les mares i pares dels infants i dels adolescents coneguin els continguts de la formaci\u00f3 \u201c&#8230;que aprenem?\u201d-, &#8230;com ho aprenem?\u201d i centrin l&#8217;atenci\u00f3 en els continguts de la formaci\u00f3. La reuni\u00f3 es la primera acci\u00f3 de comunicaci\u00f3, informaci\u00f3 i assesorament a mares i pares i tamb\u00e9 a alumnes adults que hem de poder realitzar per con\u00e8ixer el que estem fent i per establir la relaci\u00f3 de colaboraci\u00f3 i de confian\u00e7a que \u00e9s imprescindible per fer efectiva la formaci\u00f3.\u00a0<\/p>\n<p>\u00a0<\/p>\t\t\t\t\t\t<\/div>\n\t\t\t\t<\/div>\n\t\t\t\t\t<\/div>\n\t\t<\/div>\n\t\t\t\t\t\t\t<\/div>\n\t\t<\/section>\n\t\t\t\t<section class=\"elementor-section elementor-top-section elementor-element elementor-element-e942090 elementor-section-boxed elementor-section-height-default elementor-section-height-default\" data-id=\"e942090\" data-element_type=\"section\">\n\t\t\t\t\t\t<div class=\"elementor-container elementor-column-gap-default\">\n\t\t\t\t\t<div class=\"elementor-column elementor-col-100 elementor-top-column elementor-element elementor-element-630e060e\" data-id=\"630e060e\" data-element_type=\"column\">\n\t\t\t<div class=\"elementor-widget-wrap elementor-element-populated\">\n\t\t\t\t\t\t\t\t<div class=\"elementor-element elementor-element-2ee101af elementor-widget elementor-widget-text-editor\" data-id=\"2ee101af\" data-element_type=\"widget\" data-widget_type=\"text-editor.default\">\n\t\t\t\t<div class=\"elementor-widget-container\">\n\t\t\t\t\t\t\t<!-- wp:gutentor\/e1 {\"gID\":\"g563bd6\",\"elAlign\":{\"desktop\":\"text-align-center\",\"tablet\":\"text-align-center\",\"mobile\":\"text-align-center\"},\"elColor\":{\"enable\":true,\"normal\":\"#cf2e2e\",\"hover\":\"\"},\"elTypography\":{\"desktopFontSize\":\"70px\",\"tabletFontSize\":\"42px\",\"mobileFontSize\":\"42px\",\"desktopLineHeight\":1.8,\"tabletLineHeight\":1.4,\"mobileLineHeight\":1}} -->\n<div id=\"section-g563bd6\" class=\"wp-block-gutentor-e1 section-g563bd6 gutentor-element gutentor-element-advanced-text text-align-center-desktop text-align-center-tablet text-align-center-mobile\">\n<div class=\"gutentor-text-wrap\">\n<p class=\"gutentor-text\"><strong>TUTORIA i SEGUIMENT de l&#8217;EVOLUCI\u00d3 FORMATIVA de les\/<\/strong><br \/><strong>els ALUMNES<\/strong><\/p>\n<\/div>\n<\/div>\n<!-- \/wp:gutentor\/e1 --><!-- wp:list {\"style\":{\"typography\":{\"fontSize\":\"14px\"}}} -->\n<ul style=\"font-size: 14px;\"><!-- wp:list-item -->\n<li><strong>TUTORIA a C\u00c0RREC de DIRECCI\u00d3 PEDAG\u00d2GICA: \u00a0<\/strong>A MusicActiva, les directores pedag\u00f2giques i dissenyadores del programa d&#8217;estudis i de la metodologia -Miriam Darriba, Isabel Darriba i Abel Castell\u00f3-, actuen com a TUTORS i es fan c\u00e0rrec personalment de la formaci\u00f3 de cada un i de cada una dels alumnes de Musicactiva, determinant el \u00abPLA de TREBALL PERSONAL\u00bb de cada alumne i realitzant totes les ACTIVITATS de SEGUIMENT de l&#8217;EVOLUCI\u00d3 FORMATIVA de l&#8217;ALUMNE, el que inclou el SUPORT INDIVIDUALITZAT per als alumnes que ho necessiten. El proc\u00e9s pel que les directores pedag\u00f2giques planifiquen i fan el seguiment de l&#8217;evoluci\u00f3 formativa de l&#8217;alumne s&#8217;inicia a partir que l&#8217;alumne comen\u00e7a la seva formaci\u00f3 a MusicActiva, i \u00e9s el seg\u00fcent:<\/li>\n<!-- \/wp:list-item --><!-- wp:list-item -->\n<li>\u00a0<\/li>\n<!-- \/wp:list-item --><!-- wp:list-item -->\n<li><strong>ACCIONS de SEGUIMENT PR\u00c8VIES a INICIAR la FORMACI\u00d3:\u00a0<\/strong><!-- wp:list -->\n<ul><!-- wp:list-item -->\n<li><strong>Prova de nivell i per la tria d\u2019instrument:<\/strong> a partir dels 6 anys TOTS els nous alumnes fan prova de nivell individual. Els objectius de la prova s\u00f3n:<!-- wp:list -->\n<ul><!-- wp:list-item -->\n<li>con\u00e8ixer les caracter\u00edstiques personals de l\u2019alumne<\/li>\n<!-- \/wp:list-item --><!-- wp:list-item -->\n<li>determinar el nivell de formaci\u00f3 musical que t\u00e9, independentment de que sigui l&#8217;efecte d\u2019una formaci\u00f3 acad\u00e8mica, formaci\u00f3 autodid\u00e0ctica o de la seva capacitat intu\u00eftiva.\u00a0<\/li>\n<!-- \/wp:list-item --><!-- wp:list-item -->\n<li>prova d\u2019instrument: observar i analitzar la relaci\u00f3 que estableix amb cada instrument, per poder triar l\u2019instrument que ha d\u2019aprendre a tocar.\u00a0<\/li>\n<!-- \/wp:list-item --><\/ul>\n<!-- \/wp:list --><\/li>\n<!-- \/wp:list-item --><!-- wp:list-item -->\n<li><strong>Pla de treball personalitzat per a cada alumne:<\/strong> a partir dels resultats de la prova els directors pedag\u00f3gics construeixen el pLA de TREBALL PERSONAL de cada alumne, on determinen les assignatures, les mat\u00e8ries i els nivells del Programa d\u2019Estudis que ha de cursar l\u2019alumne i on especifiquen les consignes que ha de seguir el professorat per impartir la formaci\u00f3.<\/li>\n<!-- \/wp:list-item --><!-- wp:list-item -->\n<li><strong>REUNI\u00d3 INFORMATIVA per a MARES i PARES d\u2019alumnes i per alumnes ADULTS:<\/strong> previament a la matriculaci\u00f3 i previament tamb\u00e9 a que l&#8217;alumne inic\u00efi les classes \u00e9s imprescindible que mares i pares d\u2019alumnes i tamb\u00e9 els alumnes adults, hagin realitzat el reuni\u00f3 informativa. A la reuni\u00f3 informativa expliquem mitjan\u00e7ant la realitzaci\u00f3 d\u2019exercicis i d\u2019una manera pr\u00e0ctica i molt entendora el funcionament de la metodologia i del programa d\u2019estudis. L&#8217;objectiu es que els alumnes adults i tamb\u00e9 les mares i pares dels infants i dels adolescents coneguin els continguts de la formaci\u00f3 \u201c&#8230;que aprenem?\u201d-, &#8230;com ho aprenem?\u201d i centrin l&#8217;atenci\u00f3 en els continguts de la formaci\u00f3. La reuni\u00f3 es la primera acci\u00f3 de comunicaci\u00f3, informaci\u00f3 i assesorament a mares i pares i tamb\u00e9 a alumnes adults que hem de poder realitzar per con\u00e8ixer el que estem fent i per establir la relaci\u00f3 de colaboraci\u00f3 i de confian\u00e7a que \u00e9s imprescindible per fer efectiva la formaci\u00f3.\u00a0<\/li>\n<!-- \/wp:list-item --><\/ul>\n<!-- \/wp:list --><\/li>\n<!-- \/wp:list-item --><\/ul>\n<!-- \/wp:list --><!-- wp:list {\"style\":{\"typography\":{\"fontSize\":\"14px\"}}} -->\n<ul style=\"font-size: 14px;\"><!-- wp:list-item -->\n<li><strong>ACCIONS de SEGUIMENT V\u00cdA PLATAFORMA MUSICACTIVA:<\/strong><!-- wp:list -->\n<ul><!-- wp:list-item -->\n<li><strong>Espai de l\u2019alumne a la Plataforma MusicActiva:\u00a0<\/strong><!-- wp:list -->\n<ul><!-- wp:list-item -->\n<li>cada alumne disposa d\u2019un espai personal i privat a la Plataforma MusicActiva al que pot accedir utilitzant la seva contrasenya.\u00a0<\/li>\n<!-- \/wp:list-item --><!-- wp:list-item -->\n<li>Les mares i pares dels infants i dels alumnes adolescents, podeu accedir a l\u2019espai de manera que podreu saber en tot moment que est\u00e0 treballant el vostre fill\/a tant a casa com si es el cas en forma de deures, les accions de seguiment que est\u00e0 realitzant i la valoraci\u00f3 que fem els directors pedag\u00f2gics de la seva evoluci\u00f3.\u00a0<\/li>\n<!-- \/wp:list-item --><\/ul>\n<!-- \/wp:list --><\/li>\n<!-- \/wp:list-item --><!-- wp:list-item -->\n<li><strong>Continguts de l\u2019espai de l\u2019alumne:<\/strong>\u00a0A l\u2019espai de l&#8217;alumne trobareu el Pla de Treball personal de l\u2019alumne amb la seg\u00fcent informaci\u00f3:<!-- wp:list -->\n<ul><!-- wp:list-item -->\n<li>PLA de TREBALL PERSONALITZAT: previssi\u00f3 dels nivells de mat\u00e8ria i les assignatures del Programa d\u2019Estudis que ha de cursar l\u2019alumne;<\/li>\n<!-- \/wp:list-item --><!-- wp:list-item -->\n<li>SEGUIMENT: accions de seguiment via plataforma que ha de realitzar al llarg del curs: enregistrament i enviament de audios i videos mitjan\u00e7ant la utilitzaci\u00f3 del material did\u00e0ctic que trobareu a la plataforma<\/li>\n<!-- \/wp:list-item --><!-- wp:list-item -->\n<li>MATERIAL DID\u00c0CTIC: materials did\u00e0ctics que necesita per realitzar la formaci\u00f3 i per realitzar les accions de seguiment: TUTORIALS MUSICACTIVA &#8211; GUIONS d&#8217;ESTUDI &#8211; INSTRUCCIONS<\/li>\n<!-- \/wp:list-item --><!-- wp:list-item -->\n<li>escenificacions en les que ha de participar al llarg del curs -audicions de fi de nivell \/ concerts d\u2019alumnes etc\u2026- amb la data prevista per realitzar l\u2019escenificaci\u00f3.<\/li>\n<!-- \/wp:list-item --><!-- wp:list-item -->\n<li>Material did\u00e0ctic necessari per realitzar les accions de seguiment via plataforma: GUIONS d\u2019ESTUDI, PARTITURES i TUTORIALS MUSICACTIVA en forma d\u2019AUDIO i de VIDEO<\/li>\n<!-- \/wp:list-item --><!-- wp:list-item -->\n<li>Material did\u00e0ctic que necessita per preparar les audicions i els concerts: GUIONS d\u2019ESTUDI\u00a0 i TUTORIALS MUSICACTIVA en forma d\u2019AUDIO i de VIDEO<\/li>\n<!-- \/wp:list-item --><!-- wp:list-item -->\n<li>Deures: material did\u00e0ctic i instruccions que necessita l\u2019alumne per poder treballar a\u00a0 casa en cas que ja estigui fent deures. <em>-veure: funci\u00f3 formativa dels deures \/ deures a cada nivell del programa-<\/em><\/li>\n<!-- \/wp:list-item --><\/ul>\n<!-- \/wp:list --><\/li>\n<!-- \/wp:list-item --><!-- wp:list-item -->\n<li><strong>Qui pot accedir a l\u2019Espai de l\u2019Alumne?<\/strong> A l\u2019espai hi pot accedir: l\u2019alumne \/ mares i pares d\u2019alumnes \/ professorat assignat per impartir les clases.<\/li>\n<!-- \/wp:list-item --><!-- wp:list-item -->\n<li><strong>Qui gestiona l\u2019espai? <\/strong>L\u2019espai est\u00e0 construit, actualizat i gestionat pels directors pedag\u00f2gics i tutors responsables de la formaci\u00f3 de TOTES i TOTS els alumnes de MusicActiva.<\/li>\n<!-- \/wp:list-item --><\/ul>\n<!-- \/wp:list --><\/li>\n<!-- \/wp:list-item --><\/ul>\n<!-- \/wp:list --><!-- wp:list {\"style\":{\"typography\":{\"fontSize\":\"14px\"}}} -->\n<ul style=\"font-size: 14px;\"><!-- wp:list-item -->\n<li><strong>ACCIONS de SEGUIMENT INTERN:<\/strong><!-- wp:list -->\n<ul><!-- wp:list-item -->\n<li><strong>seguiment classe per classe:<\/strong><!-- wp:list -->\n<ul><!-- wp:list-item -->\n<li>seguiment classes d\u2019instrument: dels nivells 1 al 4 utilitzaci\u00f3 del full de seguiment del llibre d\u2019instrument<\/li>\n<!-- \/wp:list-item --><!-- wp:list-item -->\n<li>seguiment classe per classe de llenguatge musical: \u201creixa\u201d del professor.<\/li>\n<!-- \/wp:list-item --><\/ul>\n<!-- \/wp:list --><\/li>\n<!-- \/wp:list-item --><!-- wp:list-item -->\n<li><strong>informes trimestrals interns: <\/strong>cada fi de trimestre les professores i professors elaboren l\u2019informe trimestral on especifiquen els nivells treballats i els nivells resolts per l\u2019alumne en cada mat\u00e8ria treballada. L\u2019informe es intern i serveix perque el professorat hagi d\u2019analitzar i avaluar els resultats formatius aconseguints, perque que els directors pedag\u00f3gics puguin saver la valoraci\u00f3 que fa el professorat, i perque quedi const\u00e0cnica per escrit de la feina realitzada.\u00a0<\/li>\n<!-- \/wp:list-item --><!-- wp:list-item -->\n<li><strong>ALERTES: <\/strong>sistema d&#8217;alertes entre professorat i direcci\u00f3 pedag\u00f2gica. a partir de l\u2019Alerta i sempre que sigui necessari, els directors pedag\u00f2gics es posen en contacte amb mares i pares. Sistema equivalent per alumnes adults.\u00a0<\/li>\n<!-- \/wp:list-item --><\/ul>\n<!-- \/wp:list --><\/li>\n<!-- \/wp:list-item --><\/ul>\n<!-- \/wp:list --><!-- wp:list {\"style\":{\"typography\":{\"fontSize\":\"14px\"}}} -->\n<ul style=\"font-size: 14px;\"><!-- wp:list-item -->\n<li><strong>ESCENIFICACIONS -seguiment en forma d\u2019escenificacions: audicions, concerts<\/strong> i <strong>\u201ctrobades\u201d de conte musical,<\/strong><!-- wp:list -->\n<ul><!-- wp:list-item -->\n<li><strong>funci\u00f3 de les escenificacions:\u00a0<\/strong><!-- wp:list -->\n<ul><!-- wp:list-item -->\n<li>experi\u00e8ncia esc\u00e8nica<\/li>\n<!-- \/wp:list-item --><!-- wp:list-item -->\n<li>participacio de mares i pares en el proces formatiu<\/li>\n<!-- \/wp:list-item --><!-- wp:list-item -->\n<li>seguiment de l\u2019evoluci\u00f3 formativa de l&#8217;alumne: comprovaci\u00f3 en escena de la valoraci\u00f3 que hem fet a traves de les accions de seguiment intern i del seguiment via plataforma.<\/li>\n<!-- \/wp:list-item --><\/ul>\n<!-- \/wp:list --><\/li>\n<!-- \/wp:list-item --><!-- wp:list-item -->\n<li><strong>escenificacions:\u00a0<\/strong><!-- wp:list -->\n<ul><!-- wp:list-item -->\n<li>TROBADES MUSICACTIVA de CONTE MUSICAL -P3-P4-P5-<\/li>\n<!-- \/wp:list-item --><!-- wp:list-item -->\n<li>TROBADES MUSICACTIVA de LLENGUATGE MUSICAL nivell 1 i 2.<\/li>\n<!-- \/wp:list-item --><!-- wp:list-item -->\n<li>AUDICIONS FI DE CURS d\u2019INSTRUMENT: nivells 1-2-3-4 d\u2019instrument<\/li>\n<!-- \/wp:list-item --><!-- wp:list-item -->\n<li>CONCERTS D\u2019ALUMNES: a partir del nivell 5 d\u2019instrument<\/li>\n<!-- \/wp:list-item --><!-- wp:list-item -->\n<li>PROJECTES TALLER DE COMPOSICI\u00d3: presentaci\u00f3 de composicions<\/li>\n<!-- \/wp:list-item --><\/ul>\n<!-- \/wp:list --><\/li>\n<!-- \/wp:list-item --><\/ul>\n<!-- \/wp:list --><\/li>\n<!-- \/wp:list-item --><\/ul>\n<!-- \/wp:list --><!-- wp:gutentor\/e2 {\"gID\":\"g95919d\",\"pName\":\"gutentor\/e2\",\"e2Align\":{\"desktop\":\"button-align-center\",\"tablet\":\"button-align-center\",\"mobile\":\"button-align-center\"},\"e2IconTypography\":{\"fontType\":\"default\",\"desktopFontSize\":\"30px\",\"tabletFontSize\":16,\"mobileFontSize\":16,\"textTransform\":\"normal\"},\"e2Link\":\"http:\/\/musicactiva.net\/escolademusica\/esquema-general\/\",\"e2Layout\":\"outline\",\"e2BgColor\":{\"enable\":true,\"normal\":\"\",\"hover\":\"\"},\"e2TxtColor\":{\"enable\":true,\"normal\":\"#cf2e2e\",\"hover\":\"#163b10\"},\"e2Border\":{\"styleN\":\"outset\",\"styleH\":\"solid\",\"topN\":\"2\",\"topH\":\"2\",\"rightN\":\"2\",\"rightH\":\"2\",\"bottomN\":\"2\",\"bottomH\":\"2\",\"leftN\":\"2\",\"leftH\":\"2\",\"colorN\":\"#cf2e2e\",\"colorH\":\"#154533\",\"rTypeN\":\"px\",\"rTypeH\":\"px\",\"rTopN\":\"3\",\"rTopH\":\"3\",\"rRightN\":\"4\",\"rRightH\":\"3\",\"rBottomN\":\"4\",\"rBottomH\":\"3\",\"rLeftN\":\"3\",\"rLeftH\":\"3\"},\"e2BoxShadow\":{},\"eAnimation\":{},\"align\":\"wide\"} -->\n<div id=\"section-g95919d\" class=\"wp-block-gutentor-e2 alignwide section-g95919d gutentor-element gutentor-element-button button-align-center-desktop button-align-center-tablet button-align-center-mobile\"><span class=\"gutentor-button-wrap\"><a class=\"gutentor-button gutentor-block-button gutentor-icon-hide\" href=\"http:\/\/musicactiva.net\/escolademusica\/esquema-general\/\"><i class=\"gutentor-button-icon fas fa-book\"><\/i><strong><strong>ESCENIFICACIONS<\/strong><\/strong><br \/>audicions-concerts-trobades Musicactiva<\/a><\/span><\/div>\n<!-- \/wp:gutentor\/e2 --><!-- wp:gutentor\/e2 {\"gID\":\"g4f59f1\",\"pName\":\"gutentor\/e2\",\"e2Align\":{\"desktop\":\"button-align-center\",\"tablet\":\"button-align-center\",\"mobile\":\"button-align-center\"},\"e2IconTypography\":{\"fontType\":\"default\",\"desktopFontSize\":\"30px\",\"tabletFontSize\":16,\"mobileFontSize\":16,\"textTransform\":\"normal\"},\"e2Link\":\"http:\/\/musicactiva.net\/escolademusica\/esquema-general\/\",\"e2Layout\":\"outline\",\"e2BgColor\":{\"enable\":true,\"normal\":\"\",\"hover\":\"\"},\"e2TxtColor\":{\"enable\":true,\"normal\":\"#cf2e2e\",\"hover\":\"#163b10\"},\"e2Border\":{\"styleN\":\"outset\",\"styleH\":\"solid\",\"topN\":\"2\",\"topH\":\"2\",\"rightN\":\"2\",\"rightH\":\"2\",\"bottomN\":\"2\",\"bottomH\":\"2\",\"leftN\":\"2\",\"leftH\":\"2\",\"colorN\":\"#cf2e2e\",\"colorH\":\"#154533\",\"rTypeN\":\"px\",\"rTypeH\":\"px\",\"rTopN\":\"3\",\"rTopH\":\"3\",\"rRightN\":\"4\",\"rRightH\":\"3\",\"rBottomN\":\"4\",\"rBottomH\":\"3\",\"rLeftN\":\"3\",\"rLeftH\":\"3\"},\"e2BoxShadow\":{},\"eAnimation\":{},\"align\":\"wide\"} -->\n<div id=\"section-g4f59f1\" class=\"wp-block-gutentor-e2 alignwide section-g4f59f1 gutentor-element gutentor-element-button button-align-center-desktop button-align-center-tablet button-align-center-mobile\"><span class=\"gutentor-button-wrap\"><a class=\"gutentor-button gutentor-block-button gutentor-icon-hide\" href=\"http:\/\/musicactiva.net\/escolademusica\/esquema-general\/\"><i class=\"gutentor-button-icon fas fa-book\"><\/i><strong><strong>SEGUIMENT VIA PLATAFORMA<\/strong><\/strong><\/a><\/span><\/div>\n<!-- \/wp:gutentor\/e2 --><!-- wp:gutentor\/e0 {\"gID\":\"g8e13cb\"} -->\n<div id=\"section-g8e13cb\" class=\"wp-block-gutentor-e0 section-g8e13cb gutentor-element gutentor-element-advanced-text\">\n<div class=\"gutentor-text-wrap\">\n<p class=\"gutentor-text\">Texto sencillo de Gutentor<\/p>\n<\/div>\n<\/div>\n<!-- \/wp:gutentor\/e0 -->\t\t\t\t\t\t<\/div>\n\t\t\t\t<\/div>\n\t\t\t\t\t<\/div>\n\t\t<\/div>\n\t\t\t\t\t\t\t<\/div>\n\t\t<\/section>\n\t\t\t\t\t\t\t<\/div>\n\t\t","protected":false},"excerpt":{"rendered":"<p>PLA d&#8217;ESTUDIS PERSONALITZAT TUTORIA a C\u00c0RREC de DIRECCI\u00d3 PEDAG\u00d2GICA: \u00a0 A MusicActiva, les directores pedag\u00f2giques i dissenyadores del programa d&#8217;estudis i de la metodologia -Miriam Darriba, Isabel Darriba i Abel Castell\u00f3-, actuen com a TUTORS i es fan c\u00e0rrec personalment de la formaci\u00f3 de cada un i de cada una dels alumnes de Musicactiva, determinant&hellip;<\/p>\n","protected":false},"author":1,"featured_media":0,"parent":0,"menu_order":0,"comment_status":"closed","ping_status":"closed","template":"","meta":{"footnotes":""},"class_list":["post-1120","page","type-page","status-publish","hentry"],"_links":{"self":[{"href":"https:\/\/musicactiva.net\/escolademusica\/wp-json\/wp\/v2\/pages\/1120","targetHints":{"allow":["GET"]}}],"collection":[{"href":"https:\/\/musicactiva.net\/escolademusica\/wp-json\/wp\/v2\/pages"}],"about":[{"href":"https:\/\/musicactiva.net\/escolademusica\/wp-json\/wp\/v2\/types\/page"}],"author":[{"embeddable":true,"href":"https:\/\/musicactiva.net\/escolademusica\/wp-json\/wp\/v2\/users\/1"}],"replies":[{"embeddable":true,"href":"https:\/\/musicactiva.net\/escolademusica\/wp-json\/wp\/v2\/comments?post=1120"}],"version-history":[{"count":25,"href":"https:\/\/musicactiva.net\/escolademusica\/wp-json\/wp\/v2\/pages\/1120\/revisions"}],"predecessor-version":[{"id":2184,"href":"https:\/\/musicactiva.net\/escolademusica\/wp-json\/wp\/v2\/pages\/1120\/revisions\/2184"}],"wp:attachment":[{"href":"https:\/\/musicactiva.net\/escolademusica\/wp-json\/wp\/v2\/media?parent=1120"}],"curies":[{"name":"wp","href":"https:\/\/api.w.org\/{rel}","templated":true}]}}