{"id":2824,"date":"2023-09-11T15:01:57","date_gmt":"2023-09-11T15:01:57","guid":{"rendered":"https:\/\/musicactiva.net\/escolademusica\/?page_id=2824"},"modified":"2023-10-11T19:17:07","modified_gmt":"2023-10-11T19:17:07","slug":"audicions-i-concerts-dalumnes","status":"publish","type":"page","link":"https:\/\/musicactiva.net\/escolademusica\/audicions-i-concerts-dalumnes\/","title":{"rendered":"AUDICIONS i CONCERTS d&#8217;ALUMNES"},"content":{"rendered":"\t\t<div data-elementor-type=\"wp-page\" data-elementor-id=\"2824\" class=\"elementor elementor-2824\">\n\t\t\t\t\t\t\t\t\t<section class=\"elementor-section elementor-top-section elementor-element elementor-element-f264340 elementor-section-boxed elementor-section-height-default elementor-section-height-default\" data-id=\"f264340\" data-element_type=\"section\">\n\t\t\t\t\t\t<div class=\"elementor-container elementor-column-gap-default\">\n\t\t\t\t\t<div class=\"elementor-column elementor-col-100 elementor-top-column elementor-element elementor-element-05c8f6e\" data-id=\"05c8f6e\" data-element_type=\"column\">\n\t\t\t<div class=\"elementor-widget-wrap elementor-element-populated\">\n\t\t\t\t\t\t\t\t<div class=\"elementor-element elementor-element-6a8c3f3 elementor-widget elementor-widget-text-editor\" data-id=\"6a8c3f3\" data-element_type=\"widget\" data-widget_type=\"text-editor.default\">\n\t\t\t\t<div class=\"elementor-widget-container\">\n\t\t\t<style>\/*! elementor - v3.7.8 - 02-10-2022 *\/\n.elementor-widget-text-editor.elementor-drop-cap-view-stacked .elementor-drop-cap{background-color:#818a91;color:#fff}.elementor-widget-text-editor.elementor-drop-cap-view-framed .elementor-drop-cap{color:#818a91;border:3px solid;background-color:transparent}.elementor-widget-text-editor:not(.elementor-drop-cap-view-default) .elementor-drop-cap{margin-top:8px}.elementor-widget-text-editor:not(.elementor-drop-cap-view-default) .elementor-drop-cap-letter{width:1em;height:1em}.elementor-widget-text-editor .elementor-drop-cap{float:left;text-align:center;line-height:1;font-size:50px}.elementor-widget-text-editor .elementor-drop-cap-letter{display:inline-block}<\/style>\t\t\t\t<p><strong>AUDICIONS i CONCERTS d&#8217;ALUMNES<\/strong><\/p>\t\t\t\t\t\t<\/div>\n\t\t\t\t<\/div>\n\t\t\t\t\t<\/div>\n\t\t<\/div>\n\t\t\t\t\t\t\t<\/div>\n\t\t<\/section>\n\t\t\t\t<section class=\"elementor-section elementor-top-section elementor-element elementor-element-058680d elementor-section-boxed elementor-section-height-default elementor-section-height-default\" data-id=\"058680d\" data-element_type=\"section\">\n\t\t\t\t\t\t<div class=\"elementor-container elementor-column-gap-default\">\n\t\t\t\t\t<div class=\"elementor-column elementor-col-100 elementor-top-column elementor-element elementor-element-f0e702a\" data-id=\"f0e702a\" data-element_type=\"column\">\n\t\t\t<div class=\"elementor-widget-wrap elementor-element-populated\">\n\t\t\t\t\t\t\t\t<div class=\"elementor-element elementor-element-df8afc4 elementor-widget elementor-widget-text-editor\" data-id=\"df8afc4\" data-element_type=\"widget\" data-widget_type=\"text-editor.default\">\n\t\t\t\t<div class=\"elementor-widget-container\">\n\t\t\t\t\t\t\t<p><b>ESCENIFICACIONS -seguiment en forma d\u2019escenificacions: \u201ctrobades\u201d de conte musical, audicions i concerts.<\/b><\/p>\n<ul>\n<li aria-level=\"2\"><b>funci\u00f3 de les escenificacions:&nbsp;<\/b><\/li>\n<\/ul>\n<ul>\n<li style=\"list-style-type: none;\">\n<ul>\n<li style=\"font-weight: 400;\" aria-level=\"3\"><span style=\"font-weight: 400;\">experi\u00e8ncia esc\u00e8nica<\/span><\/li>\n<li style=\"font-weight: 400;\" aria-level=\"3\"><span style=\"font-weight: 400;\">participaci\u00f3 de mares i pares en el proc\u00e9s formatiu<\/span><\/li>\n<li style=\"font-weight: 400;\" aria-level=\"3\"><span style=\"font-weight: 400;\">seguiment de l\u2019evoluci\u00f3 formativa de l&#8217;alumnat: comprovaci\u00f3 en escena de la valoraci\u00f3 que hem fet a trav\u00e9s de les accions de seguiment intern i del seguiment via plataforma.<\/span><\/li>\n<\/ul>\n<\/li>\n<\/ul>\n<ul>\n<li aria-level=\"2\"><b>escenificacions:&nbsp;<\/b><\/li>\n<\/ul>\n<ul>\n<li style=\"list-style-type: none;\">\n<ul>\n<li style=\"font-weight: 400;\" aria-level=\"7\"><span style=\"font-weight: 400;\">TROBADES MUSICACTIVA de CONTE MUSICAL -P3-P4-P5-<\/span><\/li>\n<li style=\"font-weight: 400;\" aria-level=\"7\"><span style=\"font-weight: 400;\">TROBADES MUSICACTIVA de LLENGUATGE MUSICAL nivell 1 i 2.<\/span><\/li>\n<li style=\"font-weight: 400;\" aria-level=\"7\"><span style=\"font-weight: 400;\">AUDICIONS FI DE CURS d\u2019INSTRUMENT: nivells 1-2-3-4 d\u2019instrument<\/span><\/li>\n<li style=\"font-weight: 400;\" aria-level=\"7\"><span style=\"font-weight: 400;\">CONCERTS D\u2019<\/span><span style=\"font-weight: 400;\">ALUMNES: a partir del nivell 5 d\u2019instrument<\/span><\/li>\n<li style=\"font-weight: 400;\" aria-level=\"7\"><span style=\"font-weight: 400;\">PROJECTES TALLER DE COMPOSICI\u00d3: presentaci\u00f3 de composicions<\/span><\/li>\n<\/ul>\n<\/li>\n<\/ul>\t\t\t\t\t\t<\/div>\n\t\t\t\t<\/div>\n\t\t\t\t\t<\/div>\n\t\t<\/div>\n\t\t\t\t\t\t\t<\/div>\n\t\t<\/section>\n\t\t\t\t\t\t\t<\/div>\n\t\t","protected":false},"excerpt":{"rendered":"<p>AUDICIONS i CONCERTS d&#8217;ALUMNES ESCENIFICACIONS -seguiment en forma d\u2019escenificacions: \u201ctrobades\u201d de conte musical, audicions i concerts. funci\u00f3 de les escenificacions:&nbsp; experi\u00e8ncia esc\u00e8nica participaci\u00f3 de mares i pares en el proc\u00e9s formatiu seguiment de l\u2019evoluci\u00f3 formativa de l&#8217;alumnat: comprovaci\u00f3 en escena de la valoraci\u00f3 que hem fet a trav\u00e9s de les accions de seguiment intern i&hellip;<\/p>\n","protected":false},"author":1,"featured_media":0,"parent":0,"menu_order":0,"comment_status":"closed","ping_status":"closed","template":"","meta":{"footnotes":""},"class_list":["post-2824","page","type-page","status-publish","hentry"],"_links":{"self":[{"href":"https:\/\/musicactiva.net\/escolademusica\/wp-json\/wp\/v2\/pages\/2824","targetHints":{"allow":["GET"]}}],"collection":[{"href":"https:\/\/musicactiva.net\/escolademusica\/wp-json\/wp\/v2\/pages"}],"about":[{"href":"https:\/\/musicactiva.net\/escolademusica\/wp-json\/wp\/v2\/types\/page"}],"author":[{"embeddable":true,"href":"https:\/\/musicactiva.net\/escolademusica\/wp-json\/wp\/v2\/users\/1"}],"replies":[{"embeddable":true,"href":"https:\/\/musicactiva.net\/escolademusica\/wp-json\/wp\/v2\/comments?post=2824"}],"version-history":[{"count":28,"href":"https:\/\/musicactiva.net\/escolademusica\/wp-json\/wp\/v2\/pages\/2824\/revisions"}],"predecessor-version":[{"id":4545,"href":"https:\/\/musicactiva.net\/escolademusica\/wp-json\/wp\/v2\/pages\/2824\/revisions\/4545"}],"wp:attachment":[{"href":"https:\/\/musicactiva.net\/escolademusica\/wp-json\/wp\/v2\/media?parent=2824"}],"curies":[{"name":"wp","href":"https:\/\/api.w.org\/{rel}","templated":true}]}}

<div data-elementor-type="wp-page" data-elementor-id="2824" class="elementor elementor-2824">
									<section class="elementor-section elementor-top-section elementor-element elementor-element-f264340 elementor-section-boxed elementor-section-height-default elementor-section-height-default" data-id="f264340" data-element_type="section">
						<div class="elementor-container elementor-column-gap-default">
					<div class="elementor-column elementor-col-100 elementor-top-column elementor-element elementor-element-05c8f6e" data-id="05c8f6e" data-element_type="column">
			<div class="elementor-widget-wrap elementor-element-populated">
								<div class="elementor-element elementor-element-6a8c3f3 elementor-widget elementor-widget-text-editor" data-id="6a8c3f3" data-element_type="widget" data-widget_type="text-editor.default">
				<div class="elementor-widget-container">
			<style>/*! elementor - v3.7.8 - 02-10-2022 */
.elementor-widget-text-editor.elementor-drop-cap-view-stacked .elementor-drop-cap{background-color:#818a91;color:#fff}.elementor-widget-text-editor.elementor-drop-cap-view-framed .elementor-drop-cap{color:#818a91;border:3px solid;background-color:transparent}.elementor-widget-text-editor:not(.elementor-drop-cap-view-default) .elementor-drop-cap{margin-top:8px}.elementor-widget-text-editor:not(.elementor-drop-cap-view-default) .elementor-drop-cap-letter{width:1em;height:1em}.elementor-widget-text-editor .elementor-drop-cap{float:left;text-align:center;line-height:1;font-size:50px}.elementor-widget-text-editor .elementor-drop-cap-letter{display:inline-block}</style>				<p><strong>AUDICIONS i CONCERTS d&#8217;ALUMNES</strong></p>						</div>
				</div>
					</div>
		</div>
							</div>
		</section>
				<section class="elementor-section elementor-top-section elementor-element elementor-element-058680d elementor-section-boxed elementor-section-height-default elementor-section-height-default" data-id="058680d" data-element_type="section">
						<div class="elementor-container elementor-column-gap-default">
					<div class="elementor-column elementor-col-100 elementor-top-column elementor-element elementor-element-f0e702a" data-id="f0e702a" data-element_type="column">
			<div class="elementor-widget-wrap elementor-element-populated">
								<div class="elementor-element elementor-element-df8afc4 elementor-widget elementor-widget-text-editor" data-id="df8afc4" data-element_type="widget" data-widget_type="text-editor.default">
				<div class="elementor-widget-container">
							<p><b>ESCENIFICACIONS -seguiment en forma d’escenificacions: “trobades” de conte musical, audicions i concerts.</b></p>
<ul>
<li aria-level="2"><b>funció de les escenificacions:&nbsp;</b></li>
</ul>
<ul>
<li style="list-style-type: none;">
<ul>
<li style="font-weight: 400;" aria-level="3"><span style="font-weight: 400;">experiència escènica</span></li>
<li style="font-weight: 400;" aria-level="3"><span style="font-weight: 400;">participació de mares i pares en el procés formatiu</span></li>
<li style="font-weight: 400;" aria-level="3"><span style="font-weight: 400;">seguiment de l’evolució formativa de l&#8217;alumnat: comprovació en escena de la valoració que hem fet a través de les accions de seguiment intern i del seguiment via plataforma.</span></li>
</ul>
</li>
</ul>
<ul>
<li aria-level="2"><b>escenificacions:&nbsp;</b></li>
</ul>
<ul>
<li style="list-style-type: none;">
<ul>
<li style="font-weight: 400;" aria-level="7"><span style="font-weight: 400;">TROBADES MUSICACTIVA de CONTE MUSICAL -P3-P4-P5-</span></li>
<li style="font-weight: 400;" aria-level="7"><span style="font-weight: 400;">TROBADES MUSICACTIVA de LLENGUATGE MUSICAL nivell 1 i 2.</span></li>
<li style="font-weight: 400;" aria-level="7"><span style="font-weight: 400;">AUDICIONS FI DE CURS d’INSTRUMENT: nivells 1-2-3-4 d’instrument</span></li>
<li style="font-weight: 400;" aria-level="7"><span style="font-weight: 400;">CONCERTS D’</span><span style="font-weight: 400;">ALUMNES: a partir del nivell 5 d’instrument</span></li>
<li style="font-weight: 400;" aria-level="7"><span style="font-weight: 400;">PROJECTES TALLER DE COMPOSICIÓ: presentació de composicions</span></li>
</ul>
</li>
</ul>						</div>
				</div>
					</div>
		</div>
							</div>
		</section>
							</div>

<p>AUDICIONS i CONCERTS d&#8217;ALUMNES ESCENIFICACIONS -seguiment en forma d’escenificacions: “trobades” de conte musical, audicions i concerts. funció de les escenificacions:&nbsp; experiència escènica participació de mares i pares en el procés formatiu seguiment de l’evolució formativa de l&#8217;alumnat: comprovació en escena de la valoració que hem fet a través de les accions de seguiment intern i&hellip;</p>
